{"id":1863,"date":"2022-02-28T16:02:58","date_gmt":"2022-02-28T15:02:58","guid":{"rendered":"https:\/\/www.museoglaucolombardi.it\/?post_type=product&#038;p=1863"},"modified":"2024-02-07T13:54:16","modified_gmt":"2024-02-07T12:54:16","slug":"fuori-collana-il-tempo-di-luigi-beccarelli-signore-degli-orologi","status":"publish","type":"product","link":"https:\/\/www.museoglaucolombardi.it\/en\/pubblicazioni\/fuori-collana-il-tempo-di-luigi-beccarelli-signore-degli-orologi\/","title":{"rendered":"Fuori collana: &#8220;Il tempo di Luigi Beccarelli, signore degli orologi&#8221; &#8211; ESAURITO"},"content":{"rendered":"<p><strong>A cura di Francesca Sandrini<\/strong><br \/>\n<strong>Saggi di Francesca Anedda, Anna Mavilla, Sonia Moroni e Francesca Sandrini, pp. 212, 31 cm., ill.<\/strong><br \/>\n<strong>Grafiche STEP; Parma, 2018.<\/p>\n<p><\/strong><\/p>\n<p>Il volume, catalogo della mostra omonima (21 aprile-2 settembre 2018) in cui sono stati presentati circa 250 pezzi tra orologi, documenti, ritratti e oggetti privati inediti, indaga il percorso biografico e professionale dell\u2019<strong>orologiaio Luigi Beccarelli\u00a0<\/strong>(Borgotaro 1837-Vignale di Traversetolo 1908), alla cui acribia e perizia si deve la nascita a Parma della<strong>\u00a0prima fabbrica d\u2019orologeria in Italia<\/strong>, presso la tenuta che da quel momento fu significativamente ribattezzata\u00a0<strong>Cronovilla<\/strong>.<\/p>\n<p>Nel catalogo si approfondiscono le svariate tipologie di orologi usciti da Cronovilla (<strong>orologi da persona, da parete, pendolette e pendole da viaggio, parigine, fino ai pi\u00f9 rari orologi\u00a0<em>tournant<\/em><\/strong>)\u00a0fino a seguire le sorti dell\u2019azienda dopo la morte di Luigi (1908) e la presa in carico da parte dei parenti Giovanni e Ottavio Ferrari; pur senza il geniale slancio iniziale del suo fondatore, ancora per decenni continu\u00f2 dunque il sogno di Beccarelli, signore degli orologi, che riusc\u00ec, contando unicamente sulla propria intraprendenza e sulle proprie capacit\u00e0, ad allineare Parma e l\u2019Italia, una nazione sino ad allora del tutto dipendente dall\u2019estero in questo settore, alla pi\u00f9 avanzata produzione europea.<\/p>\n<table cellspacing=\"0\" cellpadding=\"4\" align=\"right\">\n<tbody>\n<tr>\n<td class=\"testo\"><\/td>\n<\/tr>\n<tr>\n<td><\/td>\n<\/tr>\n<\/tbody>\n<\/table>\n<p>\u20ac 12,00 (eventuali spese di spedizione postale: \u20ac 5,00)<\/p>\n","protected":false},"excerpt":{"rendered":"<p>A cura di Francesca Sandrini Saggi di Francesca Anedda, Anna  [&#8230;]<\/p>\n","protected":false},"featured_media":1864,"template":"","meta":[],"product_brand":[],"product_cat":[3467],"product_tag":[],"class_list":{"0":"post-1863","1":"product","2":"type-product","3":"status-publish","4":"has-post-thumbnail","6":"product_cat-fuori-collana","8":"first","9":"instock","10":"shipping-taxable","11":"purchasable","12":"product-type-simple"},"publishpress_future_workflow_manual_trigger":{"enabledWorkflows":[]},"_links":{"self":[{"href":"https:\/\/www.museoglaucolombardi.it\/en\/wp-json\/wp\/v2\/product\/1863","targetHints":{"allow":["GET"]}}],"collection":[{"href":"https:\/\/www.museoglaucolombardi.it\/en\/wp-json\/wp\/v2\/product"}],"about":[{"href":"https:\/\/www.museoglaucolombardi.it\/en\/wp-json\/wp\/v2\/types\/product"}],"wp:featuredmedia":[{"embeddable":true,"href":"https:\/\/www.museoglaucolombardi.it\/en\/wp-json\/wp\/v2\/media\/1864"}],"wp:attachment":[{"href":"https:\/\/www.museoglaucolombardi.it\/en\/wp-json\/wp\/v2\/media?parent=1863"}],"wp:term":[{"taxonomy":"product_brand","embeddable":true,"href":"https:\/\/www.museoglaucolombardi.it\/en\/wp-json\/wp\/v2\/product_brand?post=1863"},{"taxonomy":"product_cat","embeddable":true,"href":"https:\/\/www.museoglaucolombardi.it\/en\/wp-json\/wp\/v2\/product_cat?post=1863"},{"taxonomy":"product_tag","embeddable":true,"href":"https:\/\/www.museoglaucolombardi.it\/en\/wp-json\/wp\/v2\/product_tag?post=1863"}],"curies":[{"name":"wp","href":"https:\/\/api.w.org\/{rel}","templated":true}]}}

<p><strong>A cura di Francesca Sandrini</strong><br />
<strong>Saggi di Francesca Anedda, Anna Mavilla, Sonia Moroni e Francesca Sandrini, pp. 212, 31 cm., ill.</strong><br />
<strong>Grafiche STEP; Parma, 2018.</p>
<p></strong></p>
<p>Il volume, catalogo della mostra omonima (21 aprile-2 settembre 2018) in cui sono stati presentati circa 250 pezzi tra orologi, documenti, ritratti e oggetti privati inediti, indaga il percorso biografico e professionale dell’<strong>orologiaio Luigi Beccarelli </strong>(Borgotaro 1837-Vignale di Traversetolo 1908), alla cui acribia e perizia si deve la nascita a Parma della<strong> prima fabbrica d’orologeria in Italia</strong>, presso la tenuta che da quel momento fu significativamente ribattezzata <strong>Cronovilla</strong>.</p>
<p>Nel catalogo si approfondiscono le svariate tipologie di orologi usciti da Cronovilla (<strong>orologi da persona, da parete, pendolette e pendole da viaggio, parigine, fino ai più rari orologi <em>tournant</em></strong>) fino a seguire le sorti dell’azienda dopo la morte di Luigi (1908) e la presa in carico da parte dei parenti Giovanni e Ottavio Ferrari; pur senza il geniale slancio iniziale del suo fondatore, ancora per decenni continuò dunque il sogno di Beccarelli, signore degli orologi, che riuscì, contando unicamente sulla propria intraprendenza e sulle proprie capacità, ad allineare Parma e l’Italia, una nazione sino ad allora del tutto dipendente dall’estero in questo settore, alla più avanzata produzione europea.</p>
<table cellspacing="0" cellpadding="4" align="right">
<tbody>
<tr>
<td class="testo"></td>
</tr>
<tr>
<td></td>
</tr>
</tbody>
</table>
<p>€ 12,00 (eventuali spese di spedizione postale: € 5,00)</p>
