{"id":66280,"date":"2017-05-30T10:42:00","date_gmt":"2017-05-30T08:42:00","guid":{"rendered":"https:\/\/www.museoglaucolombardi.it\/opera\/66280\/"},"modified":"2025-02-07T11:28:49","modified_gmt":"2025-02-07T10:28:49","slug":"66280","status":"publish","type":"opera","link":"https:\/\/www.museoglaucolombardi.it\/en\/opera\/66280\/","title":{"rendered":"Medaglia assegnata a Paolo Toschi"},"author":3,"featured_media":66282,"template":"","epoca":[],"materiale":[2618],"tecnica":[],"tipo":[3259],"class_list":["post-66280","opera","type-opera","status-publish","has-post-thumbnail","hentry","materiale-argento","tipo-numismatica"],"publishpress_future_workflow_manual_trigger":{"enabledWorkflows":[]},"bibliografia":"SANDRINI (a cura di), \"Paolo Toschi (1788-1854) incisore d'Europa\", Parma 2004, pp. 45-93: p. 46.\r\nF. SANDRINI (a cura di), \"Albertina, la figlia di Maria Luigia d'Asburgo. Vita, pensieri, segreti\", Parma, Grafiche STEP 2017, p. 199 [ill.].\r\nF. SANDRINI, \"Le medaglie del Museo Glauco Lombardi: presenze e assenze in una collezione in divenire\", in \"Notiziario del portale numismatico dello Stato\" n. 12 - 2018 (atti dell'incontro di studio \"Medaglieri italiani: sistema museale e identit\u00e0 nazionale...\" dell'11 maggio 2018), pp. 48-57: p. 55.","denominazione":"Medaglia assegnata a Paolo Toschi","nuovo_inventario":"2822","osservazioni":"La donazione si somma alle numerose Spaggiari del 2014 (inv. 2769), 2015 (invv. 2773-2774), 2018 (inv. 2563), 2020 (inv. 2855) e 2021 (2894-2900).\r\nLa medaglia \u00e8 realizzata da Andrieu su disegno di Dominique Vivant-Denon (1747-1825), come si pu\u00f2 dedurre dall'attribuzione, pur incompleta, sul recto; la collaborazione tra i due artisti \u00e8 del resto ampiamente documentata. Si tratta di un pezzo unico: Paolo Toschi la vinse durante il suo apprendistato a Parigi, quando ancora si trovava a decidere se specializzarsi nell'arte incisoria o dedicarsi alla pittura. A questo secondo ambito fa riferimento l'onorificenza guadagnata dal giovane artista, che all'epoca aveva 22 anni: Glauco Lombardi, che aveva visionato la medaglia presso gli eredi Toschi, la metteva in relazione con il nudo con lancia, che risente ancora degli insegnamenti di Biagio Martini, riprodotto nell'incisione del Museo sulla quale Lombardi aveva segnato a matita \"Grand Prix de Corot\" (inv. 1468).","serie_tiratura":"","chiavi":"","collocazione":"Sala Paolo Toschi","descrizione":"Sul dritto della medaglia, sul quale si staglia il profilo laureato di Napoleone voltato verso destra, si legge \"NAPOLEON\/ EMP. ET ROI.\/\/\"; sul rilievo del collo del sovrano compare l'attribuzione di responsabilit\u00e0 \"ANDRIEU F.\", mentre appena sotto vi si legge \"DENO[N] D\".\r\nSul rovescio \u00e8 incisa l'iscrizione, posta entro due serti di alloro, \"3me\/ Medaille\/ remport\u00e9e par\/ P. Toschi\/ en Septembre\/ 1810\/\/\".","provenienza":"Eredi Godi-Toschi; mercato antiquario","acquisizione":"Donazione Andrea Spaggiari (maggio 2017)","compilatore_scheda":"","filegrani":"","stato_conservazione":"Molto buono","datazione":"1810","editore":"","esposizione":"","autori":[{"nato":"Bordeaux, 1761","morto":"Parigi, 1822","opere":false,"ID":67453,"post_title":"Jean-Bertrand Andrieu","post_content":"","post_excerpt":"","post_author":"2","post_date":"2022-10-20 17:11:59","post_date_gmt":"2022-10-20 15:11:59","post_status":"publish","comment_status":"closed","ping_status":"closed","post_password":"","post_name":"67453","to_ping":"","pinged":"","post_modified":"2024-05-03 13:09:54","post_modified_gmt":"2024-05-03 11:09:54","post_content_filtered":"","post_parent":0,"guid":"https:\/\/www.museoglaucolombardi.it\/?autore=67453","menu_order":0,"post_type":"autore","post_mime_type":"","comment_count":"0","comments":false,"id":67453}],"dediche":"","valore":"","misure":"Diametro cm 4,1","peso":"gr 34","valore_assicurativo":"","vecchio_inventario":"","_links":{"self":[{"href":"https:\/\/www.museoglaucolombardi.it\/en\/wp-json\/wp\/v2\/opera\/66280","targetHints":{"allow":["GET"]}}],"collection":[{"href":"https:\/\/www.museoglaucolombardi.it\/en\/wp-json\/wp\/v2\/opera"}],"about":[{"href":"https:\/\/www.museoglaucolombardi.it\/en\/wp-json\/wp\/v2\/types\/opera"}],"author":[{"embeddable":true,"href":"https:\/\/www.museoglaucolombardi.it\/en\/wp-json\/wp\/v2\/users\/3"}],"version-history":[{"count":7,"href":"https:\/\/www.museoglaucolombardi.it\/en\/wp-json\/wp\/v2\/opera\/66280\/revisions"}],"predecessor-version":[{"id":103723,"href":"https:\/\/www.museoglaucolombardi.it\/en\/wp-json\/wp\/v2\/opera\/66280\/revisions\/103723"}],"wp:featuredmedia":[{"embeddable":true,"href":"https:\/\/www.museoglaucolombardi.it\/en\/wp-json\/wp\/v2\/media\/66282"}],"wp:attachment":[{"href":"https:\/\/www.museoglaucolombardi.it\/en\/wp-json\/wp\/v2\/media?parent=66280"}],"wp:term":[{"taxonomy":"epoca","embeddable":true,"href":"https:\/\/www.museoglaucolombardi.it\/en\/wp-json\/wp\/v2\/epoca?post=66280"},{"taxonomy":"materiale","embeddable":true,"href":"https:\/\/www.museoglaucolombardi.it\/en\/wp-json\/wp\/v2\/materiale?post=66280"},{"taxonomy":"tecnica","embeddable":true,"href":"https:\/\/www.museoglaucolombardi.it\/en\/wp-json\/wp\/v2\/tecnica?post=66280"},{"taxonomy":"tipo","embeddable":true,"href":"https:\/\/www.museoglaucolombardi.it\/en\/wp-json\/wp\/v2\/tipo?post=66280"}],"curies":[{"name":"wp","href":"https:\/\/api.w.org\/{rel}","templated":true}]}}

SANDRINI (a cura di), "Paolo Toschi (1788-1854) incisore d'Europa", Parma 2004, pp. 45-93: p. 46.
F. SANDRINI (a cura di), "Albertina, la figlia di Maria Luigia d'Asburgo. Vita, pensieri, segreti", Parma, Grafiche STEP 2017, p. 199 [ill.].
F. SANDRINI, "Le medaglie del Museo Glauco Lombardi: presenze e assenze in una collezione in divenire", in "Notiziario del portale numismatico dello Stato" n. 12 - 2018 (atti dell'incontro di studio "Medaglieri italiani: sistema museale e identità nazionale..." dell'11 maggio 2018), pp. 48-57: p. 55.

La donazione si somma alle numerose Spaggiari del 2014 (inv. 2769), 2015 (invv. 2773-2774), 2018 (inv. 2563), 2020 (inv. 2855) e 2021 (2894-2900).
La medaglia è realizzata da Andrieu su disegno di Dominique Vivant-Denon (1747-1825), come si può dedurre dall'attribuzione, pur incompleta, sul recto; la collaborazione tra i due artisti è del resto ampiamente documentata. Si tratta di un pezzo unico: Paolo Toschi la vinse durante il suo apprendistato a Parigi, quando ancora si trovava a decidere se specializzarsi nell'arte incisoria o dedicarsi alla pittura. A questo secondo ambito fa riferimento l'onorificenza guadagnata dal giovane artista, che all'epoca aveva 22 anni: Glauco Lombardi, che aveva visionato la medaglia presso gli eredi Toschi, la metteva in relazione con il nudo con lancia, che risente ancora degli insegnamenti di Biagio Martini, riprodotto nell'incisione del Museo sulla quale Lombardi aveva segnato a matita "Grand Prix de Corot" (inv. 1468).

Sul dritto della medaglia, sul quale si staglia il profilo laureato di Napoleone voltato verso destra, si legge "NAPOLEON/ EMP. ET ROI.//"; sul rilievo del collo del sovrano compare l'attribuzione di responsabilità "ANDRIEU F.", mentre appena sotto vi si legge "DENO[N] D".
Sul rovescio è incisa l'iscrizione, posta entro due serti di alloro, "3me/ Medaille/ remportée par/ P. Toschi/ en Septembre/ 1810//".
