{"id":65916,"date":"2014-09-23T13:28:00","date_gmt":"2014-09-23T11:28:00","guid":{"rendered":"https:\/\/www.museoglaucolombardi.it\/opera\/65916\/"},"modified":"2024-08-01T14:29:22","modified_gmt":"2024-08-01T12:29:22","slug":"65916","status":"publish","type":"opera","link":"https:\/\/www.museoglaucolombardi.it\/en\/opera\/65916\/","title":{"rendered":"&#8220;H\u00e9! h\u00e9! vite, h\u00e9! vite, il arrive&#8221;"},"author":2,"featured_media":65918,"template":"","epoca":[],"materiale":[],"tecnica":[3280],"tipo":[3240],"class_list":["post-65916","opera","type-opera","status-publish","has-post-thumbnail","hentry","tecnica-acquaforte-acquerellata","tipo-stampe"],"publishpress_future_workflow_manual_trigger":{"enabledWorkflows":[]},"bibliografia":"F. SANDRINI (a cura di), \"Napoleone in caricatura\", Parma, Graphital 2015, scheda 16, pp. 66-67 [ill.].","denominazione":"\"H\u00e9! h\u00e9! vite, h\u00e9! vite, il arrive\"","nuovo_inventario":"2732","osservazioni":"La stampa fa parte di un gruppo di incisioni (invv. 2714-2767) di medesima provenienza pervenute al Museo tramite comodato a tempo indeterminato.\r\nLa scena raffigura in primo piano due personaggi che si stanno cambiando d'abito, seguendo l'avvicendarsi dei governi monarchici e imperiali che si susseguirono in Francia tra 1814 e 1815. Si tratta dunque di una satira indirizzata ai facili trasformismi sociali, durante i quali si acquisivano \"Titres de nobles[se]\" di nessun valore, collocati infatti alla pari degli escrementi dell'asino cavalcato, sembra, da Luigi XVIII.","serie_tiratura":"","chiavi":"","collocazione":"Deposito","descrizione":"","provenienza":"Parigi, Collezione Valensi\r\nParigi, asta Osenat (aprile 2014)","acquisizione":"Comodato Fondazione Monte di Parma (luglio 2014)","compilatore_scheda":"","filegrani":"","stato_conservazione":"","datazione":"Parigi, 1815","editore":"","esposizione":"Parma, Museo Glauco Lombardi, \"Napoleone in caricatura\", 18 aprile-4 ottobre 2015; 15 giugno-13 ottobre 2024","autori":[{"nato":"","morto":"","opere":false,"ID":68584,"post_title":"Lef\u00e8vre","post_content":"","post_excerpt":"","post_author":"0","post_date":"2022-10-20 17:14:22","post_date_gmt":"2022-10-20 15:14:22","post_status":"publish","comment_status":"closed","ping_status":"closed","post_password":"","post_name":"68584","to_ping":"","pinged":"","post_modified":"2022-10-20 17:14:22","post_modified_gmt":"2022-10-20 15:14:22","post_content_filtered":"","post_parent":0,"guid":"https:\/\/www.museoglaucolombardi.it\/?autore=68584","menu_order":0,"post_type":"autore","post_mime_type":"","comment_count":"0","comments":false,"id":68584}],"dediche":"","valore":"","misure":"S.C.: cm 19,8x24,1\r\nC.C.: cm 40,9x50,9x1,5","peso":"","valore_assicurativo":"","vecchio_inventario":"","_links":{"self":[{"href":"https:\/\/www.museoglaucolombardi.it\/en\/wp-json\/wp\/v2\/opera\/65916","targetHints":{"allow":["GET"]}}],"collection":[{"href":"https:\/\/www.museoglaucolombardi.it\/en\/wp-json\/wp\/v2\/opera"}],"about":[{"href":"https:\/\/www.museoglaucolombardi.it\/en\/wp-json\/wp\/v2\/types\/opera"}],"author":[{"embeddable":true,"href":"https:\/\/www.museoglaucolombardi.it\/en\/wp-json\/wp\/v2\/users\/2"}],"version-history":[{"count":7,"href":"https:\/\/www.museoglaucolombardi.it\/en\/wp-json\/wp\/v2\/opera\/65916\/revisions"}],"predecessor-version":[{"id":103541,"href":"https:\/\/www.museoglaucolombardi.it\/en\/wp-json\/wp\/v2\/opera\/65916\/revisions\/103541"}],"wp:featuredmedia":[{"embeddable":true,"href":"https:\/\/www.museoglaucolombardi.it\/en\/wp-json\/wp\/v2\/media\/65918"}],"wp:attachment":[{"href":"https:\/\/www.museoglaucolombardi.it\/en\/wp-json\/wp\/v2\/media?parent=65916"}],"wp:term":[{"taxonomy":"epoca","embeddable":true,"href":"https:\/\/www.museoglaucolombardi.it\/en\/wp-json\/wp\/v2\/epoca?post=65916"},{"taxonomy":"materiale","embeddable":true,"href":"https:\/\/www.museoglaucolombardi.it\/en\/wp-json\/wp\/v2\/materiale?post=65916"},{"taxonomy":"tecnica","embeddable":true,"href":"https:\/\/www.museoglaucolombardi.it\/en\/wp-json\/wp\/v2\/tecnica?post=65916"},{"taxonomy":"tipo","embeddable":true,"href":"https:\/\/www.museoglaucolombardi.it\/en\/wp-json\/wp\/v2\/tipo?post=65916"}],"curies":[{"name":"wp","href":"https:\/\/api.w.org\/{rel}","templated":true}]}}

&#8220;Hé! hé! vite, hé! vite, il arrive&#8221;

"Hé! hé! vite, hé! vite, il arrive"

Lefèvre
