{"id":65716,"date":"2014-05-17T14:11:00","date_gmt":"2014-05-17T12:11:00","guid":{"rendered":"https:\/\/www.museoglaucolombardi.it\/opera\/65716\/"},"modified":"2021-10-02T09:08:00","modified_gmt":"2021-10-02T07:08:00","slug":"65716","status":"publish","type":"opera","link":"https:\/\/www.museoglaucolombardi.it\/en\/opera\/65716\/","title":{"rendered":"Serie di stampe ispirate alla vita del duca di Reichstadt"},"author":0,"featured_media":65718,"template":"","epoca":[],"materiale":[],"tecnica":[3265],"tipo":[3240],"class_list":["post-65716","opera","type-opera","status-publish","has-post-thumbnail","hentry","tecnica-bulino-e-acquaforte","tipo-stampe"],"publishpress_future_workflow_manual_trigger":{"enabledWorkflows":[]},"bibliografia":"F. SANDRINI (a cura di), \"Napoleone in caricatura\", Parma, Graphital 2015, p. 150 [ill.].","denominazione":"Serie di stampe ispirate alla vita del duca di Reichstadt","nuovo_inventario":"2682","osservazioni":"Le prime cinque stampe, la cui ideazione si deve a G. Staal, H. Baron e Jules David, sono ricordate nel volume di  John Grand-Carteret, \"L'Aiglon en image dans la fiction po\u00e9tique et dramatique\", edito nel 1901, nel quale si riporta un elenco iconografico di illustrazioni dedicate alla vita di Napoleone II. Nello stesso gruppo si riconoscono altri esemplari gi\u00e0 presenti in Museo (invv. 946, 2621-2623), ed \u00e8 possibile supporre che anche le due non menzionate, cos\u00ec omogenee, facciano comunque riferimento a questa serie di episodi riferibili alla vita del duca di Reichstadt, pervenuti al Museo insieme all'inv. 2683.","serie_tiratura":"","chiavi":"","collocazione":"Carpetta Azzurra Stampe","descrizione":"N. 7 stampe sciolte; sotto alle immagini, tutte di ugual forma e dimensione, si legge il titolo dell'episodio a cui la scena \u00e8 ispirata.\r\nLe didascalie delle stampe che si trovano sotto al margine inferiore sono le seguenti:\r\n- \"Le Souvenir de la gloire Paternelle l'Emporte sur sa passion.\";\r\n- \"C'etait le quinze Mai.....\";\r\n- \"Au dela, le ciel est pur!\";\r\n- La Comtesse CAMERATA, fille d'Elisa BACCIOCHI [sic], se jette aux pieds du Duc de REICHSTADT.\";\r\n- \"Que dirai-je de votre part \u00e0 ceux qui vous attendent?\";\r\n- \"La Veille de la Battaille de Borodino.\";\r\n- \"Remettez cette \u00e9p\u00e9e \u00e0 mon fils\" (l'unica firmata non da Portier, ma da Ferdinand).","provenienza":"","acquisizione":"Donazione Luigi Tavola (maggio 2014)","compilatore_scheda":"","filegrani":"","stato_conservazione":"Buono; tutti i fogli sono incollati al proprio passepartout con nastro adesivo. Le carte, alcune leggermente ingiallite, presentano sporadiche macchie di umidit\u00e0 e qualche segno di antiche pieghe.","datazione":"","editore":"","esposizione":"Parma, Museo Glauco Lombardi,  \"Napoleone 1821. La morte di Bonaparte: scenari, reazioni, conseguenze nel ducato di Parma\", 5 maggio-26 settembre 2021","autori":[{"nato":"Parigi, 1820","morto":"Luzancy, 1889","opere":false,"ID":68095,"post_title":"Adolphe Portier","post_content":"","post_excerpt":"","post_author":"0","post_date":"2022-10-20 17:13:20","post_date_gmt":"2022-10-20 15:13:20","post_status":"publish","comment_status":"closed","ping_status":"closed","post_password":"","post_name":"68095","to_ping":"","pinged":"","post_modified":"2022-10-20 17:13:20","post_modified_gmt":"2022-10-20 15:13:20","post_content_filtered":"","post_parent":0,"guid":"https:\/\/www.museoglaucolombardi.it\/?autore=68095","menu_order":0,"post_type":"autore","post_mime_type":"","comment_count":"0","comments":false,"id":68095},{"nato":"XIX secolo","morto":"","opere":false,"ID":68528,"post_title":"Ferdinand","post_content":"","post_excerpt":"","post_author":"0","post_date":"2022-10-20 17:14:14","post_date_gmt":"2022-10-20 15:14:14","post_status":"publish","comment_status":"closed","ping_status":"closed","post_password":"","post_name":"68528","to_ping":"","pinged":"","post_modified":"2022-10-20 17:14:14","post_modified_gmt":"2022-10-20 15:14:14","post_content_filtered":"","post_parent":0,"guid":"https:\/\/www.museoglaucolombardi.it\/?autore=68528","menu_order":0,"post_type":"autore","post_mime_type":"","comment_count":"0","comments":false,"id":68528}],"dediche":"","valore":"","misure":"cm 22 x 18","peso":"","valore_assicurativo":"","vecchio_inventario":"","_links":{"self":[{"href":"https:\/\/www.museoglaucolombardi.it\/en\/wp-json\/wp\/v2\/opera\/65716","targetHints":{"allow":["GET"]}}],"collection":[{"href":"https:\/\/www.museoglaucolombardi.it\/en\/wp-json\/wp\/v2\/opera"}],"about":[{"href":"https:\/\/www.museoglaucolombardi.it\/en\/wp-json\/wp\/v2\/types\/opera"}],"version-history":[{"count":7,"href":"https:\/\/www.museoglaucolombardi.it\/en\/wp-json\/wp\/v2\/opera\/65716\/revisions"}],"predecessor-version":[{"id":103441,"href":"https:\/\/www.museoglaucolombardi.it\/en\/wp-json\/wp\/v2\/opera\/65716\/revisions\/103441"}],"wp:featuredmedia":[{"embeddable":true,"href":"https:\/\/www.museoglaucolombardi.it\/en\/wp-json\/wp\/v2\/media\/65718"}],"wp:attachment":[{"href":"https:\/\/www.museoglaucolombardi.it\/en\/wp-json\/wp\/v2\/media?parent=65716"}],"wp:term":[{"taxonomy":"epoca","embeddable":true,"href":"https:\/\/www.museoglaucolombardi.it\/en\/wp-json\/wp\/v2\/epoca?post=65716"},{"taxonomy":"materiale","embeddable":true,"href":"https:\/\/www.museoglaucolombardi.it\/en\/wp-json\/wp\/v2\/materiale?post=65716"},{"taxonomy":"tecnica","embeddable":true,"href":"https:\/\/www.museoglaucolombardi.it\/en\/wp-json\/wp\/v2\/tecnica?post=65716"},{"taxonomy":"tipo","embeddable":true,"href":"https:\/\/www.museoglaucolombardi.it\/en\/wp-json\/wp\/v2\/tipo?post=65716"}],"curies":[{"name":"wp","href":"https:\/\/api.w.org\/{rel}","templated":true}]}}

Le prime cinque stampe, la cui ideazione si deve a G. Staal, H. Baron e Jules David, sono ricordate nel volume di  John Grand-Carteret, "L'Aiglon en image dans la fiction poétique et dramatique", edito nel 1901, nel quale si riporta un elenco iconografico di illustrazioni dedicate alla vita di Napoleone II. Nello stesso gruppo si riconoscono altri esemplari già presenti in Museo (invv. 946, 2621-2623), ed è possibile supporre che anche le due non menzionate, così omogenee, facciano comunque riferimento a questa serie di episodi riferibili alla vita del duca di Reichstadt, pervenuti al Museo insieme all'inv. 2683.

N. 7 stampe sciolte; sotto alle immagini, tutte di ugual forma e dimensione, si legge il titolo dell'episodio a cui la scena è ispirata.
Le didascalie delle stampe che si trovano sotto al margine inferiore sono le seguenti:
- "Le Souvenir de la gloire Paternelle l'Emporte sur sa passion.";
- "C'etait le quinze Mai.....";
- "Au dela, le ciel est pur!";
- La Comtesse CAMERATA, fille d'Elisa BACCIOCHI [sic], se jette aux pieds du Duc de REICHSTADT.";
- "Que dirai-je de votre part à ceux qui vous attendent?";
- "La Veille de la Battaille de Borodino.";
- "Remettez cette épée à mon fils" (l'unica firmata non da Portier, ma da Ferdinand).

Buono; tutti i fogli sono incollati al proprio passepartout con nastro adesivo. Le carte, alcune leggermente ingiallite, presentano sporadiche macchie di umidità e qualche segno di antiche pieghe.
