{"id":65688,"date":"2014-04-09T10:31:00","date_gmt":"2014-04-09T08:31:00","guid":{"rendered":"https:\/\/www.museoglaucolombardi.it\/opera\/65688\/"},"modified":"2015-06-06T14:28:00","modified_gmt":"2015-06-06T12:28:00","slug":"65688","status":"publish","type":"opera","link":"https:\/\/www.museoglaucolombardi.it\/en\/opera\/65688\/","title":{"rendered":"San Filippo Neri"},"author":0,"featured_media":65690,"template":"","epoca":[],"materiale":[],"tecnica":[3265],"tipo":[3240],"class_list":["post-65688","opera","type-opera","status-publish","has-post-thumbnail","hentry","tecnica-bulino-e-acquaforte","tipo-stampe"],"publishpress_future_workflow_manual_trigger":{"enabledWorkflows":[]},"bibliografia":"F. SANDRINI (a cura di), \"Napoleone in caricatura\", Parma, Graphital 2015, pp. 151-152.","denominazione":"San Filippo Neri","nuovo_inventario":"2676","osservazioni":"La stampa fa parte di una corposa donazione (invv. 2653-2681 e invv. 2684-2712) che comprende altre incisioni, tra cui una diversa immagine di San Filippo (inv. 2699) e alcuni volumi, tra i quali una raccolta rilegata di sonetti composti per l'ingresso di Maria Luigia a Parma nel 1816.\r\nSan Filippo Neri (1515-1595) dedic\u00f2 la propria vita all'educazione e alla cura dei giovani, divenendo punto di riferimento non soltanto religioso per la societ\u00e0 romana del tempo; santificato nel 1622, \u00e8 poi divenuto copatrono della citt\u00e0 capitolina.","serie_tiratura":"","chiavi":"","collocazione":"Carpetta Pallavicino","descrizione":"Sotto all'ovale che racchiude il mezzobusto del santo di legge la dedica \"S. Philippo Nerio Patri \/ C. D. B. filius et cliens omnium postremissimo patrocinio ejus \/ et ope praesentissima votorum compos effectus.\/\/\".\nPi\u00f9 in piccolo si notano le attribuzioni di responsabilit\u00e0 \"Steph: Tofanelli inv: et del:\" e \"Raphael Morghen sculps:\".","provenienza":"Famiglia Pallavicino (Parma)","acquisizione":"Donazione famiglia marchesi Pallavicino (marzo 2014)","compilatore_scheda":"","filegrani":"","stato_conservazione":"Buono; sono presenti due piccoli tagli sul bordo sinistro e una macchia d'inchiostro nell'angolo superiore sinistro.","datazione":"","editore":"","esposizione":"","autori":[{"nato":"Portici, Napoli 1761","morto":"Firenze 1833","opere":false,"ID":66833,"post_title":"Raffaello Morghen","post_content":"","post_excerpt":"","post_author":"2","post_date":"2022-10-20 17:10:45","post_date_gmt":"2022-10-20 15:10:45","post_status":"publish","comment_status":"closed","ping_status":"closed","post_password":"","post_name":"66833","to_ping":"","pinged":"","post_modified":"2025-01-22 11:16:00","post_modified_gmt":"2025-01-22 10:16:00","post_content_filtered":"","post_parent":0,"guid":"https:\/\/www.museoglaucolombardi.it\/?autore=66833","menu_order":0,"post_type":"autore","post_mime_type":"","comment_count":"0","comments":false,"id":66833},{"nato":"Nave, Lucca 1752","morto":"Roma 1812","opere":false,"ID":67693,"post_title":"Stefano Tofanelli","post_content":"","post_excerpt":"","post_author":"2","post_date":"2022-10-20 17:12:28","post_date_gmt":"2022-10-20 15:12:28","post_status":"publish","comment_status":"closed","ping_status":"closed","post_password":"","post_name":"67693","to_ping":"","pinged":"","post_modified":"2025-02-08 13:28:06","post_modified_gmt":"2025-02-08 12:28:06","post_content_filtered":"","post_parent":0,"guid":"https:\/\/www.museoglaucolombardi.it\/?autore=67693","menu_order":0,"post_type":"autore","post_mime_type":"","comment_count":"0","comments":false,"id":67693}],"dediche":"","valore":"","misure":"Matrice: cm 23 x 17","peso":"","valore_assicurativo":"","vecchio_inventario":"","_links":{"self":[{"href":"https:\/\/www.museoglaucolombardi.it\/en\/wp-json\/wp\/v2\/opera\/65688","targetHints":{"allow":["GET"]}}],"collection":[{"href":"https:\/\/www.museoglaucolombardi.it\/en\/wp-json\/wp\/v2\/opera"}],"about":[{"href":"https:\/\/www.museoglaucolombardi.it\/en\/wp-json\/wp\/v2\/types\/opera"}],"version-history":[{"count":7,"href":"https:\/\/www.museoglaucolombardi.it\/en\/wp-json\/wp\/v2\/opera\/65688\/revisions"}],"predecessor-version":[{"id":103427,"href":"https:\/\/www.museoglaucolombardi.it\/en\/wp-json\/wp\/v2\/opera\/65688\/revisions\/103427"}],"wp:featuredmedia":[{"embeddable":true,"href":"https:\/\/www.museoglaucolombardi.it\/en\/wp-json\/wp\/v2\/media\/65690"}],"wp:attachment":[{"href":"https:\/\/www.museoglaucolombardi.it\/en\/wp-json\/wp\/v2\/media?parent=65688"}],"wp:term":[{"taxonomy":"epoca","embeddable":true,"href":"https:\/\/www.museoglaucolombardi.it\/en\/wp-json\/wp\/v2\/epoca?post=65688"},{"taxonomy":"materiale","embeddable":true,"href":"https:\/\/www.museoglaucolombardi.it\/en\/wp-json\/wp\/v2\/materiale?post=65688"},{"taxonomy":"tecnica","embeddable":true,"href":"https:\/\/www.museoglaucolombardi.it\/en\/wp-json\/wp\/v2\/tecnica?post=65688"},{"taxonomy":"tipo","embeddable":true,"href":"https:\/\/www.museoglaucolombardi.it\/en\/wp-json\/wp\/v2\/tipo?post=65688"}],"curies":[{"name":"wp","href":"https:\/\/api.w.org\/{rel}","templated":true}]}}

La stampa fa parte di una corposa donazione (invv. 2653-2681 e invv. 2684-2712) che comprende altre incisioni, tra cui una diversa immagine di San Filippo (inv. 2699) e alcuni volumi, tra i quali una raccolta rilegata di sonetti composti per l'ingresso di Maria Luigia a Parma nel 1816.
San Filippo Neri (1515-1595) dedicò la propria vita all'educazione e alla cura dei giovani, divenendo punto di riferimento non soltanto religioso per la società romana del tempo; santificato nel 1622, è poi divenuto copatrono della città capitolina.

Sotto all'ovale che racchiude il mezzobusto del santo di legge la dedica "S. Philippo Nerio Patri / C. D. B. filius et cliens omnium postremissimo patrocinio ejus / et ope praesentissima votorum compos effectus.//".
Più in piccolo si notano le attribuzioni di responsabilità "Steph: Tofanelli inv: et del:" e "Raphael Morghen sculps:".
