{"id":65636,"date":"2014-04-02T14:35:00","date_gmt":"2014-04-02T12:35:00","guid":{"rendered":"https:\/\/www.museoglaucolombardi.it\/opera\/65636\/"},"modified":"2015-06-06T14:22:00","modified_gmt":"2015-06-06T12:22:00","slug":"65636","status":"publish","type":"opera","link":"https:\/\/www.museoglaucolombardi.it\/en\/opera\/65636\/","title":{"rendered":"Martirio di Sant&#8217;Agata"},"author":0,"featured_media":65638,"template":"","epoca":[],"materiale":[],"tecnica":[3272],"tipo":[3240],"class_list":["post-65636","opera","type-opera","status-publish","has-post-thumbnail","hentry","tecnica-acquaforte","tipo-stampe"],"publishpress_future_workflow_manual_trigger":{"enabledWorkflows":[]},"bibliografia":"F. SANDRINI (a cura di), \"Napoleone in caricatura\", Parma, Graphital 2015, pp. 151-152.","denominazione":"Martirio di Sant'Agata","nuovo_inventario":"2663","osservazioni":"La stampa fa parte di una corposa donazione (invv. 2653-2681 e invv. 2684-2712) che comprende altre incisioni e alcuni volumi, tra i quali una raccolta rilegata di sonetti composti per l'ingresso di Maria Luigia a Parma nel 1816.\r\nDiana Scultori, proveniente da una famiglia di incisori, \u00e8 forse il personaggio femminile di cui \u00e8 maggiormente noto l'operato calcografico; come era sua prassi, \u00e8 assai probabile che anche questo soggetto non sia una personale invenzione, ma una derivazione da artisti a lei contemporanei.","serie_tiratura":"","chiavi":"","collocazione":"Carpetta Pallavicino","descrizione":"Nell'angolo in basso a destra della scena raffigurata si legge l'attribuzione di responsabilit\u00e0 \"DIANA INCIDEBAT ROMAE 1577\", mentre l'identificazione del personaggio (\"S. AGATHA\") si trova lungo il margine inferiore.\nSotto all'immagine sono riportati i versi latini \"VERBERIBVS PRVSTRA EXERCES ET FORCIPE TORTOR \/ QVAE NVLLO MEMBRA DOLORE QVEVNT \/ TORMENTA IN SONTEM RECREANT NOCITVURA TYRANNO \/ PAENA ILLVM ET GRAVIOR MVLCTA DOLORQ. MANENT \/\/\".","provenienza":"Famiglia Pallavicino (Parma)","acquisizione":"Donazione famiglia marchesi Pallavicino (marzo 2014)","compilatore_scheda":"","filegrani":"","stato_conservazione":"Buono","datazione":"1577","editore":"","esposizione":"","autori":[{"nato":"Mantova 1577 c.","morto":"Roma 1612","opere":false,"ID":68482,"post_title":"Diana Scultori","post_content":"","post_excerpt":"","post_author":"0","post_date":"2022-10-20 17:14:08","post_date_gmt":"2022-10-20 15:14:08","post_status":"publish","comment_status":"closed","ping_status":"closed","post_password":"","post_name":"68482","to_ping":"","pinged":"","post_modified":"2022-10-20 17:14:08","post_modified_gmt":"2022-10-20 15:14:08","post_content_filtered":"","post_parent":0,"guid":"https:\/\/www.museoglaucolombardi.it\/?autore=68482","menu_order":0,"post_type":"autore","post_mime_type":"","comment_count":"0","comments":false,"id":68482}],"dediche":"","valore":"","misure":"Matrice: cm 26,5 x 19","peso":"","valore_assicurativo":"","vecchio_inventario":"","_links":{"self":[{"href":"https:\/\/www.museoglaucolombardi.it\/en\/wp-json\/wp\/v2\/opera\/65636","targetHints":{"allow":["GET"]}}],"collection":[{"href":"https:\/\/www.museoglaucolombardi.it\/en\/wp-json\/wp\/v2\/opera"}],"about":[{"href":"https:\/\/www.museoglaucolombardi.it\/en\/wp-json\/wp\/v2\/types\/opera"}],"version-history":[{"count":7,"href":"https:\/\/www.museoglaucolombardi.it\/en\/wp-json\/wp\/v2\/opera\/65636\/revisions"}],"predecessor-version":[{"id":103401,"href":"https:\/\/www.museoglaucolombardi.it\/en\/wp-json\/wp\/v2\/opera\/65636\/revisions\/103401"}],"wp:featuredmedia":[{"embeddable":true,"href":"https:\/\/www.museoglaucolombardi.it\/en\/wp-json\/wp\/v2\/media\/65638"}],"wp:attachment":[{"href":"https:\/\/www.museoglaucolombardi.it\/en\/wp-json\/wp\/v2\/media?parent=65636"}],"wp:term":[{"taxonomy":"epoca","embeddable":true,"href":"https:\/\/www.museoglaucolombardi.it\/en\/wp-json\/wp\/v2\/epoca?post=65636"},{"taxonomy":"materiale","embeddable":true,"href":"https:\/\/www.museoglaucolombardi.it\/en\/wp-json\/wp\/v2\/materiale?post=65636"},{"taxonomy":"tecnica","embeddable":true,"href":"https:\/\/www.museoglaucolombardi.it\/en\/wp-json\/wp\/v2\/tecnica?post=65636"},{"taxonomy":"tipo","embeddable":true,"href":"https:\/\/www.museoglaucolombardi.it\/en\/wp-json\/wp\/v2\/tipo?post=65636"}],"curies":[{"name":"wp","href":"https:\/\/api.w.org\/{rel}","templated":true}]}}

La stampa fa parte di una corposa donazione (invv. 2653-2681 e invv. 2684-2712) che comprende altre incisioni e alcuni volumi, tra i quali una raccolta rilegata di sonetti composti per l'ingresso di Maria Luigia a Parma nel 1816.
Diana Scultori, proveniente da una famiglia di incisori, è forse il personaggio femminile di cui è maggiormente noto l'operato calcografico; come era sua prassi, è assai probabile che anche questo soggetto non sia una personale invenzione, ma una derivazione da artisti a lei contemporanei.

Nell'angolo in basso a destra della scena raffigurata si legge l'attribuzione di responsabilità "DIANA INCIDEBAT ROMAE 1577", mentre l'identificazione del personaggio ("S. AGATHA") si trova lungo il margine inferiore.
Sotto all'immagine sono riportati i versi latini "VERBERIBVS PRVSTRA EXERCES ET FORCIPE TORTOR / QVAE NVLLO MEMBRA DOLORE QVEVNT / TORMENTA IN SONTEM RECREANT NOCITVURA TYRANNO / PAENA ILLVM ET GRAVIOR MVLCTA DOLORQ. MANENT //".
