{"id":65502,"date":"2012-02-17T10:11:00","date_gmt":"2012-02-17T09:11:00","guid":{"rendered":"https:\/\/www.museoglaucolombardi.it\/opera\/65502\/"},"modified":"2024-08-21T14:26:12","modified_gmt":"2024-08-21T12:26:12","slug":"65502","status":"publish","type":"opera","link":"https:\/\/www.museoglaucolombardi.it\/en\/opera\/65502\/","title":{"rendered":"&#8220;La derni\u00e8re heure&#8221;"},"author":9,"featured_media":48895,"template":"","epoca":[],"materiale":[],"tecnica":[3269],"tipo":[3240],"class_list":["post-65502","opera","type-opera","status-publish","has-post-thumbnail","hentry","tecnica-acquaforte-e-bulino","tipo-stampe"],"publishpress_future_workflow_manual_trigger":{"enabledWorkflows":[]},"bibliografia":"F. SANDRINI (a cura di), \"Napoleone in caricatura\", Parma, Graphital 2015, p. 150.","denominazione":"\"La derni\u00e8re heure\"","nuovo_inventario":"2623","osservazioni":"L'incisione, come altre presenti in Museo (inv. 946, inv. 2621 e inv. 2623, incorniciato insieme al presente) \u00e8 tratta dal volume edito nel 1851 da Camille Leynadier \"Histoire de la famille Bonaparte, pr\u00e9c\u00e9d\u00e9e d'un coup d'oeil r\u00e9trospectif sur la R\u00e9publique, le Consulat, l'Empire\"; il presente foglio, come pure gli invv. 2616-2620 e 2622, fa parte delle donazioni Mingardi 2012.\r\n\r\nL'incisione \u00e8 tratta da una non identificata biografia su Napoleone II, da cui provengono altri esemplari presenti in Museo: inv. 946, inv. 2621 e inv. 2622 (incorniciato insieme al presente); questi ultimi due, come pure gli invv. 2616-2620, fanno parte delle donazioni Mingardi 2012.\r\nLa scena raffigurata, di cui esiste in Museo anche una variante ad opera di Maurin (inv. 1048), \u00e8 un tipico esempio della propaganda bonapartista che pervase tutto il XIX secolo e comprese anche i familiari dell'Imperatore, il cui profilo appare in forma di mezzobusto, l'unico altro personaggio oltre al re di Roma di cui si mostra il volto.","serie_tiratura":"","chiavi":"","collocazione":"Carpetta azzurra stampe","descrizione":"Lungo il margine inferiore dell'immagine sono indicate le attribuzioni di responsabilit\u00e0 \"Schopin del\" a sinistra e \"Ferdinand sc\" a destra, mentre pi\u00f9 sotto, al centro , si legge il titolo \"La derni\u00e8re heure\".","provenienza":"","acquisizione":"Donazione Corrado Mingardi (febbraio 2012)","compilatore_scheda":"","filegrani":"","stato_conservazione":"Buono","datazione":"","editore":"","esposizione":"","autori":[{"nato":"1804","morto":"1880","opere":false,"ID":68430,"post_title":"Henri-Fr\u00e9d\u00e9ric Schopin","post_content":"","post_excerpt":"","post_author":"0","post_date":"2022-10-20 17:14:02","post_date_gmt":"2022-10-20 15:14:02","post_status":"publish","comment_status":"closed","ping_status":"closed","post_password":"","post_name":"68430","to_ping":"","pinged":"","post_modified":"2022-10-20 17:14:02","post_modified_gmt":"2022-10-20 15:14:02","post_content_filtered":"","post_parent":0,"guid":"https:\/\/www.museoglaucolombardi.it\/?autore=68430","menu_order":0,"post_type":"autore","post_mime_type":"","comment_count":"0","comments":false,"id":68430}],"dediche":"","valore":"","misure":"cm 21,8 x 17,8","peso":"","valore_assicurativo":"","vecchio_inventario":"","_links":{"self":[{"href":"https:\/\/www.museoglaucolombardi.it\/en\/wp-json\/wp\/v2\/opera\/65502","targetHints":{"allow":["GET"]}}],"collection":[{"href":"https:\/\/www.museoglaucolombardi.it\/en\/wp-json\/wp\/v2\/opera"}],"about":[{"href":"https:\/\/www.museoglaucolombardi.it\/en\/wp-json\/wp\/v2\/types\/opera"}],"author":[{"embeddable":true,"href":"https:\/\/www.museoglaucolombardi.it\/en\/wp-json\/wp\/v2\/users\/9"}],"version-history":[{"count":7,"href":"https:\/\/www.museoglaucolombardi.it\/en\/wp-json\/wp\/v2\/opera\/65502\/revisions"}],"predecessor-version":[{"id":103321,"href":"https:\/\/www.museoglaucolombardi.it\/en\/wp-json\/wp\/v2\/opera\/65502\/revisions\/103321"}],"wp:featuredmedia":[{"embeddable":true,"href":"https:\/\/www.museoglaucolombardi.it\/en\/wp-json\/wp\/v2\/media\/48895"}],"wp:attachment":[{"href":"https:\/\/www.museoglaucolombardi.it\/en\/wp-json\/wp\/v2\/media?parent=65502"}],"wp:term":[{"taxonomy":"epoca","embeddable":true,"href":"https:\/\/www.museoglaucolombardi.it\/en\/wp-json\/wp\/v2\/epoca?post=65502"},{"taxonomy":"materiale","embeddable":true,"href":"https:\/\/www.museoglaucolombardi.it\/en\/wp-json\/wp\/v2\/materiale?post=65502"},{"taxonomy":"tecnica","embeddable":true,"href":"https:\/\/www.museoglaucolombardi.it\/en\/wp-json\/wp\/v2\/tecnica?post=65502"},{"taxonomy":"tipo","embeddable":true,"href":"https:\/\/www.museoglaucolombardi.it\/en\/wp-json\/wp\/v2\/tipo?post=65502"}],"curies":[{"name":"wp","href":"https:\/\/api.w.org\/{rel}","templated":true}]}}

&#8220;La dernière heure&#8221;

"La dernière heure"

L'incisione, come altre presenti in Museo (inv. 946, inv. 2621 e inv. 2623, incorniciato insieme al presente) è tratta dal volume edito nel 1851 da Camille Leynadier "Histoire de la famille Bonaparte, précédée d'un coup d'oeil rétrospectif sur la République, le Consulat, l'Empire"; il presente foglio, come pure gli invv. 2616-2620 e 2622, fa parte delle donazioni Mingardi 2012.

L'incisione è tratta da una non identificata biografia su Napoleone II, da cui provengono altri esemplari presenti in Museo: inv. 946, inv. 2621 e inv. 2622 (incorniciato insieme al presente); questi ultimi due, come pure gli invv. 2616-2620, fanno parte delle donazioni Mingardi 2012.
La scena raffigurata, di cui esiste in Museo anche una variante ad opera di Maurin (inv. 1048), è un tipico esempio della propaganda bonapartista che pervase tutto il XIX secolo e comprese anche i familiari dell'Imperatore, il cui profilo appare in forma di mezzobusto, l'unico altro personaggio oltre al re di Roma di cui si mostra il volto.

Lungo il margine inferiore dell'immagine sono indicate le attribuzioni di responsabilità "Schopin del" a sinistra e "Ferdinand sc" a destra, mentre più sotto, al centro , si legge il titolo "La dernière heure".

Henri-Frédéric Schopin
