{"id":65408,"date":"2010-11-23T12:17:00","date_gmt":"2010-11-23T11:17:00","guid":{"rendered":"https:\/\/www.museoglaucolombardi.it\/opera\/65408\/"},"modified":"2017-12-21T13:48:00","modified_gmt":"2017-12-21T12:48:00","slug":"65408","status":"publish","type":"opera","link":"https:\/\/www.museoglaucolombardi.it\/en\/opera\/65408\/","title":{"rendered":"Album di silhouettes appartenuto ad Albertina Montenuovo Sanvitale"},"author":0,"featured_media":65410,"template":"","epoca":[],"materiale":[],"tecnica":[],"tipo":[3261],"class_list":["post-65408","opera","type-opera","status-publish","has-post-thumbnail","hentry","tipo-varie"],"publishpress_future_workflow_manual_trigger":{"enabledWorkflows":[]},"bibliografia":"F. SANDRINI (a cura di), \"Albertina, la figlia di Maria Luigia d'Asburgo. Vita, pensieri, segreti\", Parma, Grafiche STEP 2017, p. 141 [ill. in occhiello e retro di copertina].","denominazione":"Album di silhouettes appartenuto ad Albertina Montenuovo Sanvitale","nuovo_inventario":"2596","osservazioni":"I personaggi ritratti non sono numerati n\u00e8 identificati come invece quelli dell'album pervenuto al Museo insieme al presente volume (inv. 2595), ma molti di loro sembrano essere confrontabili. Quest'ultimo volume, che si presenta pi\u00f9 disordinato, con fogli distaccati e mancanti, ospita anche alcuni lavori di prova, figure solo delineate o colorate a met\u00e0; ci\u00f2 \u00e8 forse un indizio del fatto che almeno alcune silhouettes potrebbero essere opera di Albertina. Di sua mano \u00e8 senza dubbio l'elenco presente nell'ultima pagina, che enumera 114 ritratti; i numeri attribuiti ad alcuni di questi coincidono con la vecchia numerazione di vari fogli contenuti nell'album n. 25. Si potrebbe supporre che Albertina abbia tolto dall'album pi\u00f9 piccolo alcuni ritratti, per inserirli in quello pi\u00f9 grande. I numeri che si trovano sulla copertina di entrambi i volumi, che vedrebbero il pi\u00f9 piccolo come successivo, sono infatti probabilmente di epoca successiva alla morte della Montenuovo.","serie_tiratura":"","chiavi":"","collocazione":"Sala Paolo Toschi; tavolo bacheca 3","descrizione":"Album di\u00a072 pagine rilegato in marocchino verde e internamente rivestito in carta azzurra\u00a0contenente\u00a049 fogli\u00a0in cui sono ritratte le silhouettes di vari personaggi.\nSulla copertina \u00e8 stato incollato un cartellino esagonale in cui \u00e8 scritto a inchiostro \"N<U>\u00b0 26 \/ Album 'Silhouettes'<\/U> \", mentre sulla prima pagina interna compare un cartellino di inventariazione che riporta le cifre \"Y. I.\".","provenienza":"Albertina Montenuovo Sanvitale: l'album figura negli inventari delle stampe di casa Sanvitale (Museo Glauco Lombardi, arch. Sanvitale, cont. 87, fasc. 4\/9).","acquisizione":"Acquistato sul mercato antiquario nel novembre 2010","compilatore_scheda":"","filegrani":"","stato_conservazione":"Buono; la copertina presenta abrasioni e screpolature e qualche pelatura.","datazione":"","editore":"","esposizione":"Parma, Museo Glauco Lombardi, \"Albertina, la figlia di Maria Luigia d'Asburgo. Vita, pensieri, segreti\", 9 dicembre 2017-18 marzo 2018","autori":false,"dediche":"","valore":"","misure":"cm 22,5 x 14,5 x 1,7","peso":"","valore_assicurativo":"","vecchio_inventario":"","_links":{"self":[{"href":"https:\/\/www.museoglaucolombardi.it\/en\/wp-json\/wp\/v2\/opera\/65408","targetHints":{"allow":["GET"]}}],"collection":[{"href":"https:\/\/www.museoglaucolombardi.it\/en\/wp-json\/wp\/v2\/opera"}],"about":[{"href":"https:\/\/www.museoglaucolombardi.it\/en\/wp-json\/wp\/v2\/types\/opera"}],"version-history":[{"count":7,"href":"https:\/\/www.museoglaucolombardi.it\/en\/wp-json\/wp\/v2\/opera\/65408\/revisions"}],"predecessor-version":[{"id":103269,"href":"https:\/\/www.museoglaucolombardi.it\/en\/wp-json\/wp\/v2\/opera\/65408\/revisions\/103269"}],"wp:featuredmedia":[{"embeddable":true,"href":"https:\/\/www.museoglaucolombardi.it\/en\/wp-json\/wp\/v2\/media\/65410"}],"wp:attachment":[{"href":"https:\/\/www.museoglaucolombardi.it\/en\/wp-json\/wp\/v2\/media?parent=65408"}],"wp:term":[{"taxonomy":"epoca","embeddable":true,"href":"https:\/\/www.museoglaucolombardi.it\/en\/wp-json\/wp\/v2\/epoca?post=65408"},{"taxonomy":"materiale","embeddable":true,"href":"https:\/\/www.museoglaucolombardi.it\/en\/wp-json\/wp\/v2\/materiale?post=65408"},{"taxonomy":"tecnica","embeddable":true,"href":"https:\/\/www.museoglaucolombardi.it\/en\/wp-json\/wp\/v2\/tecnica?post=65408"},{"taxonomy":"tipo","embeddable":true,"href":"https:\/\/www.museoglaucolombardi.it\/en\/wp-json\/wp\/v2\/tipo?post=65408"}],"curies":[{"name":"wp","href":"https:\/\/api.w.org\/{rel}","templated":true}]}}

I personaggi ritratti non sono numerati nè identificati come invece quelli dell'album pervenuto al Museo insieme al presente volume (inv. 2595), ma molti di loro sembrano essere confrontabili. Quest'ultimo volume, che si presenta più disordinato, con fogli distaccati e mancanti, ospita anche alcuni lavori di prova, figure solo delineate o colorate a metà; ciò è forse un indizio del fatto che almeno alcune silhouettes potrebbero essere opera di Albertina. Di sua mano è senza dubbio l'elenco presente nell'ultima pagina, che enumera 114 ritratti; i numeri attribuiti ad alcuni di questi coincidono con la vecchia numerazione di vari fogli contenuti nell'album n. 25. Si potrebbe supporre che Albertina abbia tolto dall'album più piccolo alcuni ritratti, per inserirli in quello più grande. I numeri che si trovano sulla copertina di entrambi i volumi, che vedrebbero il più piccolo come successivo, sono infatti probabilmente di epoca successiva alla morte della Montenuovo.

Album di 72 pagine rilegato in marocchino verde e internamente rivestito in carta azzurra contenente 49 fogli in cui sono ritratte le silhouettes di vari personaggi.
Sulla copertina è stato incollato un cartellino esagonale in cui è scritto a inchiostro "N<U>° 26 / Album 'Silhouettes'</U> ", mentre sulla prima pagina interna compare un cartellino di inventariazione che riporta le cifre "Y. I.".
