{"id":65284,"date":"2008-07-17T14:00:00","date_gmt":"2008-07-17T12:00:00","guid":{"rendered":"https:\/\/www.museoglaucolombardi.it\/opera\/65284\/"},"modified":"2025-12-27T14:21:46","modified_gmt":"2025-12-27T13:21:46","slug":"65284","status":"publish","type":"opera","link":"https:\/\/www.museoglaucolombardi.it\/en\/opera\/65284\/","title":{"rendered":"Calamaio napoleonico &#8211; Aquila e Legion d&#8217;onore"},"author":2,"featured_media":48717,"template":"","epoca":[],"materiale":[2792],"tecnica":[],"tipo":[3237],"class_list":["post-65284","opera","type-opera","status-publish","has-post-thumbnail","hentry","materiale-ceramica-dipinta","tipo-oggettistica-varia"],"publishpress_future_workflow_manual_trigger":{"enabledWorkflows":[]},"bibliografia":"A. ARISI ROTA, \"Il cappello dell'imperatore. Storia, memoria e mito di napoleone Bonaparte attraverso due secoli di culto dei suoi oggetti\", Roma, Donzelli 2021, p. 88.\r\nF. SANDRINI (a cura di), \"Napoleone 1821. La morte di Bonaparte: scenari, reazioni, conseguenze nel ducato di Parma\", Parma, STEP 2021, scheda ill. pp. 169-171.\r\nA. ARISI ROTA, \"The Violet, the Eagle and Beyond: Collecting, Touching and Wearing Napoleonic Nostalgia in the Italian Risorgimento\", in E. FRANCIA, C. SORBA (a cura di), \"Political Objects in the Age of Revolution. Material Culture, National Identities, Political Practises\", Roma, Viella 2021, pp. 47-59.\r\nF. SANDRINI (a cura di), \"Lettere di Maria Luigia d'Asburgo alla figlia Albertina Montenuovo. Volume I. Anni 1823-1833\", Parma, MUP 2025, p. 283.","denominazione":"Calamaio napoleonico - Aquila e Legion d'onore","nuovo_inventario":"2556","osservazioni":"L'oggetto fa parte di una serie di diciannove calamai, due bronzetti e una stampa di ispirazione napoleonica donati tra il 2008 e il 2025 (invv. 2547-2562, inv. 2564, invv. 2643-2644, invv. 2892-2893, inv. 2996). La produzione di memorabilia napoleoniche ebbe larga fortuna per tutto il XIX secolo, ben oltre la fine dell'Impero francese, fino ai primi decenni del XX secolo.\r\nIl calamaio \u00e8 una perfetta sintesi di simboli napoleonici: la Mano di Giustizia, ovvero una mano raffigurata nell'atto di benedire, \u00e8 un particolare scettro emblema della facolt\u00e0 di amministrare la Giustizia. La Legion d'Onore fu creata proprio da Napoleone nel 1802, originariamente pensata come riconoscimento di eccezionali meriti militari.","serie_tiratura":"","chiavi":"","collocazione":"Sala Dorata, bacheca 1","descrizione":"La porcellana policroma si articola da un piedistallo bianco con decorazioni dorate, che presenta su tre lati la 'N' e sul lato frontale la corona imperiale (che funge da portapenna), sulla quale scende la croce della Legion d'Onore, legata ad un nastro rosso poggiato su un cuscino verde sopra al piedistallo. Sul cuscino sono appoggiati anche il cappello di Napoleone, una spada e la Mano di Giustizia; domina il gruppo un'aquila ad ali semispiegate che porta nel becco un ramo verde. Il cappello si pu\u00f2 estrarre, scoprendo il vano per l'inchiostro.","provenienza":"","acquisizione":"Donazione Pierluigi Gerra (2025), gi\u00e0 comodato Gerra (2008)","compilatore_scheda":"","filegrani":"","stato_conservazione":"Buono; le dorature sono in parte sbiadite e il cappello-tappo presenta segni di usura. Si nota un restauro sulla corona, dalla quale presumibilmente si era staccato un pezzo. Sul retro del basamento sono ancora visibili i segni di colla, forse rimasti dall'adesivo di un vecchio inventario.","datazione":"","editore":"","esposizione":"Parma, Museo Glauco Lombardi, \"Napoleone in caricatura\", 18 aprile-4 ottobre 2015\r\nParma, Museo Glauco Lombardi, \"Napoleone 1821. La morte di Bonaparte: scenari, reazioni, conseguenze nel ducato di Parma\", 5 maggio-26 settembre 2021","autori":[{"nato":"","morto":"","opere":false,"ID":67623,"post_title":"Anonimo (seconda met\u00e0 sec. XIX)","post_content":"","post_excerpt":"","post_author":"2","post_date":"2022-10-20 17:12:19","post_date_gmt":"2022-10-20 15:12:19","post_status":"publish","comment_status":"closed","ping_status":"closed","post_password":"","post_name":"67623","to_ping":"","pinged":"","post_modified":"2025-02-01 14:12:26","post_modified_gmt":"2025-02-01 13:12:26","post_content_filtered":"","post_parent":0,"guid":"https:\/\/www.museoglaucolombardi.it\/?autore=67623","menu_order":0,"post_type":"autore","post_mime_type":"","comment_count":"0","comments":false,"id":67623}],"dediche":"","valore":"\u20ac 800,00","misure":"Base: cm 9 x 9\r\nAltezza max: cm 13","peso":"","valore_assicurativo":"","vecchio_inventario":"","_links":{"self":[{"href":"https:\/\/www.museoglaucolombardi.it\/en\/wp-json\/wp\/v2\/opera\/65284","targetHints":{"allow":["GET"]}}],"collection":[{"href":"https:\/\/www.museoglaucolombardi.it\/en\/wp-json\/wp\/v2\/opera"}],"about":[{"href":"https:\/\/www.museoglaucolombardi.it\/en\/wp-json\/wp\/v2\/types\/opera"}],"author":[{"embeddable":true,"href":"https:\/\/www.museoglaucolombardi.it\/en\/wp-json\/wp\/v2\/users\/2"}],"version-history":[{"count":7,"href":"https:\/\/www.museoglaucolombardi.it\/en\/wp-json\/wp\/v2\/opera\/65284\/revisions"}],"predecessor-version":[{"id":103189,"href":"https:\/\/www.museoglaucolombardi.it\/en\/wp-json\/wp\/v2\/opera\/65284\/revisions\/103189"}],"wp:featuredmedia":[{"embeddable":true,"href":"https:\/\/www.museoglaucolombardi.it\/en\/wp-json\/wp\/v2\/media\/48717"}],"wp:attachment":[{"href":"https:\/\/www.museoglaucolombardi.it\/en\/wp-json\/wp\/v2\/media?parent=65284"}],"wp:term":[{"taxonomy":"epoca","embeddable":true,"href":"https:\/\/www.museoglaucolombardi.it\/en\/wp-json\/wp\/v2\/epoca?post=65284"},{"taxonomy":"materiale","embeddable":true,"href":"https:\/\/www.museoglaucolombardi.it\/en\/wp-json\/wp\/v2\/materiale?post=65284"},{"taxonomy":"tecnica","embeddable":true,"href":"https:\/\/www.museoglaucolombardi.it\/en\/wp-json\/wp\/v2\/tecnica?post=65284"},{"taxonomy":"tipo","embeddable":true,"href":"https:\/\/www.museoglaucolombardi.it\/en\/wp-json\/wp\/v2\/tipo?post=65284"}],"curies":[{"name":"wp","href":"https:\/\/api.w.org\/{rel}","templated":true}]}}

L'oggetto fa parte di una serie di diciannove calamai, due bronzetti e una stampa di ispirazione napoleonica donati tra il 2008 e il 2025 (invv. 2547-2562, inv. 2564, invv. 2643-2644, invv. 2892-2893, inv. 2996). La produzione di memorabilia napoleoniche ebbe larga fortuna per tutto il XIX secolo, ben oltre la fine dell'Impero francese, fino ai primi decenni del XX secolo.
Il calamaio è una perfetta sintesi di simboli napoleonici: la Mano di Giustizia, ovvero una mano raffigurata nell'atto di benedire, è un particolare scettro emblema della facoltà di amministrare la Giustizia. La Legion d'Onore fu creata proprio da Napoleone nel 1802, originariamente pensata come riconoscimento di eccezionali meriti militari.

La porcellana policroma si articola da un piedistallo bianco con decorazioni dorate, che presenta su tre lati la 'N' e sul lato frontale la corona imperiale (che funge da portapenna), sulla quale scende la croce della Legion d'Onore, legata ad un nastro rosso poggiato su un cuscino verde sopra al piedistallo. Sul cuscino sono appoggiati anche il cappello di Napoleone, una spada e la Mano di Giustizia; domina il gruppo un'aquila ad ali semispiegate che porta nel becco un ramo verde. Il cappello si può estrarre, scoprendo il vano per l'inchiostro.

Donazione Pierluigi Gerra (2025), già comodato Gerra (2008)

Anonimo (seconda metà sec. XIX)
