{"id":65268,"date":"2008-07-17T10:36:00","date_gmt":"2008-07-17T08:36:00","guid":{"rendered":"https:\/\/www.museoglaucolombardi.it\/opera\/65268\/"},"modified":"2025-12-27T14:17:39","modified_gmt":"2025-12-27T13:17:39","slug":"65268","status":"publish","type":"opera","link":"https:\/\/www.museoglaucolombardi.it\/en\/opera\/65268\/","title":{"rendered":"Calamaio napoleonico &#8211; cenotafio"},"author":2,"featured_media":48685,"template":"","epoca":[],"materiale":[2919],"tecnica":[],"tipo":[3237],"class_list":["post-65268","opera","type-opera","status-publish","has-post-thumbnail","hentry","materiale-marmo-bronzo-ottone-vetro","tipo-oggettistica-varia"],"publishpress_future_workflow_manual_trigger":{"enabledWorkflows":[]},"bibliografia":"A. ARISI ROTA, \"Il cappello dell'imperatore. Storia, memoria e mito di napoleone Bonaparte attraverso due secoli di culto dei suoi oggetti\", Roma, Donzelli 2021, p. 88.\r\nF. SANDRINI (a cura di), \"Napoleone 1821. La morte di Bonaparte: scenari, reazioni, conseguenze nel ducato di Parma\", Parma, STEP 2021, scheda ill. pp. 169-171.\r\nA. ARISI ROTA, \"The Violet, the Eagle and Beyond: Collecting, Touching and Wearing Napoleonic Nostalgia in the Italian Risorgimento\", in E. FRANCIA, C. SORBA (a cura di), \"Political Objects in the Age of Revolution. Material Culture, National Identities, Political Practises\", Roma, Viella 2021, pp. 47-59.\r\nF. SANDRINI (a cura di), \"Lettere di Maria Luigia d'Asburgo alla figlia Albertina Montenuovo. Volume I. Anni 1823-1833\", Parma, MUP 2025, p. 283.","denominazione":"Calamaio napoleonico - cenotafio","nuovo_inventario":"2549","osservazioni":"L'oggetto fa parte di una serie di diciannove calamai, due bronzetti e una stampa di ispirazione napoleonica donati tra il 2008 e il 2025 (invv. 2547-2562, inv. 2564, invv. 2643-2644, invv. 2892-2893, inv. 2996). La produzione di memorabilia napoleoniche ebbe larga fortuna per tutto il XIX secolo, ben oltre la fine dell'Impero francese, fino ai primi decenni del XX secolo.\r\nDelle battaglie ricordate dall'iscrizione, quella di Marengo, combattuta il 14 giugno 1800, segn\u00f2 la definitiva sconfitta degli austriaci nella campagna d'Italia; Wagram segn\u00f2 la sconfitta della quinta coalizione, tra il 5 e il 6 luglio 1809, conclusione delle ostilit\u00e0 che avevano minacciato la famiglia imperiale di Maria Luigia fino alle porte di Vienna, confermando il predominio sull'Europa che aveva ottenuto grazie al capolavoro di tattica militare ottenuto il 2 dicembre 1802 ad Austerlitz, dove era stata annientata la terza coalizione.","serie_tiratura":"","chiavi":"","collocazione":"Sala Dorata, bacheca 1","descrizione":"L'oggetto, che poggia su una importante base in marmo Verde Alpi, presenta un ramo d'alloro e una spada in ottone coperte da un cartiglio sul quale si leggono i nomi delle pi\u00f9 celebri battaglie di Napoleone: \"Marengo\/Wagram\/Austerlitz\". L'insieme \u00e8 sovrastato dal cappello bronzeo dell'ex imperatore, che si apre da un lato, rivelando un piccolo vaso portainchiostro in vetro.","provenienza":"","acquisizione":"Donazione Pierluigi Gerra (2025), gi\u00e0 comodato Gerra (2008)","compilatore_scheda":"","filegrani":"","stato_conservazione":"Molto buono","datazione":"","editore":"","esposizione":"Parma, Museo Glauco Lombardi, \"Napoleone in caricatura\", 18 aprile-4 ottobre 2015\r\nParma, Museo Glauco Lombardi, \"Napoleone 1821. La morte di Bonaparte: scenari, reazioni, conseguenze nel ducato di Parma\", 5 maggio-26 settembre 2021","autori":[{"nato":"","morto":"","opere":false,"ID":67623,"post_title":"Anonimo (seconda met\u00e0 sec. XIX)","post_content":"","post_excerpt":"","post_author":"2","post_date":"2022-10-20 17:12:19","post_date_gmt":"2022-10-20 15:12:19","post_status":"publish","comment_status":"closed","ping_status":"closed","post_password":"","post_name":"67623","to_ping":"","pinged":"","post_modified":"2025-02-01 14:12:26","post_modified_gmt":"2025-02-01 13:12:26","post_content_filtered":"","post_parent":0,"guid":"https:\/\/www.museoglaucolombardi.it\/?autore=67623","menu_order":0,"post_type":"autore","post_mime_type":"","comment_count":"0","comments":false,"id":67623}],"dediche":"","valore":"\u20ac 1.300,00","misure":"Base: cm 14 x 8\r\nAltezza max: cm 8","peso":"","valore_assicurativo":"","vecchio_inventario":"","_links":{"self":[{"href":"https:\/\/www.museoglaucolombardi.it\/en\/wp-json\/wp\/v2\/opera\/65268","targetHints":{"allow":["GET"]}}],"collection":[{"href":"https:\/\/www.museoglaucolombardi.it\/en\/wp-json\/wp\/v2\/opera"}],"about":[{"href":"https:\/\/www.museoglaucolombardi.it\/en\/wp-json\/wp\/v2\/types\/opera"}],"author":[{"embeddable":true,"href":"https:\/\/www.museoglaucolombardi.it\/en\/wp-json\/wp\/v2\/users\/2"}],"version-history":[{"count":7,"href":"https:\/\/www.museoglaucolombardi.it\/en\/wp-json\/wp\/v2\/opera\/65268\/revisions"}],"predecessor-version":[{"id":103173,"href":"https:\/\/www.museoglaucolombardi.it\/en\/wp-json\/wp\/v2\/opera\/65268\/revisions\/103173"}],"wp:featuredmedia":[{"embeddable":true,"href":"https:\/\/www.museoglaucolombardi.it\/en\/wp-json\/wp\/v2\/media\/48685"}],"wp:attachment":[{"href":"https:\/\/www.museoglaucolombardi.it\/en\/wp-json\/wp\/v2\/media?parent=65268"}],"wp:term":[{"taxonomy":"epoca","embeddable":true,"href":"https:\/\/www.museoglaucolombardi.it\/en\/wp-json\/wp\/v2\/epoca?post=65268"},{"taxonomy":"materiale","embeddable":true,"href":"https:\/\/www.museoglaucolombardi.it\/en\/wp-json\/wp\/v2\/materiale?post=65268"},{"taxonomy":"tecnica","embeddable":true,"href":"https:\/\/www.museoglaucolombardi.it\/en\/wp-json\/wp\/v2\/tecnica?post=65268"},{"taxonomy":"tipo","embeddable":true,"href":"https:\/\/www.museoglaucolombardi.it\/en\/wp-json\/wp\/v2\/tipo?post=65268"}],"curies":[{"name":"wp","href":"https:\/\/api.w.org\/{rel}","templated":true}]}}

L'oggetto fa parte di una serie di diciannove calamai, due bronzetti e una stampa di ispirazione napoleonica donati tra il 2008 e il 2025 (invv. 2547-2562, inv. 2564, invv. 2643-2644, invv. 2892-2893, inv. 2996). La produzione di memorabilia napoleoniche ebbe larga fortuna per tutto il XIX secolo, ben oltre la fine dell'Impero francese, fino ai primi decenni del XX secolo.
Delle battaglie ricordate dall'iscrizione, quella di Marengo, combattuta il 14 giugno 1800, segnò la definitiva sconfitta degli austriaci nella campagna d'Italia; Wagram segnò la sconfitta della quinta coalizione, tra il 5 e il 6 luglio 1809, conclusione delle ostilità che avevano minacciato la famiglia imperiale di Maria Luigia fino alle porte di Vienna, confermando il predominio sull'Europa che aveva ottenuto grazie al capolavoro di tattica militare ottenuto il 2 dicembre 1802 ad Austerlitz, dove era stata annientata la terza coalizione.

L'oggetto, che poggia su una importante base in marmo Verde Alpi, presenta un ramo d'alloro e una spada in ottone coperte da un cartiglio sul quale si leggono i nomi delle più celebri battaglie di Napoleone: "Marengo/Wagram/Austerlitz". L'insieme è sovrastato dal cappello bronzeo dell'ex imperatore, che si apre da un lato, rivelando un piccolo vaso portainchiostro in vetro.

Donazione Pierluigi Gerra (2025), già comodato Gerra (2008)

Anonimo (seconda metà sec. XIX)
