{"id":65224,"date":"2007-12-12T12:01:00","date_gmt":"2007-12-12T11:01:00","guid":{"rendered":"https:\/\/www.museoglaucolombardi.it\/opera\/65224\/"},"modified":"2025-01-30T13:24:53","modified_gmt":"2025-01-30T12:24:53","slug":"65224","status":"publish","type":"opera","link":"https:\/\/www.museoglaucolombardi.it\/en\/opera\/65224\/","title":{"rendered":"Busto di Napoleone Bonaparte"},"author":2,"featured_media":65226,"template":"","epoca":[],"materiale":[2772],"tecnica":[],"tipo":[3209],"class_list":["post-65224","opera","type-opera","status-publish","has-post-thumbnail","hentry","materiale-gesso","tipo-sculture"],"publishpress_future_workflow_manual_trigger":{"enabledWorkflows":[]},"bibliografia":"G. PAVANELLO, \"L'opera completa del Canova\", Rizzoli, Milano 1976, p. 109.\r\nAA.VV., \"Antonio Canova\" (catalogo della mostra), Marsilio Editori, Venezia 1992, pp. 306-307.\r\nF. SANDRINI (a cura di), \"Maria Luigia e le violette di Parma\", Parma, MUP 2008, ill. p. 13.\r\nAA.VV., \"Staging power. Napoleon-Charles John-Alexander\" (catalogo della mostra), Stoccolma, Nationalmuseum 2010, pp. 181-182.\r\nB. SAVOY (a cura di), \"Napoleon und Europa. Traum und trauma\" (catalogo della mostra), Berlino, Prestel 2010, p. 282 [ill.].\r\nTed Gott (scheda di), in AA.VV., \"Napoleon. Revolution to Empire\" (catalogo della mostra), Melbourne, National Gallery of Victoria 2012, pp. 236-237 [ill.].\r\nM. E. Ferrari, \"Carnet de voyage Viola Parma\", Roma, Pandion Edizioni 2020, [p. 36, ill. p. 37] .\r\nF. SANDRINI, \"Quando Napoleone divenne Augusto... o viceversa\", in \"Revue du Souvenir Napol\u00e9onien - Italia\", n. 3, dicembre 2020, pp. 15-19 [ill. p. 16 e p. 19].\r\nF. ANEDDA, \"I ritratti perduti. La damnatio memoriae dell'immagine di Napoleone a Parma\", in F. SANDRINI (a cura di), \"Napoleone 1821. La morte di Bonaparte: scenari, reazioni, conseguenze nel ducato di Parma\", Parma, STEP 2021, pp. 92-109, p. 105 [ill. p. 104].","denominazione":"Busto di Napoleone Bonaparte","nuovo_inventario":"2531","osservazioni":"L'opera \u00e8 pervenuta al Museo insieme all'erma colossale di Maria Luigia (inv. 2532) derivata dal marmo oggi in Biblioteca Palatina.\r\nIl busto \u00e8 ripreso da un identico esemplare in marmo di Antonio Canova (Chatsworth, Devonshire Collection), a sua volta in evidente relazione con la colossale statua di Napoleone come Marte pacificatore conservata al Wellington Museum (Apsley House) di Londra. Quest'ultima, commissionata allo scultore nel 1802 ma completata nel 1806, raggiunse Parigi nel 1811, quando Napoleone la consider\u00f2 ormai inadeguata a rappresentare la propria regale dignit\u00e0; fu pertanto acquisita dal governo britannico per farne dono al duca di Wellington, che aveva sconfitto Napoleone a Waterloo. Ne esiste una coeva versione in bronzo, sita nel cortile dell'Accademia di Brera a Milano, commissionata da Eugenio di Beauharnais al Righetti, del quale \u00e8 nota anche una copia ridotta oggi al Louvre, mentre al Museo Canova di Possagno si conserva il gesso preparatorio originale. Contemporaneamente al lavoro sulla grande statua, Canova dal 1803 produsse una serie di teste dell'imperatore, che replic\u00f2 sino al 1822, quando mor\u00ec. La prima, ritenuta originale, \u00e8 il gesso n. 145 della Gipsoteca di Possagno, mentre l'ultimo esemplare, da cui deriva l'esemplare del Museo Lombardi, fu ceduto al duca di Devonshire dalla marchesa di Aubercorn, che a sua volta lo aveva acquisito dall'abate Sartori, fratellastro della scultore. Ai busti di Napoleone direttamente provenienti dallo studio di Canova, si aggiunsero quelli fatti realizzare a Carrara da Elisa Baciocchi Bonaparte nell'ambito della produzione commemorativa dell'illustre fratello.\r\nNel maggio 1814 il busto di Canova \u00e8 documentato nell'Accademia di Belle Arti; nonostante l'epurazione dei simboli francesi imposta dalle truppe alleate, non fu distrutto perch\u00e9 trasformato nella \"testa d'Augusto Napoleonizzato\" e pertanto fu situato tra i modelli dell'arte, come autorizzato dal governo provvisorio il 21 maggio 1814 (cfr. Museo Lombardi, arch. Belle Arti, cont. 64, carp. 27\/10, fasc. 2). La scritta \"AVGvSTO.\" oggi visibile si spiega dunque alla luce di questa vicenda. Restano ignoti tempi e modalit\u00e0 con cui entr\u00f2 a far parte delle collezioni di Paolo Toschi.","serie_tiratura":"","chiavi":"","collocazione":"Atrio piano terra","descrizione":"","provenienza":"Accademia di Belle Arti di Parma; collezione Paolo Toschi","acquisizione":"Eredi Toschi (famiglie Agnetti e Artifoni)","compilatore_scheda":"","filegrani":"","stato_conservazione":"Buono. L'intervento di restauro del maggio 2008 (Opus Restauri) ha rimosso con una soluzione di acqua e acetone i tre strati di colore a tempera che ricoprivano la superficie del gesso; particolarmente spesso e tenace risultava l'ultimo strato, pi\u00f9 consistente degli altri bianchi sovrastanti. La superficie ha conservato solo una minima parte della patina originale, dilavata e corrosa (specialmente su collo e guancia destra) come se il busto fosse stato esposto temporaneamente agli agenti atmosferici. Questa ipotesi potrebbe spiegare quali atti vandalici anche le pennellate di colore ocra ritrovate durante la pulitura su volto, capelli e basamento, le quali sono state rimosse con acetone e bisturi. La pulitura ha parimenti portato alla luce sul basamento una scritta, \"AVGUSTO\", leggermente incisa e dipinta di nero. Durante l'intervento si sono anche evidenziate alcune lacune su basamento e volto, integrate con polyfilla e patinate all'acquerello, oltre a due affossamenti sulla fronte e sulla parte destra del busto, probabilmente causati da una forte collisione, che si \u00e8 deciso di non colmare.  Al termine del restauro si \u00e8 infine passato un panno di lana sull'intera superficie al fine di riacquistare un aspetto liscio e lucido senza l'utilizzo di sostanze trattanti.","datazione":"I met\u00e0 sec. XIX (post 1810)","editore":"","esposizione":"Bonn, Bundeskunsthalle, \"Napoleon und Europa. Traum und Trauma\", 17 dicembre 2010-25 aprile 2011\r\nMelbourne, National Gallery of Victoria, \"Napoleon. Revolution to Empire\", 2 giugno-7 ottobre 2012","autori":[{"nato":"Possagno, Treviso 1757","morto":"Venezia 1822","opere":false,"ID":66845,"post_title":"Antonio Canova","post_content":"","post_excerpt":"","post_author":"2","post_date":"2022-10-20 17:10:47","post_date_gmt":"2022-10-20 15:10:47","post_status":"publish","comment_status":"closed","ping_status":"closed","post_password":"","post_name":"66845","to_ping":"","pinged":"","post_modified":"2025-01-30 13:18:51","post_modified_gmt":"2025-01-30 12:18:51","post_content_filtered":"","post_parent":0,"guid":"https:\/\/www.museoglaucolombardi.it\/?autore=66845","menu_order":0,"post_type":"autore","post_mime_type":"","comment_count":"0","comments":false,"id":66845}],"dediche":"","valore":"","misure":"Diametro basamento: cm 30\r\nAltezza: cm 92","peso":"","valore_assicurativo":"","vecchio_inventario":"","_links":{"self":[{"href":"https:\/\/www.museoglaucolombardi.it\/en\/wp-json\/wp\/v2\/opera\/65224","targetHints":{"allow":["GET"]}}],"collection":[{"href":"https:\/\/www.museoglaucolombardi.it\/en\/wp-json\/wp\/v2\/opera"}],"about":[{"href":"https:\/\/www.museoglaucolombardi.it\/en\/wp-json\/wp\/v2\/types\/opera"}],"author":[{"embeddable":true,"href":"https:\/\/www.museoglaucolombardi.it\/en\/wp-json\/wp\/v2\/users\/2"}],"version-history":[{"count":9,"href":"https:\/\/www.museoglaucolombardi.it\/en\/wp-json\/wp\/v2\/opera\/65224\/revisions"}],"predecessor-version":[{"id":114370,"href":"https:\/\/www.museoglaucolombardi.it\/en\/wp-json\/wp\/v2\/opera\/65224\/revisions\/114370"}],"wp:featuredmedia":[{"embeddable":true,"href":"https:\/\/www.museoglaucolombardi.it\/en\/wp-json\/wp\/v2\/media\/65226"}],"wp:attachment":[{"href":"https:\/\/www.museoglaucolombardi.it\/en\/wp-json\/wp\/v2\/media?parent=65224"}],"wp:term":[{"taxonomy":"epoca","embeddable":true,"href":"https:\/\/www.museoglaucolombardi.it\/en\/wp-json\/wp\/v2\/epoca?post=65224"},{"taxonomy":"materiale","embeddable":true,"href":"https:\/\/www.museoglaucolombardi.it\/en\/wp-json\/wp\/v2\/materiale?post=65224"},{"taxonomy":"tecnica","embeddable":true,"href":"https:\/\/www.museoglaucolombardi.it\/en\/wp-json\/wp\/v2\/tecnica?post=65224"},{"taxonomy":"tipo","embeddable":true,"href":"https:\/\/www.museoglaucolombardi.it\/en\/wp-json\/wp\/v2\/tipo?post=65224"}],"curies":[{"name":"wp","href":"https:\/\/api.w.org\/{rel}","templated":true}]}}

G. PAVANELLO, "L'opera completa del Canova", Rizzoli, Milano 1976, p. 109.
AA.VV., "Antonio Canova" (catalogo della mostra), Marsilio Editori, Venezia 1992, pp. 306-307.
F. SANDRINI (a cura di), "Maria Luigia e le violette di Parma", Parma, MUP 2008, ill. p. 13.
AA.VV., "Staging power. Napoleon-Charles John-Alexander" (catalogo della mostra), Stoccolma, Nationalmuseum 2010, pp. 181-182.
B. SAVOY (a cura di), "Napoleon und Europa. Traum und trauma" (catalogo della mostra), Berlino, Prestel 2010, p. 282 [ill.].
Ted Gott (scheda di), in AA.VV., "Napoleon. Revolution to Empire" (catalogo della mostra), Melbourne, National Gallery of Victoria 2012, pp. 236-237 [ill.].
M. E. Ferrari, "Carnet de voyage Viola Parma", Roma, Pandion Edizioni 2020, [p. 36, ill. p. 37] .
F. SANDRINI, "Quando Napoleone divenne Augusto... o viceversa", in "Revue du Souvenir Napoléonien - Italia", n. 3, dicembre 2020, pp. 15-19 [ill. p. 16 e p. 19].
F. ANEDDA, "I ritratti perduti. La damnatio memoriae dell'immagine di Napoleone a Parma", in F. SANDRINI (a cura di), "Napoleone 1821. La morte di Bonaparte: scenari, reazioni, conseguenze nel ducato di Parma", Parma, STEP 2021, pp. 92-109, p. 105 [ill. p. 104].

L'opera è pervenuta al Museo insieme all'erma colossale di Maria Luigia (inv. 2532) derivata dal marmo oggi in Biblioteca Palatina.
Il busto è ripreso da un identico esemplare in marmo di Antonio Canova (Chatsworth, Devonshire Collection), a sua volta in evidente relazione con la colossale statua di Napoleone come Marte pacificatore conservata al Wellington Museum (Apsley House) di Londra. Quest'ultima, commissionata allo scultore nel 1802 ma completata nel 1806, raggiunse Parigi nel 1811, quando Napoleone la considerò ormai inadeguata a rappresentare la propria regale dignità; fu pertanto acquisita dal governo britannico per farne dono al duca di Wellington, che aveva sconfitto Napoleone a Waterloo. Ne esiste una coeva versione in bronzo, sita nel cortile dell'Accademia di Brera a Milano, commissionata da Eugenio di Beauharnais al Righetti, del quale è nota anche una copia ridotta oggi al Louvre, mentre al Museo Canova di Possagno si conserva il gesso preparatorio originale. Contemporaneamente al lavoro sulla grande statua, Canova dal 1803 produsse una serie di teste dell'imperatore, che replicò sino al 1822, quando morì. La prima, ritenuta originale, è il gesso n. 145 della Gipsoteca di Possagno, mentre l'ultimo esemplare, da cui deriva l'esemplare del Museo Lombardi, fu ceduto al duca di Devonshire dalla marchesa di Aubercorn, che a sua volta lo aveva acquisito dall'abate Sartori, fratellastro della scultore. Ai busti di Napoleone direttamente provenienti dallo studio di Canova, si aggiunsero quelli fatti realizzare a Carrara da Elisa Baciocchi Bonaparte nell'ambito della produzione commemorativa dell'illustre fratello.
Nel maggio 1814 il busto di Canova è documentato nell'Accademia di Belle Arti; nonostante l'epurazione dei simboli francesi imposta dalle truppe alleate, non fu distrutto perché trasformato nella "testa d'Augusto Napoleonizzato" e pertanto fu situato tra i modelli dell'arte, come autorizzato dal governo provvisorio il 21 maggio 1814 (cfr. Museo Lombardi, arch. Belle Arti, cont. 64, carp. 27/10, fasc. 2). La scritta "AVGvSTO." oggi visibile si spiega dunque alla luce di questa vicenda. Restano ignoti tempi e modalità con cui entrò a far parte delle collezioni di Paolo Toschi.

Buono. L'intervento di restauro del maggio 2008 (Opus Restauri) ha rimosso con una soluzione di acqua e acetone i tre strati di colore a tempera che ricoprivano la superficie del gesso; particolarmente spesso e tenace risultava l'ultimo strato, più consistente degli altri bianchi sovrastanti. La superficie ha conservato solo una minima parte della patina originale, dilavata e corrosa (specialmente su collo e guancia destra) come se il busto fosse stato esposto temporaneamente agli agenti atmosferici. Questa ipotesi potrebbe spiegare quali atti vandalici anche le pennellate di colore ocra ritrovate durante la pulitura su volto, capelli e basamento, le quali sono state rimosse con acetone e bisturi. La pulitura ha parimenti portato alla luce sul basamento una scritta, "AVGUSTO", leggermente incisa e dipinta di nero. Durante l'intervento si sono anche evidenziate alcune lacune su basamento e volto, integrate con polyfilla e patinate all'acquerello, oltre a due affossamenti sulla fronte e sulla parte destra del busto, probabilmente causati da una forte collisione, che si è deciso di non colmare.  Al termine del restauro si è infine passato un panno di lana sull'intera superficie al fine di riacquistare un aspetto liscio e lucido senza l'utilizzo di sostanze trattanti.

I metà sec. XIX (post 1810)
