{"id":65204,"date":"2007-02-24T13:32:00","date_gmt":"2007-02-24T12:32:00","guid":{"rendered":"https:\/\/www.museoglaucolombardi.it\/opera\/65204\/"},"modified":"2010-10-13T12:09:00","modified_gmt":"2010-10-13T10:09:00","slug":"65204","status":"publish","type":"opera","link":"https:\/\/www.museoglaucolombardi.it\/en\/opera\/65204\/","title":{"rendered":"Alzata del ponte di Santa Trinita a Firenze"},"author":0,"featured_media":48581,"template":"","epoca":[],"materiale":[],"tecnica":[3371],"tipo":[3212],"class_list":["post-65204","opera","type-opera","status-publish","has-post-thumbnail","hentry","tecnica-acquerello-monocromo-e-matita-su-carta","tipo-dipinti-e-acquerelli"],"publishpress_future_workflow_manual_trigger":{"enabledWorkflows":[]},"bibliografia":"","denominazione":"Alzata del ponte di Santa Trinita a Firenze","nuovo_inventario":"2526","osservazioni":"L'opera era contenuta all'interno di un fascicolo sciolto insieme agli invv. 2523-2527.\r\nBenjamin Gotthold Schlick fu architetto di fama internazionale, attivo in Italia, Francia, Inghilterra e nella natia Danimarca; nel 1828 Carlo X gli consegn\u00f2 la Legion d'Onore per i lavori architettonici svolti a Parigi, mentre a Londra entr\u00f2 in contatto con la Elkington & Co., azienda elettrotipica per la quale disegnava modelli e che egli stesso present\u00f2 a corte (si conserva ancora un curioso portainchiostro a forma di piede, disegnato sulla base delle antiche lampade romane, donato dal principe Alberto alla regina Vittoria in occasione del loro decimo anniversario). I suoi frequenti richiami alla classicit\u00e0 derivavano anche dalla partecipazione di Schlick agli scavi di Pompei nel 1839; a testimonianza di ci\u00f2, rimangono alcuni acquerelli passati in asta recentemente, che illustrano proprio vedute della citt\u00e0 riemersa dalla lava. Non sorprende dunque trovare l'architetto danese tra gli \"Accademici Consiglieri Corrispondenti\" della Ducale Accademia di Belle Arti di Parma a partire almeno dal 1835, sotto il ducato di Maria Luigia.","serie_tiratura":"","chiavi":"","collocazione":"Carpetta Disegni","descrizione":"Acquerello monocromo su carta salmone&nbsp;riquadrata, incollato su carta recante nella parte inferiore la scritta a matita 'Vue de la Mont\u00e9 du Pont St: Trinit\u00e9 \u00e0 Florence 1831'.\nL'acquerello \u00e8 firmato e datato in basso a sinistra 'B..G: Schlick 1831'.","provenienza":"","acquisizione":"","compilatore_scheda":"","filegrani":"","stato_conservazione":"Molto buono","datazione":"1831","editore":"","esposizione":"","autori":[{"nato":"1796","morto":"1872","opere":false,"ID":68321,"post_title":"Benjamin Gotthold Schlick","post_content":"","post_excerpt":"","post_author":"0","post_date":"2022-10-20 17:13:48","post_date_gmt":"2022-10-20 15:13:48","post_status":"publish","comment_status":"closed","ping_status":"closed","post_password":"","post_name":"68321","to_ping":"","pinged":"","post_modified":"2022-10-20 17:13:48","post_modified_gmt":"2022-10-20 15:13:48","post_content_filtered":"","post_parent":0,"guid":"https:\/\/www.museoglaucolombardi.it\/?autore=68321","menu_order":0,"post_type":"autore","post_mime_type":"","comment_count":"0","comments":false,"id":68321}],"dediche":"","valore":"","misure":"Carta di supporto: cm 25,2x19,9\r\nAcquerello: cm 20,5x16,3","peso":"","valore_assicurativo":"","vecchio_inventario":"","_links":{"self":[{"href":"https:\/\/www.museoglaucolombardi.it\/en\/wp-json\/wp\/v2\/opera\/65204","targetHints":{"allow":["GET"]}}],"collection":[{"href":"https:\/\/www.museoglaucolombardi.it\/en\/wp-json\/wp\/v2\/opera"}],"about":[{"href":"https:\/\/www.museoglaucolombardi.it\/en\/wp-json\/wp\/v2\/types\/opera"}],"version-history":[{"count":7,"href":"https:\/\/www.museoglaucolombardi.it\/en\/wp-json\/wp\/v2\/opera\/65204\/revisions"}],"predecessor-version":[{"id":103117,"href":"https:\/\/www.museoglaucolombardi.it\/en\/wp-json\/wp\/v2\/opera\/65204\/revisions\/103117"}],"wp:featuredmedia":[{"embeddable":true,"href":"https:\/\/www.museoglaucolombardi.it\/en\/wp-json\/wp\/v2\/media\/48581"}],"wp:attachment":[{"href":"https:\/\/www.museoglaucolombardi.it\/en\/wp-json\/wp\/v2\/media?parent=65204"}],"wp:term":[{"taxonomy":"epoca","embeddable":true,"href":"https:\/\/www.museoglaucolombardi.it\/en\/wp-json\/wp\/v2\/epoca?post=65204"},{"taxonomy":"materiale","embeddable":true,"href":"https:\/\/www.museoglaucolombardi.it\/en\/wp-json\/wp\/v2\/materiale?post=65204"},{"taxonomy":"tecnica","embeddable":true,"href":"https:\/\/www.museoglaucolombardi.it\/en\/wp-json\/wp\/v2\/tecnica?post=65204"},{"taxonomy":"tipo","embeddable":true,"href":"https:\/\/www.museoglaucolombardi.it\/en\/wp-json\/wp\/v2\/tipo?post=65204"}],"curies":[{"name":"wp","href":"https:\/\/api.w.org\/{rel}","templated":true}]}}

L'opera era contenuta all'interno di un fascicolo sciolto insieme agli invv. 2523-2527.
Benjamin Gotthold Schlick fu architetto di fama internazionale, attivo in Italia, Francia, Inghilterra e nella natia Danimarca; nel 1828 Carlo X gli consegnò la Legion d'Onore per i lavori architettonici svolti a Parigi, mentre a Londra entrò in contatto con la Elkington & Co., azienda elettrotipica per la quale disegnava modelli e che egli stesso presentò a corte (si conserva ancora un curioso portainchiostro a forma di piede, disegnato sulla base delle antiche lampade romane, donato dal principe Alberto alla regina Vittoria in occasione del loro decimo anniversario). I suoi frequenti richiami alla classicità derivavano anche dalla partecipazione di Schlick agli scavi di Pompei nel 1839; a testimonianza di ciò, rimangono alcuni acquerelli passati in asta recentemente, che illustrano proprio vedute della città riemersa dalla lava. Non sorprende dunque trovare l'architetto danese tra gli "Accademici Consiglieri Corrispondenti" della Ducale Accademia di Belle Arti di Parma a partire almeno dal 1835, sotto il ducato di Maria Luigia.

Acquerello monocromo su carta salmone&nbsp;riquadrata, incollato su carta recante nella parte inferiore la scritta a matita 'Vue de la Monté du Pont St: Trinité à Florence 1831'.
L'acquerello è firmato e datato in basso a sinistra 'B..G: Schlick 1831'.
