{"id":65014,"date":"2009-08-12T20:36:00","date_gmt":"2009-08-12T18:36:00","guid":{"rendered":"https:\/\/www.museoglaucolombardi.it\/opera\/65014\/"},"modified":"2019-11-26T13:51:00","modified_gmt":"2019-11-26T12:51:00","slug":"65014","status":"publish","type":"opera","link":"https:\/\/www.museoglaucolombardi.it\/en\/opera\/65014\/","title":{"rendered":"Maria Luigia Principessa Imperiale, Arciduchessa d&#8217;Austria, Duchessa di Parma, Piacenza e Guastalla"},"author":0,"featured_media":48201,"template":"","epoca":[],"materiale":[],"tecnica":[3315],"tipo":[3240],"class_list":["post-65014","opera","type-opera","status-publish","has-post-thumbnail","hentry","tecnica-maniera-punteggiata","tipo-stampe"],"publishpress_future_workflow_manual_trigger":{"enabledWorkflows":[]},"bibliografia":"THIEME-BECKER, \"Kunstlerlexikon\", Lipsia 1938, ad vocem.\r\nM. PELLEGRI, \"Il museo Glauco Lombardi\", Parma, Battei 1984, p. 160.\r\nM. C. TESTA, \"La Duchessa\", Parma, PPS 1996, pp. LXXIII-LXXIV.\r\nF. SANDRINI (a cura di), \"Glauco Lombardi (1881-1970) molto pi\u00f9 di un collezionista\", Parma, Grafiche STEP 2011, p. 103, nota 225.\r\nF. SANDRINI (a cura di), \"Parma 1816: dal ministro Magawly alla duchessa Maria Luigia\", Parma, Graphital 2016, p. 210.\r\nF. SANDRINI (a cura di), \"I volti di Maria Luigia. La fortuna dei ritratti a stampa di Maria Luigia\", Parma, STEP 2018, p. 119 [ill.].","denominazione":"Maria Luigia Principessa Imperiale, Arciduchessa d'Austria, Duchessa di Parma, Piacenza e Guastalla","nuovo_inventario":"925","osservazioni":"In cornice di legno dorato in foglia.\r\nUn foglio inciso da Rados raffigurante Maria Luigia \u00e8 citato nell'inventario delle stampe raccolte da Paolo Toschi, conservato nell'archivio del Museo (cont. 55, fasc. 32 e cont. 54, busta 3).","serie_tiratura":"","chiavi":"","collocazione":"Deposito temporaneo","descrizione":"Maria Luigia \u00e8 rappresentata in piedi e tiene nella destra un ventaglio chiuso. \n\"Dessin\u00e9 par J.B.Bosio ancien Prof.r de l'Ecole Polytechnique de Paris - D\u00e9pos\u00e9 \u00e0 la Biliot\u00e9que Royale - Grav\u00e9 \u00e0 Milan par Louis Rados de Parme MARIE LOUISE PRINCESSE IMPER.LE Archiduchesse d'Autriche, Duchesse de Parme Plaisance, et Guastalle &C &C Milan chez le Freres Ubicini rue des Servi N\u00b0 506\".","provenienza":"","acquisizione":"Probabilmente acquistato da Glauco Lombardi presso l'antiquario parmigiano Giuseppe Podest\u00e0 tra 1915 e 1920","compilatore_scheda":"","filegrani":"","stato_conservazione":"Abbastanza buono; l'incisione \u00e8 stata restaurata (pulitura a secco del recto e del verso, prove solubilit\u00e0 degli inchiostri e ph, fissaggio dei colori, lavaggio e deacidificazione in idrossido di calcio, rinforzo e spianamento, restauro) nel gennaio 2007.","datazione":"post 1815","editore":"Fratelli Ubicini, Milano","esposizione":"Parma, Museo Glauco Lombardi, \"I volti di Maria Luigia. La fortuna dei ritratti a stampa di Maria Luigia d'Asburgo\", 8 dicembre 2018-31 marzo 2019","autori":[{"nato":"Parma 1773","morto":"Milano 1840 o 1844","opere":false,"ID":68221,"post_title":"Luigi Rados","post_content":"","post_excerpt":"","post_author":"2","post_date":"2022-10-20 17:13:36","post_date_gmt":"2022-10-20 15:13:36","post_status":"publish","comment_status":"closed","ping_status":"closed","post_password":"","post_name":"68221","to_ping":"","pinged":"","post_modified":"2025-01-28 11:07:00","post_modified_gmt":"2025-01-28 10:07:00","post_content_filtered":"","post_parent":0,"guid":"https:\/\/www.museoglaucolombardi.it\/?autore=68221","menu_order":0,"post_type":"autore","post_mime_type":"","comment_count":"0","comments":false,"id":68221},{"nato":"1764","morto":"1827","opere":false,"ID":67017,"post_title":"Jean-Baptiste-Fran\u00e7ois Bosio","post_content":"Allievo di David e autore di un \"Trait\u00e9 \u00e9l\u00e9mentaire des r\u00e8gles du dessin; par le citoyen Bosio, (\u00e9l\u00e8ve de David) Peintre d'Histoire, et Professeur de Dessin \u00e0 l'\u00c9cole Polytechnique, Paris: chez l'Auteur et chez Tiger, an IX (1801)\", ha collaborato in varie occasioni con l`incisore Luigi Rados.","post_excerpt":"","post_author":"0","post_date":"2022-10-20 17:11:07","post_date_gmt":"2022-10-20 15:11:07","post_status":"publish","comment_status":"closed","ping_status":"closed","post_password":"","post_name":"67017","to_ping":"","pinged":"","post_modified":"2022-10-20 17:11:07","post_modified_gmt":"2022-10-20 15:11:07","post_content_filtered":"","post_parent":0,"guid":"https:\/\/www.museoglaucolombardi.it\/?autore=67017","menu_order":0,"post_type":"autore","post_mime_type":"","comment_count":"0","comments":false,"id":67017}],"dediche":"","valore":"\u20ac 1.500,00","misure":"cm 67,5 x 49,7\r\nC.C.: cm 112,3 x 77,9 x 4,1","peso":"","valore_assicurativo":"","vecchio_inventario":"95","_links":{"self":[{"href":"https:\/\/www.museoglaucolombardi.it\/en\/wp-json\/wp\/v2\/opera\/65014","targetHints":{"allow":["GET"]}}],"collection":[{"href":"https:\/\/www.museoglaucolombardi.it\/en\/wp-json\/wp\/v2\/opera"}],"about":[{"href":"https:\/\/www.museoglaucolombardi.it\/en\/wp-json\/wp\/v2\/types\/opera"}],"version-history":[{"count":7,"href":"https:\/\/www.museoglaucolombardi.it\/en\/wp-json\/wp\/v2\/opera\/65014\/revisions"}],"predecessor-version":[{"id":102927,"href":"https:\/\/www.museoglaucolombardi.it\/en\/wp-json\/wp\/v2\/opera\/65014\/revisions\/102927"}],"wp:featuredmedia":[{"embeddable":true,"href":"https:\/\/www.museoglaucolombardi.it\/en\/wp-json\/wp\/v2\/media\/48201"}],"wp:attachment":[{"href":"https:\/\/www.museoglaucolombardi.it\/en\/wp-json\/wp\/v2\/media?parent=65014"}],"wp:term":[{"taxonomy":"epoca","embeddable":true,"href":"https:\/\/www.museoglaucolombardi.it\/en\/wp-json\/wp\/v2\/epoca?post=65014"},{"taxonomy":"materiale","embeddable":true,"href":"https:\/\/www.museoglaucolombardi.it\/en\/wp-json\/wp\/v2\/materiale?post=65014"},{"taxonomy":"tecnica","embeddable":true,"href":"https:\/\/www.museoglaucolombardi.it\/en\/wp-json\/wp\/v2\/tecnica?post=65014"},{"taxonomy":"tipo","embeddable":true,"href":"https:\/\/www.museoglaucolombardi.it\/en\/wp-json\/wp\/v2\/tipo?post=65014"}],"curies":[{"name":"wp","href":"https:\/\/api.w.org\/{rel}","templated":true}]}}

THIEME-BECKER, "Kunstlerlexikon", Lipsia 1938, ad vocem.
M. PELLEGRI, "Il museo Glauco Lombardi", Parma, Battei 1984, p. 160.
M. C. TESTA, "La Duchessa", Parma, PPS 1996, pp. LXXIII-LXXIV.
F. SANDRINI (a cura di), "Glauco Lombardi (1881-1970) molto più di un collezionista", Parma, Grafiche STEP 2011, p. 103, nota 225.
F. SANDRINI (a cura di), "Parma 1816: dal ministro Magawly alla duchessa Maria Luigia", Parma, Graphital 2016, p. 210.
F. SANDRINI (a cura di), "I volti di Maria Luigia. La fortuna dei ritratti a stampa di Maria Luigia", Parma, STEP 2018, p. 119 [ill.].

In cornice di legno dorato in foglia.
Un foglio inciso da Rados raffigurante Maria Luigia è citato nell'inventario delle stampe raccolte da Paolo Toschi, conservato nell'archivio del Museo (cont. 55, fasc. 32 e cont. 54, busta 3).

Maria Luigia è rappresentata in piedi e tiene nella destra un ventaglio chiuso. 
"Dessiné par J.B.Bosio ancien Prof.r de l'Ecole Polytechnique de Paris - Déposé à la Biliotéque Royale - Gravé à Milan par Louis Rados de Parme MARIE LOUISE PRINCESSE IMPER.LE Archiduchesse d'Autriche, Duchesse de Parme Plaisance, et Guastalle &C &C Milan chez le Freres Ubicini rue des Servi N° 506".

Probabilmente acquistato da Glauco Lombardi presso l'antiquario parmigiano Giuseppe Podestà tra 1915 e 1920

Abbastanza buono; l'incisione è stata restaurata (pulitura a secco del recto e del verso, prove solubilità degli inchiostri e ph, fissaggio dei colori, lavaggio e deacidificazione in idrossido di calcio, rinforzo e spianamento, restauro) nel gennaio 2007.

Jean-Baptiste-François Bosio

Allievo di David e autore di un "Traité élémentaire des règles du dessin; par le citoyen Bosio, (élève de David) Peintre d'Histoire, et Professeur de Dessin à l'École Polytechnique, Paris: chez l'Auteur et chez Tiger, an IX (1801)", ha collaborato in varie occasioni con l`incisore Luigi Rados.
