{"id":64862,"date":"2009-08-12T20:36:00","date_gmt":"2009-08-12T18:36:00","guid":{"rendered":"https:\/\/www.museoglaucolombardi.it\/opera\/64862\/"},"modified":"2012-12-20T09:28:00","modified_gmt":"2012-12-20T08:28:00","slug":"64862","status":"publish","type":"opera","link":"https:\/\/www.museoglaucolombardi.it\/en\/opera\/64862\/","title":{"rendered":"Dominique Artaria"},"author":0,"featured_media":47897,"template":"","epoca":[],"materiale":[],"tecnica":[3272],"tipo":[3240],"class_list":["post-64862","opera","type-opera","status-publish","has-post-thumbnail","hentry","tecnica-acquaforte","tipo-stampe"],"publishpress_future_workflow_manual_trigger":{"enabledWorkflows":[]},"bibliografia":"","denominazione":"Dominique Artaria","nuovo_inventario":"1388","osservazioni":"Un esemplare dell'incisione \u00e8 citato nellinventario delle stampe raccolte da Paolo Toschi conservato nell'archivio del Museo (cont. 55, fasc. 32).","serie_tiratura":"","chiavi":"","collocazione":"Carpetta Studio Toschi","descrizione":"L'incisione riproduce un dipinto di P.Krafft del 1815.\n\"Peint par P.Krafft a Vienne en 1815 - Grav\u00e9 par L.E.Grimm Dominique Artaria N\u00e9 \u00e0 Blevio sur le Lac de Come le 23 Mai 1765, D\u00e9c\u00e9d\u00e9 \u00e0 Mannheim le 2 Janvier 1823, D\u00e9di\u00e9 \u00e0 ses nombreux amis Par son Fr\u00e8res Jean Marie Artaria\"","provenienza":"Raccolta Toschi (?)","acquisizione":"","compilatore_scheda":"","filegrani":"","stato_conservazione":"Buono; la carta presenta rare tracce di muffa.","datazione":"","editore":"","esposizione":"","autori":[{"nato":"Steinau, 1790","morto":"Kassel, 1863","opere":false,"ID":67273,"post_title":"Ludwig Emil Grimm","post_content":"","post_excerpt":"","post_author":"0","post_date":"2022-10-20 17:11:37","post_date_gmt":"2022-10-20 15:11:37","post_status":"publish","comment_status":"closed","ping_status":"closed","post_password":"","post_name":"67273","to_ping":"","pinged":"","post_modified":"2022-10-20 17:11:37","post_modified_gmt":"2022-10-20 15:11:37","post_content_filtered":"","post_parent":0,"guid":"https:\/\/www.museoglaucolombardi.it\/?autore=67273","menu_order":0,"post_type":"autore","post_mime_type":"","comment_count":"0","comments":false,"id":67273}],"dediche":"","valore":"\u20ac 300,00","misure":"cm 24,5 x 18,2","peso":"","valore_assicurativo":"","vecchio_inventario":"171","_links":{"self":[{"href":"https:\/\/www.museoglaucolombardi.it\/en\/wp-json\/wp\/v2\/opera\/64862","targetHints":{"allow":["GET"]}}],"collection":[{"href":"https:\/\/www.museoglaucolombardi.it\/en\/wp-json\/wp\/v2\/opera"}],"about":[{"href":"https:\/\/www.museoglaucolombardi.it\/en\/wp-json\/wp\/v2\/types\/opera"}],"version-history":[{"count":7,"href":"https:\/\/www.museoglaucolombardi.it\/en\/wp-json\/wp\/v2\/opera\/64862\/revisions"}],"predecessor-version":[{"id":102775,"href":"https:\/\/www.museoglaucolombardi.it\/en\/wp-json\/wp\/v2\/opera\/64862\/revisions\/102775"}],"wp:featuredmedia":[{"embeddable":true,"href":"https:\/\/www.museoglaucolombardi.it\/en\/wp-json\/wp\/v2\/media\/47897"}],"wp:attachment":[{"href":"https:\/\/www.museoglaucolombardi.it\/en\/wp-json\/wp\/v2\/media?parent=64862"}],"wp:term":[{"taxonomy":"epoca","embeddable":true,"href":"https:\/\/www.museoglaucolombardi.it\/en\/wp-json\/wp\/v2\/epoca?post=64862"},{"taxonomy":"materiale","embeddable":true,"href":"https:\/\/www.museoglaucolombardi.it\/en\/wp-json\/wp\/v2\/materiale?post=64862"},{"taxonomy":"tecnica","embeddable":true,"href":"https:\/\/www.museoglaucolombardi.it\/en\/wp-json\/wp\/v2\/tecnica?post=64862"},{"taxonomy":"tipo","embeddable":true,"href":"https:\/\/www.museoglaucolombardi.it\/en\/wp-json\/wp\/v2\/tipo?post=64862"}],"curies":[{"name":"wp","href":"https:\/\/api.w.org\/{rel}","templated":true}]}}

Un esemplare dell'incisione è citato nellinventario delle stampe raccolte da Paolo Toschi conservato nell'archivio del Museo (cont. 55, fasc. 32).

L'incisione riproduce un dipinto di P.Krafft del 1815.
"Peint par P.Krafft a Vienne en 1815 - Gravé par L.E.Grimm Dominique Artaria Né à Blevio sur le Lac de Come le 23 Mai 1765, Décédé à Mannheim le 2 Janvier 1823, Dédié à ses nombreux amis Par son Frères Jean Marie Artaria"
