{"id":64570,"date":"2009-08-12T20:36:00","date_gmt":"2009-08-12T18:36:00","guid":{"rendered":"https:\/\/www.museoglaucolombardi.it\/opera\/64570\/"},"modified":"2012-11-07T14:49:00","modified_gmt":"2012-11-07T13:49:00","slug":"64570","status":"publish","type":"opera","link":"https:\/\/www.museoglaucolombardi.it\/en\/opera\/64570\/","title":{"rendered":"Testa di leone"},"author":0,"featured_media":64572,"template":"","epoca":[],"materiale":[],"tecnica":[3213],"tipo":[3212],"class_list":["post-64570","opera","type-opera","status-publish","has-post-thumbnail","hentry","tecnica-olio-su-tela","tipo-dipinti-e-acquerelli"],"publishpress_future_workflow_manual_trigger":{"enabledWorkflows":[]},"bibliografia":"AA.VV., \"L\u2019arte a Parma dai Farnese ai Borbone\" (catalogo della mostra), Bologna, Edizioni Alfa 1979, p.104.\r\nAA.VV., \"Giuseppe Baldrighi\" (catalogo della mostra), Comune di Stradella 1984, tav.3 (con scheda).\r\nF. SANDRINI, \"Glauco Lombardi e il suo museo\", in \"Aurea Parma\" anno XC, fasc. III, Parma 2006, pp. 301-324: pp. 312-313.\r\nAA.VV., \"Bestie. Animali reali e fantastici nell'arte europea dal Medioevo al primo Novecento\" (catalogo della mostra), Milano, Silvana Editoriale, pp. 197-198 [ill. p. 139].","denominazione":"Testa di leone","nuovo_inventario":"641","osservazioni":"In cornice di legno dorato.\r\nL'opera, insieme ad una \"Testa di iena\", una \"Testa di tigre\" ed un'\"Aquila\" (tutte in raccolte private), risale quasi certamente al soggiorno parigino del Baldrighi (1752-56). Una replica (gi\u00e0 attribuita a Oudry) della \"Testa di leone\" \u00e8 presente presso il Cleveland Museum of Art, ove pervenne per una donazione del collezionista Noah Butkin, ma pare che in passato l'opera avesse fatto parte della raccolta del conte danese Otto Thott (Gavnoe Castle), vissuto nel XVIII secolo.","serie_tiratura":"","chiavi":"","collocazione":"Deposito","descrizione":"","provenienza":"","acquisizione":"L'opera fu acquistata dal prof. Lombardi dalla signora Godi-Toschi","compilatore_scheda":"","filegrani":"","stato_conservazione":"Buono; la tela \u00e8 stata restaurata (Ma.ni. restauri) nel 2011 in occasione della mostra al Filatoio di Caraglio. Si \u00e8 rimosso lo strato di vernice pi\u00f9 superficiale eliminando l\u2019eccesso di tonalit\u00e0 ambrata e le ossidazioni della vernice; sono state tolte anche integrazioni pittoriche precedenti e integrate le lacune.","datazione":"1752-1756","editore":"","esposizione":"Parma, Palazzo della Pilotta, X Biennale d'arte antica, \"L'arte a Parma dai Farnese ai Borbone\", 22 settembre-22 dicembre 1979\r\nStradella (PV), Palazzo Isimbardi, \"Giuseppe Baldrighi\", 18-25 novembre 1984\r\nCaraglio, Il Filatoio, \"Bestie. Animali reali e fantastici nell'arte europea dal Medioevo al primo Novecento\", 26 febbraio-5 giugno 2011","autori":[{"nato":"Stradella, Pavia, 1722","morto":"Parma, 1803","opere":false,"ID":67521,"post_title":"Giuseppe Baldrighi","post_content":"","post_excerpt":"","post_author":"0","post_date":"2022-10-20 17:12:07","post_date_gmt":"2022-10-20 15:12:07","post_status":"publish","comment_status":"closed","ping_status":"closed","post_password":"","post_name":"67521","to_ping":"","pinged":"","post_modified":"2022-10-20 17:12:07","post_modified_gmt":"2022-10-20 15:12:07","post_content_filtered":"","post_parent":0,"guid":"https:\/\/www.museoglaucolombardi.it\/?autore=67521","menu_order":0,"post_type":"autore","post_mime_type":"","comment_count":"0","comments":false,"id":67521}],"dediche":"","valore":"25.000,00","misure":"S.C.: cm 77,7 x 61,5\r\nC.C.: cm 90,7 x 74,8 x 4,7","peso":"","valore_assicurativo":"","vecchio_inventario":"48 bis","_links":{"self":[{"href":"https:\/\/www.museoglaucolombardi.it\/en\/wp-json\/wp\/v2\/opera\/64570","targetHints":{"allow":["GET"]}}],"collection":[{"href":"https:\/\/www.museoglaucolombardi.it\/en\/wp-json\/wp\/v2\/opera"}],"about":[{"href":"https:\/\/www.museoglaucolombardi.it\/en\/wp-json\/wp\/v2\/types\/opera"}],"version-history":[{"count":7,"href":"https:\/\/www.museoglaucolombardi.it\/en\/wp-json\/wp\/v2\/opera\/64570\/revisions"}],"predecessor-version":[{"id":102489,"href":"https:\/\/www.museoglaucolombardi.it\/en\/wp-json\/wp\/v2\/opera\/64570\/revisions\/102489"}],"wp:featuredmedia":[{"embeddable":true,"href":"https:\/\/www.museoglaucolombardi.it\/en\/wp-json\/wp\/v2\/media\/64572"}],"wp:attachment":[{"href":"https:\/\/www.museoglaucolombardi.it\/en\/wp-json\/wp\/v2\/media?parent=64570"}],"wp:term":[{"taxonomy":"epoca","embeddable":true,"href":"https:\/\/www.museoglaucolombardi.it\/en\/wp-json\/wp\/v2\/epoca?post=64570"},{"taxonomy":"materiale","embeddable":true,"href":"https:\/\/www.museoglaucolombardi.it\/en\/wp-json\/wp\/v2\/materiale?post=64570"},{"taxonomy":"tecnica","embeddable":true,"href":"https:\/\/www.museoglaucolombardi.it\/en\/wp-json\/wp\/v2\/tecnica?post=64570"},{"taxonomy":"tipo","embeddable":true,"href":"https:\/\/www.museoglaucolombardi.it\/en\/wp-json\/wp\/v2\/tipo?post=64570"}],"curies":[{"name":"wp","href":"https:\/\/api.w.org\/{rel}","templated":true}]}}

In cornice di legno dorato.
L'opera, insieme ad una "Testa di iena", una "Testa di tigre" ed un'"Aquila" (tutte in raccolte private), risale quasi certamente al soggiorno parigino del Baldrighi (1752-56). Una replica (già attribuita a Oudry) della "Testa di leone" è presente presso il Cleveland Museum of Art, ove pervenne per una donazione del collezionista Noah Butkin, ma pare che in passato l'opera avesse fatto parte della raccolta del conte danese Otto Thott (Gavnoe Castle), vissuto nel XVIII secolo.

Buono; la tela è stata restaurata (Ma.ni. restauri) nel 2011 in occasione della mostra al Filatoio di Caraglio. Si è rimosso lo strato di vernice più superficiale eliminando l’eccesso di tonalità ambrata e le ossidazioni della vernice; sono state tolte anche integrazioni pittoriche precedenti e integrate le lacune.
