{"id":64344,"date":"2009-08-12T20:36:00","date_gmt":"2009-08-12T18:36:00","guid":{"rendered":"https:\/\/www.museoglaucolombardi.it\/opera\/64344\/"},"modified":"2025-01-25T09:40:42","modified_gmt":"2025-01-25T08:40:42","slug":"64344","status":"publish","type":"opera","link":"https:\/\/www.museoglaucolombardi.it\/en\/opera\/64344\/","title":{"rendered":"Ritratto di M\u00e9d\u00e9ric Louis-Elie Moreau de Saint-M\u00e9ry, amministratore generale degli Stati di Parma, Piacenza e Guastalla"},"author":2,"featured_media":46894,"template":"","epoca":[],"materiale":[],"tecnica":[3216],"tipo":[3217],"class_list":["post-64344","opera","type-opera","status-publish","has-post-thumbnail","hentry","tecnica-carboncino-su-carta","tipo-disegni"],"publishpress_future_workflow_manual_trigger":{"enabledWorkflows":[]},"bibliografia":"M. PELLEGRI, \"Il museo Glauco Lombardi\", Parma, Battei 1984, p. 118.\r\nG. GODI, G. CARRARA, \"Fondazione Museo Glauco Lombardi\", Parma, Step 1984 (1994), pp. 199-200.\r\n\"Museo Glauco Lombardi\", Milano, TCI 2003, p. 124.\r\nF. CIOCCOLO, \"Artiste a Parma e a Milano. La creativit\u00e0 femminile fra obbligo pedagogico e veto istituzionale\", in \"Memorie della Classe di Scienze Morali\" n. 24.3, Torino 2000, pp. 325-363, p. 346.\r\nM. ZANNONI, \"Napoleone Bonaparte a Parma nel 1805\", Parma 2006, ill. p. 14.\r\nM. CAPRETTI, P. MESOLELLA, \"L'abate don Pietro Antonio Maria Zani fidentino autore dell'Enciclopedia Metodica Critico-Ragionata delle Belle Arti\", Parma, Toriazzi 2016, ill. p. 58.\r\nF. ANEDDA, \"I ritratti perduti. La damnatio memoriae dell'immagine di Napoleone a Parma\", in F. SANDRINI (a cura di), \"Napoleone 1821. La morte di Bonaparte: scenari, reazioni, conseguenze nel ducato di Parma\", Parma, STEP 2021, pp. 92-109, p. 97 [ill.].\r\nS. E. Johnson, \"<em>Encyclop\u00e9die noire<\/em>. The making of Moreau de Saint-M\u00e9ry's Intellectual World\", Williamsburg, Omohundro Institute of Early American History and Culture-University of North Carolina Press 2023, ill. p. 61.","denominazione":"Ritratto di M\u00e9d\u00e9ric Louis-Elie Moreau de Saint-M\u00e9ry, amministratore generale degli Stati di Parma, Piacenza e Guastalla","nuovo_inventario":"373","osservazioni":"Il conte M\u00e9d\u00e9ric Louis Moreau de Saint-M\u00e9ry (1750-1819) fu inviato a Parma da Napoleone nel 1801 per far rispettare al duca don Ferdinando di Borbone i trattati internazionali tra Francia e Spagna; dal 1802 fu amministratore dei territori ducali per quattro anni.\r\nTradizionalmente attribuito a Jean Baptiste Isabey, il ritratto per qualit\u00e0 non pare tuttavia all'altezza del pittore francese. Interessante appare il confronto con il ritratto del Saint-M\u00e9ry realizzato dalla figlia Am\u00e9naide nel 1802, conservato presso la Galleria Nazionale di Parma (inv. 105); Floriana Cioccolo suggerisce di assegnare anche la presente copia alla mano di Am\u00e9naide, attribuzione sostenuta recentemente anche da Anedda.\r\nIn cornice di legno nero e dorato in foglia.","serie_tiratura":"","chiavi":"","collocazione":"Sala Francesi","descrizione":"Sui fogli che tiene in mano l'effigiato si legge: \"Conseil d'E\/Section\/Legislation\/Rapport\".","provenienza":"","acquisizione":"","compilatore_scheda":"","filegrani":"","stato_conservazione":"Buono","datazione":"","editore":"","esposizione":"","autori":[{"nato":"","morto":"","opere":false,"ID":67091,"post_title":"Anonimo inizi sec. XIX","post_content":"","post_excerpt":"","post_author":"0","post_date":"2022-10-20 17:11:15","post_date_gmt":"2022-10-20 15:11:15","post_status":"publish","comment_status":"closed","ping_status":"closed","post_password":"","post_name":"67091","to_ping":"","pinged":"","post_modified":"2022-10-20 17:11:16","post_modified_gmt":"2022-10-20 15:11:16","post_content_filtered":"","post_parent":0,"guid":"https:\/\/www.museoglaucolombardi.it\/?autore=67091","menu_order":0,"post_type":"autore","post_mime_type":"","comment_count":"0","comments":false,"id":67091}],"dediche":"","valore":"4.000,00","misure":"S.C.: cm 26,2 x 20,8\r\nC.C.: cm 40,5 x 35,2 x 5,5","peso":"","valore_assicurativo":"","vecchio_inventario":"423","_links":{"self":[{"href":"https:\/\/www.museoglaucolombardi.it\/en\/wp-json\/wp\/v2\/opera\/64344","targetHints":{"allow":["GET"]}}],"collection":[{"href":"https:\/\/www.museoglaucolombardi.it\/en\/wp-json\/wp\/v2\/opera"}],"about":[{"href":"https:\/\/www.museoglaucolombardi.it\/en\/wp-json\/wp\/v2\/types\/opera"}],"author":[{"embeddable":true,"href":"https:\/\/www.museoglaucolombardi.it\/en\/wp-json\/wp\/v2\/users\/2"}],"version-history":[{"count":9,"href":"https:\/\/www.museoglaucolombardi.it\/en\/wp-json\/wp\/v2\/opera\/64344\/revisions"}],"predecessor-version":[{"id":114331,"href":"https:\/\/www.museoglaucolombardi.it\/en\/wp-json\/wp\/v2\/opera\/64344\/revisions\/114331"}],"wp:featuredmedia":[{"embeddable":true,"href":"https:\/\/www.museoglaucolombardi.it\/en\/wp-json\/wp\/v2\/media\/46894"}],"wp:attachment":[{"href":"https:\/\/www.museoglaucolombardi.it\/en\/wp-json\/wp\/v2\/media?parent=64344"}],"wp:term":[{"taxonomy":"epoca","embeddable":true,"href":"https:\/\/www.museoglaucolombardi.it\/en\/wp-json\/wp\/v2\/epoca?post=64344"},{"taxonomy":"materiale","embeddable":true,"href":"https:\/\/www.museoglaucolombardi.it\/en\/wp-json\/wp\/v2\/materiale?post=64344"},{"taxonomy":"tecnica","embeddable":true,"href":"https:\/\/www.museoglaucolombardi.it\/en\/wp-json\/wp\/v2\/tecnica?post=64344"},{"taxonomy":"tipo","embeddable":true,"href":"https:\/\/www.museoglaucolombardi.it\/en\/wp-json\/wp\/v2\/tipo?post=64344"}],"curies":[{"name":"wp","href":"https:\/\/api.w.org\/{rel}","templated":true}]}}

Ritratto di Médéric Louis-Elie Moreau de Saint-Méry, amministratore generale degli Stati di Parma, Piacenza e Guastalla

M. PELLEGRI, "Il museo Glauco Lombardi", Parma, Battei 1984, p. 118.
G. GODI, G. CARRARA, "Fondazione Museo Glauco Lombardi", Parma, Step 1984 (1994), pp. 199-200.
"Museo Glauco Lombardi", Milano, TCI 2003, p. 124.
F. CIOCCOLO, "Artiste a Parma e a Milano. La creatività femminile fra obbligo pedagogico e veto istituzionale", in "Memorie della Classe di Scienze Morali" n. 24.3, Torino 2000, pp. 325-363, p. 346.
M. ZANNONI, "Napoleone Bonaparte a Parma nel 1805", Parma 2006, ill. p. 14.
M. CAPRETTI, P. MESOLELLA, "L'abate don Pietro Antonio Maria Zani fidentino autore dell'Enciclopedia Metodica Critico-Ragionata delle Belle Arti", Parma, Toriazzi 2016, ill. p. 58.
F. ANEDDA, "I ritratti perduti. La damnatio memoriae dell'immagine di Napoleone a Parma", in F. SANDRINI (a cura di), "Napoleone 1821. La morte di Bonaparte: scenari, reazioni, conseguenze nel ducato di Parma", Parma, STEP 2021, pp. 92-109, p. 97 [ill.].
S. E. Johnson, "<em>Encyclopédie noire</em>. The making of Moreau de Saint-Méry's Intellectual World", Williamsburg, Omohundro Institute of Early American History and Culture-University of North Carolina Press 2023, ill. p. 61.

Il conte Médéric Louis Moreau de Saint-Méry (1750-1819) fu inviato a Parma da Napoleone nel 1801 per far rispettare al duca don Ferdinando di Borbone i trattati internazionali tra Francia e Spagna; dal 1802 fu amministratore dei territori ducali per quattro anni.
Tradizionalmente attribuito a Jean Baptiste Isabey, il ritratto per qualità non pare tuttavia all'altezza del pittore francese. Interessante appare il confronto con il ritratto del Saint-Méry realizzato dalla figlia Aménaide nel 1802, conservato presso la Galleria Nazionale di Parma (inv. 105); Floriana Cioccolo suggerisce di assegnare anche la presente copia alla mano di Aménaide, attribuzione sostenuta recentemente anche da Anedda.
In cornice di legno nero e dorato in foglia.
