{"id":64342,"date":"2009-08-12T20:36:00","date_gmt":"2009-08-12T18:36:00","guid":{"rendered":"https:\/\/www.museoglaucolombardi.it\/opera\/64342\/"},"modified":"2016-01-22T10:43:00","modified_gmt":"2016-01-22T09:43:00","slug":"64342","status":"publish","type":"opera","link":"https:\/\/www.museoglaucolombardi.it\/en\/opera\/64342\/","title":{"rendered":"Ritratto virile"},"author":0,"featured_media":46890,"template":"","epoca":[],"materiale":[],"tecnica":[3226],"tipo":[3217],"class_list":["post-64342","opera","type-opera","status-publish","has-post-thumbnail","hentry","tecnica-matita-e-sfumino-su-carta","tipo-disegni"],"publishpress_future_workflow_manual_trigger":{"enabledWorkflows":[]},"bibliografia":"G. LOMBARDI, \"Ritratti sconosciuti di G.B. Bodoni\", estratto da \"Bodoni\", Pubblicazione d'Arte Grafica in occasione delle Manifestazioni Parmensi, Parma 1940-41.\r\nG. CAPELLI, G. MARCHETTI, B. MOLOSSI (a cura di), \"Parma. Vicende e protagonista\", Bologna, Edizioni Edison 1978, vol. II, p. 147 (ill.) \r\nV. VACCARO (a cura di), \"Il cimelio tipografico pittorico di Giambattista Bodoni\", Parma,  Artegrafica Silva 1983, p. 1 (ill.)\r\nM. PELLEGRI, \"Il museo Glauco Lombardi\", Parma, Battei 1984, p. 54.\r\nA. MAVILLA, \"Giuseppe Baldrighi: fascino e mistero in un pittore della Corte Ducale nel momento della sua pi\u00f9 brillante apertura illuministica\", in \"Parma nell'Arte\", I-II, 1985, pp. 169-196: 186-189.\r\nG. CIRILLO, G. GODI, \"I disegni della Biblioteca Palatina di Parma\", Parma 1991, p. XXIX e p. 176.\r\nAA.VV., \"Petitot. Un artista del Settecento europeo a Parma\" (catalogo della mostra), Parma, Fondazione Cassa di Risparmio di Parma 1997, p. 287.\r\n\"Museo Glauco Lombardi\", Milano, TCI 2003, p. 372.\r\nF.CAROLI, \"Il Gran Teatro del Mondo\" (catalogo della mostra), Milano, Skira 2003, p. 170.\r\nF. SANDRINI (a cura di), \"Glauco Lombardi (1881-1970) molto pi\u00f9 di un collezionista\", Parma, Grafiche STEP 2011, p. 60.\r\nV. LESTER, \"Giambattista Bodoni. His Life and His World\", Boston, David R. Godine 2015, ill. 9.","denominazione":"Ritratto virile","nuovo_inventario":"372","osservazioni":"In cornice di legno dorato in foglia.\r\nGiovanni Godi e Giuseppe Cirillo, pur affermando che la notizia \u00e8 da prendersi con beneficio di inventario, hanno segnalato che Lombardi nomina questo disegno tra un gruppo di fogli provenienti dalla collezione Bodoni, da lui acquistati all'inizio del '900.\r\nReso noto per la prima volta nel 1940 come \"Ritratto giovanile di Giovanbattista Bodoni eseguito dopo il suo arrivo a Parma\" e riferito a Baldrighi, \u00e8 stato in seguito ascritto ad Appiani da Godi e Cirillo. Tuttavia l'identificazione tradizionale \u00e8 quasi certamente da rifiutare, sia perch\u00e8 Bodoni conobbe per la prima volta Appiani nel 1789, sulla soglia dei cinquant'anni, sia perch\u00e9 il tipografo giunse a Parma nel 1768, mentre abiti ed acconciatura dell'effigiato sono coerenti con una datazione intorno agli anni novanta del secolo.","serie_tiratura":"","chiavi":"","collocazione":"Sala Francesi","descrizione":"","provenienza":"Collezione Giambattista Bodoni (?)","acquisizione":"Acquistato dal prof. Lombardi all'inizio del '900.","compilatore_scheda":"","filegrani":"","stato_conservazione":"Buono","datazione":"","editore":"","esposizione":"Parma, Biblioteca Palatina, \"Co\u2019 tipi  bodoniani. Giambattista Bodoni nell\u2019Europa neoclassica\", 21 settembre-31 ottobre 1990","autori":[{"nato":"Milano, 1754","morto":"1817","opere":false,"ID":67089,"post_title":"Andrea Appiani","post_content":"","post_excerpt":"","post_author":"0","post_date":"2022-10-20 17:11:15","post_date_gmt":"2022-10-20 15:11:15","post_status":"publish","comment_status":"closed","ping_status":"closed","post_password":"","post_name":"67089","to_ping":"","pinged":"","post_modified":"2022-10-20 17:11:15","post_modified_gmt":"2022-10-20 15:11:15","post_content_filtered":"","post_parent":0,"guid":"https:\/\/www.museoglaucolombardi.it\/?autore=67089","menu_order":0,"post_type":"autore","post_mime_type":"","comment_count":"0","comments":false,"id":67089}],"dediche":"","valore":"","misure":"S.C.: cm 36,5 x 30,9\r\nC.C.: cm 65 x 54,4 x 5,1","peso":"","valore_assicurativo":"","vecchio_inventario":"105","_links":{"self":[{"href":"https:\/\/www.museoglaucolombardi.it\/en\/wp-json\/wp\/v2\/opera\/64342","targetHints":{"allow":["GET"]}}],"collection":[{"href":"https:\/\/www.museoglaucolombardi.it\/en\/wp-json\/wp\/v2\/opera"}],"about":[{"href":"https:\/\/www.museoglaucolombardi.it\/en\/wp-json\/wp\/v2\/types\/opera"}],"version-history":[{"count":7,"href":"https:\/\/www.museoglaucolombardi.it\/en\/wp-json\/wp\/v2\/opera\/64342\/revisions"}],"predecessor-version":[{"id":102267,"href":"https:\/\/www.museoglaucolombardi.it\/en\/wp-json\/wp\/v2\/opera\/64342\/revisions\/102267"}],"wp:featuredmedia":[{"embeddable":true,"href":"https:\/\/www.museoglaucolombardi.it\/en\/wp-json\/wp\/v2\/media\/46890"}],"wp:attachment":[{"href":"https:\/\/www.museoglaucolombardi.it\/en\/wp-json\/wp\/v2\/media?parent=64342"}],"wp:term":[{"taxonomy":"epoca","embeddable":true,"href":"https:\/\/www.museoglaucolombardi.it\/en\/wp-json\/wp\/v2\/epoca?post=64342"},{"taxonomy":"materiale","embeddable":true,"href":"https:\/\/www.museoglaucolombardi.it\/en\/wp-json\/wp\/v2\/materiale?post=64342"},{"taxonomy":"tecnica","embeddable":true,"href":"https:\/\/www.museoglaucolombardi.it\/en\/wp-json\/wp\/v2\/tecnica?post=64342"},{"taxonomy":"tipo","embeddable":true,"href":"https:\/\/www.museoglaucolombardi.it\/en\/wp-json\/wp\/v2\/tipo?post=64342"}],"curies":[{"name":"wp","href":"https:\/\/api.w.org\/{rel}","templated":true}]}}

G. LOMBARDI, "Ritratti sconosciuti di G.B. Bodoni", estratto da "Bodoni", Pubblicazione d'Arte Grafica in occasione delle Manifestazioni Parmensi, Parma 1940-41.
G. CAPELLI, G. MARCHETTI, B. MOLOSSI (a cura di), "Parma. Vicende e protagonista", Bologna, Edizioni Edison 1978, vol. II, p. 147 (ill.) 
V. VACCARO (a cura di), "Il cimelio tipografico pittorico di Giambattista Bodoni", Parma,  Artegrafica Silva 1983, p. 1 (ill.)
M. PELLEGRI, "Il museo Glauco Lombardi", Parma, Battei 1984, p. 54.
A. MAVILLA, "Giuseppe Baldrighi: fascino e mistero in un pittore della Corte Ducale nel momento della sua più brillante apertura illuministica", in "Parma nell'Arte", I-II, 1985, pp. 169-196: 186-189.
G. CIRILLO, G. GODI, "I disegni della Biblioteca Palatina di Parma", Parma 1991, p. XXIX e p. 176.
AA.VV., "Petitot. Un artista del Settecento europeo a Parma" (catalogo della mostra), Parma, Fondazione Cassa di Risparmio di Parma 1997, p. 287.
"Museo Glauco Lombardi", Milano, TCI 2003, p. 372.
F.CAROLI, "Il Gran Teatro del Mondo" (catalogo della mostra), Milano, Skira 2003, p. 170.
F. SANDRINI (a cura di), "Glauco Lombardi (1881-1970) molto più di un collezionista", Parma, Grafiche STEP 2011, p. 60.
V. LESTER, "Giambattista Bodoni. His Life and His World", Boston, David R. Godine 2015, ill. 9.

In cornice di legno dorato in foglia.
Giovanni Godi e Giuseppe Cirillo, pur affermando che la notizia è da prendersi con beneficio di inventario, hanno segnalato che Lombardi nomina questo disegno tra un gruppo di fogli provenienti dalla collezione Bodoni, da lui acquistati all'inizio del '900.
Reso noto per la prima volta nel 1940 come "Ritratto giovanile di Giovanbattista Bodoni eseguito dopo il suo arrivo a Parma" e riferito a Baldrighi, è stato in seguito ascritto ad Appiani da Godi e Cirillo. Tuttavia l'identificazione tradizionale è quasi certamente da rifiutare, sia perchè Bodoni conobbe per la prima volta Appiani nel 1789, sulla soglia dei cinquant'anni, sia perché il tipografo giunse a Parma nel 1768, mentre abiti ed acconciatura dell'effigiato sono coerenti con una datazione intorno agli anni novanta del secolo.
