{"id":64302,"date":"2009-08-12T20:36:00","date_gmt":"2009-08-12T18:36:00","guid":{"rendered":"https:\/\/www.museoglaucolombardi.it\/opera\/64302\/"},"modified":"2013-01-18T14:55:00","modified_gmt":"2013-01-18T13:55:00","slug":"64302","status":"publish","type":"opera","link":"https:\/\/www.museoglaucolombardi.it\/en\/opera\/64302\/","title":{"rendered":"Il granatiere curato"},"author":0,"featured_media":46816,"template":"","epoca":[],"materiale":[],"tecnica":[3269],"tipo":[3240],"class_list":["post-64302","opera","type-opera","status-publish","has-post-thumbnail","hentry","tecnica-acquaforte-e-bulino","tipo-stampe"],"publishpress_future_workflow_manual_trigger":{"enabledWorkflows":[]},"bibliografia":"","denominazione":"Il granatiere curato","nuovo_inventario":"1503","osservazioni":"","serie_tiratura":"","chiavi":"","collocazione":"Carpetta Studio Toschi 2","descrizione":"In basso timbro a secco: \"LL\" (?) [Leroux - Lejeun?].\n\"E: &amp; A: Dev\u00e9ria pinx:t - Leroux sculp:t 1826 le Grenadier Panse D\u00e9pos\u00e9 \u00e0 la Direction. Imprim\u00e9 par Durand &amp; Sauv\u00e9 Se vend a Pris, chez - Leroux et Lejeune Editeurs, rue S.t Victor, N\u00b09 \/ Chaillou Potrelle, Rue S.t Honor\u00e9, N\u00b0140.\"","provenienza":"","acquisizione":"","compilatore_scheda":"","filegrani":"","stato_conservazione":"Discreto; la carta presenta lacerazioni, una lacuna in alto a sinistra ed un foro in basso a sinistra.","datazione":"1826","editore":"","esposizione":"","autori":[{"nato":"Parigi, 1788","morto":"Parigi, 1870","opere":false,"ID":67979,"post_title":"Jean-Marie Leroux","post_content":"","post_excerpt":"","post_author":"0","post_date":"2022-10-20 17:13:06","post_date_gmt":"2022-10-20 15:13:06","post_status":"publish","comment_status":"closed","ping_status":"closed","post_password":"","post_name":"67979","to_ping":"","pinged":"","post_modified":"2022-10-20 17:13:06","post_modified_gmt":"2022-10-20 15:13:06","post_content_filtered":"","post_parent":0,"guid":"https:\/\/www.museoglaucolombardi.it\/?autore=67979","menu_order":0,"post_type":"autore","post_mime_type":"","comment_count":"0","comments":false,"id":67979}],"dediche":"","valore":"\u20ac 300,00","misure":"cm 45,9 x 35","peso":"","valore_assicurativo":"","vecchio_inventario":"218","_links":{"self":[{"href":"https:\/\/www.museoglaucolombardi.it\/en\/wp-json\/wp\/v2\/opera\/64302","targetHints":{"allow":["GET"]}}],"collection":[{"href":"https:\/\/www.museoglaucolombardi.it\/en\/wp-json\/wp\/v2\/opera"}],"about":[{"href":"https:\/\/www.museoglaucolombardi.it\/en\/wp-json\/wp\/v2\/types\/opera"}],"version-history":[{"count":7,"href":"https:\/\/www.museoglaucolombardi.it\/en\/wp-json\/wp\/v2\/opera\/64302\/revisions"}],"predecessor-version":[{"id":102229,"href":"https:\/\/www.museoglaucolombardi.it\/en\/wp-json\/wp\/v2\/opera\/64302\/revisions\/102229"}],"wp:featuredmedia":[{"embeddable":true,"href":"https:\/\/www.museoglaucolombardi.it\/en\/wp-json\/wp\/v2\/media\/46816"}],"wp:attachment":[{"href":"https:\/\/www.museoglaucolombardi.it\/en\/wp-json\/wp\/v2\/media?parent=64302"}],"wp:term":[{"taxonomy":"epoca","embeddable":true,"href":"https:\/\/www.museoglaucolombardi.it\/en\/wp-json\/wp\/v2\/epoca?post=64302"},{"taxonomy":"materiale","embeddable":true,"href":"https:\/\/www.museoglaucolombardi.it\/en\/wp-json\/wp\/v2\/materiale?post=64302"},{"taxonomy":"tecnica","embeddable":true,"href":"https:\/\/www.museoglaucolombardi.it\/en\/wp-json\/wp\/v2\/tecnica?post=64302"},{"taxonomy":"tipo","embeddable":true,"href":"https:\/\/www.museoglaucolombardi.it\/en\/wp-json\/wp\/v2\/tipo?post=64302"}],"curies":[{"name":"wp","href":"https:\/\/api.w.org\/{rel}","templated":true}]}}

In basso timbro a secco: "LL" (?) [Leroux - Lejeun?].
"E: &amp; A: Devéria pinx:t - Leroux sculp:t 1826 le Grenadier Panse Déposé à la Direction. Imprimé par Durand &amp; Sauvé Se vend a Pris, chez - Leroux et Lejeune Editeurs, rue S.t Victor, N°9 / Chaillou Potrelle, Rue S.t Honoré, N°140."
