{"id":64052,"date":"2009-08-12T20:36:00","date_gmt":"2009-08-12T18:36:00","guid":{"rendered":"https:\/\/www.museoglaucolombardi.it\/opera\/64052\/"},"modified":"2012-12-19T10:55:00","modified_gmt":"2012-12-19T09:55:00","slug":"64052","status":"publish","type":"opera","link":"https:\/\/www.museoglaucolombardi.it\/en\/opera\/64052\/","title":{"rendered":"&#8220;Le Lusiadi&#8221;: due vecchi davanti a un guerriero dormiente"},"author":0,"featured_media":46322,"template":"","epoca":[],"materiale":[],"tecnica":[3265],"tipo":[3240],"class_list":["post-64052","opera","type-opera","status-publish","has-post-thumbnail","hentry","tecnica-bulino-e-acquaforte","tipo-stampe"],"publishpress_future_workflow_manual_trigger":{"enabledWorkflows":[]},"bibliografia":"P.MEDIOLI MASOTTI, \"Paolo Toschi\", Parma, Artegrafica Silva 1973, p. 24, p. 68 e p. 102.\r\nA.MAVILLA (a cura di), \"Paolo Toschi e il suo tempo\", Parma, Ugo Guanda Editore 1992, p. 100, p. 805 e pp. 911-912.","denominazione":"\"Le Lusiadi\": due vecchi davanti a un guerriero dormiente","nuovo_inventario":"1335","osservazioni":"L'incisione \u00e8 una di quelle realizzate sotto la direzione di Francois G\u00e9rard per l'edizione del 1817, voluta da Jos\u00e8 Maria de Souza-Botelho, del poema nazionale portoghese \"Os Lusiadas\" del Camoens.\r\nLa stampa era conservata nella carpetta \"R\" (interamente dedicata alle incisioni per il Camoens) della collezione di stampe di Paolo Toschi, il cui inventario si conserva  nell'Archivio del Museo Lombardi [cont. 54, busta 3].","serie_tiratura":"","chiavi":"","collocazione":"Carpetta Studio Toschi","descrizione":"La carta reca impresso il timbro a secco \"PT\". Nel verso \u00e8 scritto a china: \"29 R\".\n\"F.G\u00e9rard direx.t - Fragonard del.t - F.Lignon sculp.t\"","provenienza":"Collezione Paolo Toschi [cfr. cont. 54, busta 3].","acquisizione":"","compilatore_scheda":"","filegrani":"","stato_conservazione":"Buono; la carta presenta rari segni di muffa.","datazione":"1817","editore":"","esposizione":"","autori":[{"nato":"Parigi, 1779","morto":"1833","opere":false,"ID":68121,"post_title":"Etienne Fr\u00e9d\u00e9ric Lignon","post_content":"","post_excerpt":"","post_author":"0","post_date":"2022-10-20 17:13:23","post_date_gmt":"2022-10-20 15:13:23","post_status":"publish","comment_status":"closed","ping_status":"closed","post_password":"","post_name":"68121","to_ping":"","pinged":"","post_modified":"2022-10-20 17:13:23","post_modified_gmt":"2022-10-20 15:13:23","post_content_filtered":"","post_parent":0,"guid":"https:\/\/www.museoglaucolombardi.it\/?autore=68121","menu_order":0,"post_type":"autore","post_mime_type":"","comment_count":"0","comments":false,"id":68121},{"nato":"Grasse, 1780","morto":"Parigi, 1850","opere":false,"ID":67079,"post_title":"Alexandre Evariste Fragonard","post_content":"","post_excerpt":"","post_author":"0","post_date":"2022-10-20 17:11:14","post_date_gmt":"2022-10-20 15:11:14","post_status":"publish","comment_status":"closed","ping_status":"closed","post_password":"","post_name":"67079","to_ping":"","pinged":"","post_modified":"2022-10-20 17:11:14","post_modified_gmt":"2022-10-20 15:11:14","post_content_filtered":"","post_parent":0,"guid":"https:\/\/www.museoglaucolombardi.it\/?autore=67079","menu_order":0,"post_type":"autore","post_mime_type":"","comment_count":"0","comments":false,"id":67079}],"dediche":"","valore":"\u20ac 300,00","misure":"cm 36,2 x 28,4","peso":"","valore_assicurativo":"","vecchio_inventario":"152","_links":{"self":[{"href":"https:\/\/www.museoglaucolombardi.it\/en\/wp-json\/wp\/v2\/opera\/64052","targetHints":{"allow":["GET"]}}],"collection":[{"href":"https:\/\/www.museoglaucolombardi.it\/en\/wp-json\/wp\/v2\/opera"}],"about":[{"href":"https:\/\/www.museoglaucolombardi.it\/en\/wp-json\/wp\/v2\/types\/opera"}],"version-history":[{"count":7,"href":"https:\/\/www.museoglaucolombardi.it\/en\/wp-json\/wp\/v2\/opera\/64052\/revisions"}],"predecessor-version":[{"id":101981,"href":"https:\/\/www.museoglaucolombardi.it\/en\/wp-json\/wp\/v2\/opera\/64052\/revisions\/101981"}],"wp:featuredmedia":[{"embeddable":true,"href":"https:\/\/www.museoglaucolombardi.it\/en\/wp-json\/wp\/v2\/media\/46322"}],"wp:attachment":[{"href":"https:\/\/www.museoglaucolombardi.it\/en\/wp-json\/wp\/v2\/media?parent=64052"}],"wp:term":[{"taxonomy":"epoca","embeddable":true,"href":"https:\/\/www.museoglaucolombardi.it\/en\/wp-json\/wp\/v2\/epoca?post=64052"},{"taxonomy":"materiale","embeddable":true,"href":"https:\/\/www.museoglaucolombardi.it\/en\/wp-json\/wp\/v2\/materiale?post=64052"},{"taxonomy":"tecnica","embeddable":true,"href":"https:\/\/www.museoglaucolombardi.it\/en\/wp-json\/wp\/v2\/tecnica?post=64052"},{"taxonomy":"tipo","embeddable":true,"href":"https:\/\/www.museoglaucolombardi.it\/en\/wp-json\/wp\/v2\/tipo?post=64052"}],"curies":[{"name":"wp","href":"https:\/\/api.w.org\/{rel}","templated":true}]}}

L'incisione è una di quelle realizzate sotto la direzione di Francois Gérard per l'edizione del 1817, voluta da Josè Maria de Souza-Botelho, del poema nazionale portoghese "Os Lusiadas" del Camoens.
La stampa era conservata nella carpetta "R" (interamente dedicata alle incisioni per il Camoens) della collezione di stampe di Paolo Toschi, il cui inventario si conserva  nell'Archivio del Museo Lombardi [cont. 54, busta 3].

La carta reca impresso il timbro a secco "PT". Nel verso è scritto a china: "29 R".
"F.Gérard direx.t - Fragonard del.t - F.Lignon sculp.t"

Etienne Frédéric Lignon
