{"id":64050,"date":"2009-08-12T20:36:00","date_gmt":"2009-08-12T18:36:00","guid":{"rendered":"https:\/\/www.museoglaucolombardi.it\/opera\/64050\/"},"modified":"2012-12-19T10:53:00","modified_gmt":"2012-12-19T09:53:00","slug":"64050","status":"publish","type":"opera","link":"https:\/\/www.museoglaucolombardi.it\/en\/opera\/64050\/","title":{"rendered":"&#8220;Le Lusiadi&#8221;: sbarco di Vasco de Gama a Calcutta"},"author":0,"featured_media":46318,"template":"","epoca":[],"materiale":[],"tecnica":[3269],"tipo":[3240],"class_list":["post-64050","opera","type-opera","status-publish","has-post-thumbnail","hentry","tecnica-acquaforte-e-bulino","tipo-stampe"],"publishpress_future_workflow_manual_trigger":{"enabledWorkflows":[]},"bibliografia":"P.MEDIOLI MASOTTI, \"Paolo Toschi\", Parma, Artegrafica Silva 1973, p. 24, p. 68 e p. 102.\r\nA.MAVILLA (a cura di), \"Paolo Toschi e il suo tempo\", Parma, Ugo Guanda Editore 1992, p. 100, p. 805 e pp. 911-912.","denominazione":"\"Le Lusiadi\": sbarco di Vasco de Gama a Calcutta","nuovo_inventario":"1334","osservazioni":"L'incisione, di cui in Museo si conserva un altro esemplare avanti lettera (inv. n\u00b0 1473), \u00e8 una di quelle realizzate sotto la direzione di Francois G\u00e9rard per l`edizione del 1817, voluta da Jos\u00e8 Maria de Souza-Botelho, del poema nazionale portoghese \"Os Lusiadas\" del Camoens.\r\nPaolo Toschi, oltre a realizzare interamente questa tavola riferita a un episodio del VII Canto, su disegno di Fragonard, ebbe l'incarico di ritoccare anche tutte le altre lastre gi\u00e0 terminate.","serie_tiratura":"","chiavi":"","collocazione":"Carpetta Studio Toschi","descrizione":"Prova di stato. Sotto \u00e8 scritto a matita: \"Vignetta del Camoens \/ (prova a lavoro non terminato)\". Sotto la parte figurata il prof. Lombardi appunt\u00f2: \"P. Toschi dis. e incise\".","provenienza":"Raccolta Toschi [fascicolo grigio].","acquisizione":"","compilatore_scheda":"","filegrani":"","stato_conservazione":"Discreto; il foglio si presenta molto ingiallito, mostra una puntinatura di muffa e segni di vecchie piegature.","datazione":"1817","editore":"","esposizione":"","autori":[{"nato":"Parma 1788","morto":"1854","opere":false,"ID":66803,"post_title":"Paolo Toschi","post_content":"","post_excerpt":"","post_author":"2","post_date":"2022-10-20 17:10:42","post_date_gmt":"2022-10-20 15:10:42","post_status":"publish","comment_status":"closed","ping_status":"closed","post_password":"","post_name":"66803","to_ping":"","pinged":"","post_modified":"2025-01-30 12:03:13","post_modified_gmt":"2025-01-30 11:03:13","post_content_filtered":"","post_parent":0,"guid":"https:\/\/www.museoglaucolombardi.it\/?autore=66803","menu_order":0,"post_type":"autore","post_mime_type":"","comment_count":"0","comments":false,"id":66803},{"nato":"Grasse, 1780","morto":"Parigi, 1850","opere":false,"ID":67079,"post_title":"Alexandre Evariste Fragonard","post_content":"","post_excerpt":"","post_author":"0","post_date":"2022-10-20 17:11:14","post_date_gmt":"2022-10-20 15:11:14","post_status":"publish","comment_status":"closed","ping_status":"closed","post_password":"","post_name":"67079","to_ping":"","pinged":"","post_modified":"2022-10-20 17:11:14","post_modified_gmt":"2022-10-20 15:11:14","post_content_filtered":"","post_parent":0,"guid":"https:\/\/www.museoglaucolombardi.it\/?autore=67079","menu_order":0,"post_type":"autore","post_mime_type":"","comment_count":"0","comments":false,"id":67079}],"dediche":"","valore":"\u20ac 300,00","misure":"cm 31,8 x 23","peso":"","valore_assicurativo":"","vecchio_inventario":"151","_links":{"self":[{"href":"https:\/\/www.museoglaucolombardi.it\/en\/wp-json\/wp\/v2\/opera\/64050","targetHints":{"allow":["GET"]}}],"collection":[{"href":"https:\/\/www.museoglaucolombardi.it\/en\/wp-json\/wp\/v2\/opera"}],"about":[{"href":"https:\/\/www.museoglaucolombardi.it\/en\/wp-json\/wp\/v2\/types\/opera"}],"version-history":[{"count":7,"href":"https:\/\/www.museoglaucolombardi.it\/en\/wp-json\/wp\/v2\/opera\/64050\/revisions"}],"predecessor-version":[{"id":101979,"href":"https:\/\/www.museoglaucolombardi.it\/en\/wp-json\/wp\/v2\/opera\/64050\/revisions\/101979"}],"wp:featuredmedia":[{"embeddable":true,"href":"https:\/\/www.museoglaucolombardi.it\/en\/wp-json\/wp\/v2\/media\/46318"}],"wp:attachment":[{"href":"https:\/\/www.museoglaucolombardi.it\/en\/wp-json\/wp\/v2\/media?parent=64050"}],"wp:term":[{"taxonomy":"epoca","embeddable":true,"href":"https:\/\/www.museoglaucolombardi.it\/en\/wp-json\/wp\/v2\/epoca?post=64050"},{"taxonomy":"materiale","embeddable":true,"href":"https:\/\/www.museoglaucolombardi.it\/en\/wp-json\/wp\/v2\/materiale?post=64050"},{"taxonomy":"tecnica","embeddable":true,"href":"https:\/\/www.museoglaucolombardi.it\/en\/wp-json\/wp\/v2\/tecnica?post=64050"},{"taxonomy":"tipo","embeddable":true,"href":"https:\/\/www.museoglaucolombardi.it\/en\/wp-json\/wp\/v2\/tipo?post=64050"}],"curies":[{"name":"wp","href":"https:\/\/api.w.org\/{rel}","templated":true}]}}

L'incisione, di cui in Museo si conserva un altro esemplare avanti lettera (inv. n° 1473), è una di quelle realizzate sotto la direzione di Francois Gérard per l`edizione del 1817, voluta da Josè Maria de Souza-Botelho, del poema nazionale portoghese "Os Lusiadas" del Camoens.
Paolo Toschi, oltre a realizzare interamente questa tavola riferita a un episodio del VII Canto, su disegno di Fragonard, ebbe l'incarico di ritoccare anche tutte le altre lastre già terminate.

Prova di stato. Sotto è scritto a matita: "Vignetta del Camoens / (prova a lavoro non terminato)". Sotto la parte figurata il prof. Lombardi appuntò: "P. Toschi dis. e incise".
