{"id":64048,"date":"2009-08-12T20:36:00","date_gmt":"2009-08-12T18:36:00","guid":{"rendered":"https:\/\/www.museoglaucolombardi.it\/opera\/64048\/"},"modified":"2012-12-19T10:50:00","modified_gmt":"2012-12-19T09:50:00","slug":"64048","status":"publish","type":"opera","link":"https:\/\/www.museoglaucolombardi.it\/en\/opera\/64048\/","title":{"rendered":"&#8220;Le Lusiadi&#8221;: frontespizio con ritratto di Camoens con il suo Poema in vesti di guerriero coronato"},"author":0,"featured_media":46314,"template":"","epoca":[],"materiale":[],"tecnica":[3269],"tipo":[3240],"class_list":["post-64048","opera","type-opera","status-publish","has-post-thumbnail","hentry","tecnica-acquaforte-e-bulino","tipo-stampe"],"publishpress_future_workflow_manual_trigger":{"enabledWorkflows":[]},"bibliografia":"P.MEDIOLI MASOTTI, \"Paolo Toschi\", Parma, Artegrafica Silva 1973, p. 24, p. 68 e p. 102.\r\nA.MAVILLA (a cura di), \"Paolo Toschi e il suo tempo\", Parma, Ugo Guanda Editore 1992, p. 100, p. 805 e pp. 911-912.","denominazione":"\"Le Lusiadi\": frontespizio con ritratto di Camoens con il suo Poema in vesti di guerriero coronato","nuovo_inventario":"1332","osservazioni":"L'incisione \u00e8 una di quelle realizzate sotto la direzione di Francois G\u00e9rard per l'edizione del 1817, voluta da Jos\u00e8 Maria de Souza-Botelho, del poema nazionale portoghese \"Os Lusiadas\" del Camoens.\r\nLa stampa era conservata nella carpetta \"R\" (interamente dedicata alle incisioni per il Camoens) della collezione di stampe di Paolo Toschi, il cui inventario si conserva  nell'Archivio del Museo Lombardi [cont. 54, busta 3].","serie_tiratura":"","chiavi":"","collocazione":"Carpetta Studio Toschi","descrizione":"L\u00ecincisione, un esemplare avanti lettera, \u00e8 stata ritoccata a matita, acquerello nero e biacca. La carta reca impresso il timbro a secco \"PT\". Nel verso \u00e8 scritto a china \"5 R\".\nNella targa presente nella parte figurata dell'incisione \u00e8 scritto: \"DA QVELLE, CVIA LYRA SONOROSA \/ SERA MAIS AFFAMADA QVE DITOSA\"; sulla copertina del libro si legge: \"OS LUSIADAS\"; nella cornice che inquadra il ritratto ci&nbsp;sono le indicazioni \"DE AFRIS\" e \"DE INDIS\".","provenienza":"Collezione Paolo Toschi [cfr. cont. 54, busta 3].","acquisizione":"","compilatore_scheda":"","filegrani":"","stato_conservazione":"Buono; il foglio, un po' ingiallito, \u00e8 stato ritagliato.","datazione":"1817","editore":"","esposizione":"","autori":[{"nato":"","morto":"","opere":false,"ID":67337,"post_title":"Anonimo (prima met\u00e0 sec. XIX)","post_content":"","post_excerpt":"","post_author":"2","post_date":"2022-10-20 17:11:45","post_date_gmt":"2022-10-20 15:11:45","post_status":"publish","comment_status":"closed","ping_status":"closed","post_password":"","post_name":"67337","to_ping":"","pinged":"","post_modified":"2025-01-31 10:56:43","post_modified_gmt":"2025-01-31 09:56:43","post_content_filtered":"","post_parent":0,"guid":"https:\/\/www.museoglaucolombardi.it\/?autore=67337","menu_order":0,"post_type":"autore","post_mime_type":"","comment_count":"0","comments":false,"id":67337}],"dediche":"","valore":"\u20ac 300,00","misure":"foglio cm 35,2 x 24,9","peso":"","valore_assicurativo":"","vecchio_inventario":"149","_links":{"self":[{"href":"https:\/\/www.museoglaucolombardi.it\/en\/wp-json\/wp\/v2\/opera\/64048","targetHints":{"allow":["GET"]}}],"collection":[{"href":"https:\/\/www.museoglaucolombardi.it\/en\/wp-json\/wp\/v2\/opera"}],"about":[{"href":"https:\/\/www.museoglaucolombardi.it\/en\/wp-json\/wp\/v2\/types\/opera"}],"version-history":[{"count":7,"href":"https:\/\/www.museoglaucolombardi.it\/en\/wp-json\/wp\/v2\/opera\/64048\/revisions"}],"predecessor-version":[{"id":101977,"href":"https:\/\/www.museoglaucolombardi.it\/en\/wp-json\/wp\/v2\/opera\/64048\/revisions\/101977"}],"wp:featuredmedia":[{"embeddable":true,"href":"https:\/\/www.museoglaucolombardi.it\/en\/wp-json\/wp\/v2\/media\/46314"}],"wp:attachment":[{"href":"https:\/\/www.museoglaucolombardi.it\/en\/wp-json\/wp\/v2\/media?parent=64048"}],"wp:term":[{"taxonomy":"epoca","embeddable":true,"href":"https:\/\/www.museoglaucolombardi.it\/en\/wp-json\/wp\/v2\/epoca?post=64048"},{"taxonomy":"materiale","embeddable":true,"href":"https:\/\/www.museoglaucolombardi.it\/en\/wp-json\/wp\/v2\/materiale?post=64048"},{"taxonomy":"tecnica","embeddable":true,"href":"https:\/\/www.museoglaucolombardi.it\/en\/wp-json\/wp\/v2\/tecnica?post=64048"},{"taxonomy":"tipo","embeddable":true,"href":"https:\/\/www.museoglaucolombardi.it\/en\/wp-json\/wp\/v2\/tipo?post=64048"}],"curies":[{"name":"wp","href":"https:\/\/api.w.org\/{rel}","templated":true}]}}

L'incisione è una di quelle realizzate sotto la direzione di Francois Gérard per l'edizione del 1817, voluta da Josè Maria de Souza-Botelho, del poema nazionale portoghese "Os Lusiadas" del Camoens.
La stampa era conservata nella carpetta "R" (interamente dedicata alle incisioni per il Camoens) della collezione di stampe di Paolo Toschi, il cui inventario si conserva  nell'Archivio del Museo Lombardi [cont. 54, busta 3].

Lìincisione, un esemplare avanti lettera, è stata ritoccata a matita, acquerello nero e biacca. La carta reca impresso il timbro a secco "PT". Nel verso è scritto a china "5 R".
Nella targa presente nella parte figurata dell'incisione è scritto: "DA QVELLE, CVIA LYRA SONOROSA / SERA MAIS AFFAMADA QVE DITOSA"; sulla copertina del libro si legge: "OS LUSIADAS"; nella cornice che inquadra il ritratto ci&nbsp;sono le indicazioni "DE AFRIS" e "DE INDIS".

Buono; il foglio, un po' ingiallito, è stato ritagliato.

Anonimo (prima metà sec. XIX)
