{"id":64044,"date":"2009-08-12T20:36:00","date_gmt":"2009-08-12T18:36:00","guid":{"rendered":"https:\/\/www.museoglaucolombardi.it\/opera\/64044\/"},"modified":"2012-12-19T10:45:00","modified_gmt":"2012-12-19T09:45:00","slug":"64044","status":"publish","type":"opera","link":"https:\/\/www.museoglaucolombardi.it\/en\/opera\/64044\/","title":{"rendered":"&#8220;Le Lusiadi&#8221;: un vecchio sovrano orientale riceve un guerriero navigatore"},"author":0,"featured_media":46306,"template":"","epoca":[],"materiale":[],"tecnica":[3269],"tipo":[3240],"class_list":["post-64044","opera","type-opera","status-publish","has-post-thumbnail","hentry","tecnica-acquaforte-e-bulino","tipo-stampe"],"publishpress_future_workflow_manual_trigger":{"enabledWorkflows":[]},"bibliografia":"P.MEDIOLI MASOTTI, \"Paolo Toschi\", Parma, Artegrafica Silva 1973, p. 24, p. 68 e p. 102.\r\nA.MAVILLA (a cura di), \"Paolo Toschi e il suo tempo\", Parma, Ugo Guanda Editore 1992, p. 100, p. 805 e pp. 911-912.","denominazione":"\"Le Lusiadi\": un vecchio sovrano orientale riceve un guerriero navigatore","nuovo_inventario":"1330","osservazioni":"L'incisione \u00e8 una di quelle realizzate sotto la direzione di Francois G\u00e9rard per l'edizione del 1817, voluta da Jos\u00e8 Maria de Souza-Botelho, del poema nazionale portoghese \"Os Lusiadas\" del Camoens.\r\nPaolo Toschi, dopo aver inciso la tavola che illustrava un episodio del VII Canto (cfr. opera inv. n\u00b0 1334), ricevette l'incarico di ripassare le lastre gi\u00e0 terminate delle rimanenti illustrazioni: lo fece, siglandole talora con le proprie iniziali, come nel caso della presente incisione.\r\nLa stampa era conservata nella carpetta \"R\" (interamente dedicata alle incisioni per il Camoens) della collezione di stampe di Paolo Toschi, il cui inventario si conserva  nell'Archivio del Museo Lombardi [cont. 54, busta 3].","serie_tiratura":"","chiavi":"","collocazione":"Carpetta Studio Toschi","descrizione":"Nell'alzata dello scalino in primo piano \u00e8 leggibile la sigla: \"P.T.R. [Paolo Toschi Revision\u00f2]\". La carta reca impresso il timbro a secco: \"PT\". Nel verso&nbsp;si trova&nbsp;la nota a china \"43 R\".\n\"F.G\u00e9rard Direx.t - Fragonard Del.t - Forster Sculp.t\".","provenienza":"Collezione Paolo Toschi [cfr. cont. 54, busta 3].","acquisizione":"","compilatore_scheda":"","filegrani":"","stato_conservazione":"Discreto; il foglio, ritagliato lungo l'impronta della matrice, mostra una diffusa puntinatura di muffa.","datazione":"1817","editore":"","esposizione":"","autori":[{"nato":"Parma 1788","morto":"1854","opere":false,"ID":68117,"post_title":"Fran\u00e7ois Forster (1790-1872), Paolo Toschi","post_content":"Fran\u00e7ois Forster nacque a Le Locle in Svizzera e mor\u00ec a Parigi.","post_excerpt":"","post_author":"0","post_date":"2022-10-20 17:13:23","post_date_gmt":"2022-10-20 15:13:23","post_status":"publish","comment_status":"closed","ping_status":"closed","post_password":"","post_name":"68117","to_ping":"","pinged":"","post_modified":"2022-10-20 17:13:23","post_modified_gmt":"2022-10-20 15:13:23","post_content_filtered":"","post_parent":0,"guid":"https:\/\/www.museoglaucolombardi.it\/?autore=68117","menu_order":0,"post_type":"autore","post_mime_type":"","comment_count":"0","comments":false,"id":68117},{"nato":"Grasse, 1780","morto":"Parigi, 1850","opere":false,"ID":67079,"post_title":"Alexandre Evariste Fragonard","post_content":"","post_excerpt":"","post_author":"0","post_date":"2022-10-20 17:11:14","post_date_gmt":"2022-10-20 15:11:14","post_status":"publish","comment_status":"closed","ping_status":"closed","post_password":"","post_name":"67079","to_ping":"","pinged":"","post_modified":"2022-10-20 17:11:14","post_modified_gmt":"2022-10-20 15:11:14","post_content_filtered":"","post_parent":0,"guid":"https:\/\/www.museoglaucolombardi.it\/?autore=67079","menu_order":0,"post_type":"autore","post_mime_type":"","comment_count":"0","comments":false,"id":67079}],"dediche":"","valore":"\u20ac 300,00","misure":"cm 35,8 x 27,9","peso":"","valore_assicurativo":"","vecchio_inventario":"147","_links":{"self":[{"href":"https:\/\/www.museoglaucolombardi.it\/en\/wp-json\/wp\/v2\/opera\/64044","targetHints":{"allow":["GET"]}}],"collection":[{"href":"https:\/\/www.museoglaucolombardi.it\/en\/wp-json\/wp\/v2\/opera"}],"about":[{"href":"https:\/\/www.museoglaucolombardi.it\/en\/wp-json\/wp\/v2\/types\/opera"}],"version-history":[{"count":7,"href":"https:\/\/www.museoglaucolombardi.it\/en\/wp-json\/wp\/v2\/opera\/64044\/revisions"}],"predecessor-version":[{"id":101973,"href":"https:\/\/www.museoglaucolombardi.it\/en\/wp-json\/wp\/v2\/opera\/64044\/revisions\/101973"}],"wp:featuredmedia":[{"embeddable":true,"href":"https:\/\/www.museoglaucolombardi.it\/en\/wp-json\/wp\/v2\/media\/46306"}],"wp:attachment":[{"href":"https:\/\/www.museoglaucolombardi.it\/en\/wp-json\/wp\/v2\/media?parent=64044"}],"wp:term":[{"taxonomy":"epoca","embeddable":true,"href":"https:\/\/www.museoglaucolombardi.it\/en\/wp-json\/wp\/v2\/epoca?post=64044"},{"taxonomy":"materiale","embeddable":true,"href":"https:\/\/www.museoglaucolombardi.it\/en\/wp-json\/wp\/v2\/materiale?post=64044"},{"taxonomy":"tecnica","embeddable":true,"href":"https:\/\/www.museoglaucolombardi.it\/en\/wp-json\/wp\/v2\/tecnica?post=64044"},{"taxonomy":"tipo","embeddable":true,"href":"https:\/\/www.museoglaucolombardi.it\/en\/wp-json\/wp\/v2\/tipo?post=64044"}],"curies":[{"name":"wp","href":"https:\/\/api.w.org\/{rel}","templated":true}]}}

L'incisione è una di quelle realizzate sotto la direzione di Francois Gérard per l'edizione del 1817, voluta da Josè Maria de Souza-Botelho, del poema nazionale portoghese "Os Lusiadas" del Camoens.
Paolo Toschi, dopo aver inciso la tavola che illustrava un episodio del VII Canto (cfr. opera inv. n° 1334), ricevette l'incarico di ripassare le lastre già terminate delle rimanenti illustrazioni: lo fece, siglandole talora con le proprie iniziali, come nel caso della presente incisione.
La stampa era conservata nella carpetta "R" (interamente dedicata alle incisioni per il Camoens) della collezione di stampe di Paolo Toschi, il cui inventario si conserva  nell'Archivio del Museo Lombardi [cont. 54, busta 3].

Nell'alzata dello scalino in primo piano è leggibile la sigla: "P.T.R. [Paolo Toschi Revisionò]". La carta reca impresso il timbro a secco: "PT". Nel verso&nbsp;si trova&nbsp;la nota a china "43 R".
"F.Gérard Direx.t - Fragonard Del.t - Forster Sculp.t".

François Forster (1790-1872), Paolo Toschi

François Forster nacque a Le Locle in Svizzera e morì a Parigi.
