{"id":63748,"date":"2009-08-12T20:36:00","date_gmt":"2009-08-12T18:36:00","guid":{"rendered":"https:\/\/www.museoglaucolombardi.it\/opera\/63748\/"},"modified":"2014-04-22T11:42:00","modified_gmt":"2014-04-22T09:42:00","slug":"63748","status":"publish","type":"opera","link":"https:\/\/www.museoglaucolombardi.it\/en\/opera\/63748\/","title":{"rendered":"Ritratto dell&#8217;imperatore Nerone"},"author":0,"featured_media":45738,"template":"","epoca":[],"materiale":[],"tecnica":[3265],"tipo":[3240],"class_list":["post-63748","opera","type-opera","status-publish","has-post-thumbnail","hentry","tecnica-bulino-e-acquaforte","tipo-stampe"],"publishpress_future_workflow_manual_trigger":{"enabledWorkflows":[]},"bibliografia":"G.LOMBARDI, \"Mostra di acquarelli, disegni e stampe di Paolo Toschi a Parma\", Parma 1947, p. 11.\r\nP.MEDIOLI MASOTTI, \"Paolo Toschi\", Parma, Artegrafica Silva 1973, p. 57.\r\nC. CICERO, \"Un'incisione dall'antico di Paolo Toschi (1788-1854) nel Fondo archivistico D'Ancona\", in \"Rivista dell'Istituto per la Storia dell'Arte Lombarda\", n. 10-2013, pp. 115-120.","denominazione":"Ritratto dell'imperatore Nerone","nuovo_inventario":"1463","osservazioni":"Il foglio, realizzato durante gli anni del soggiorno parigino di Toschi, \u00e8 riconducibile alle \"Planches de l'Iconographie Romaine\", opera pubblicata a Parigi in quattro volumi tra il 1817 e 1829 dallo stampatore Pierre Didot l'A\u00een\u00e9 e diretta da Ennio Quirino Visconti su incarico di Napoleone. Le 63 tavole del volume illustrativo che doveva raffigurare i ritratti dei regnanti dell'antichit\u00e0 romana furono realizzate da un folto gruppo di incisori tra cui Toschi e Isac. Il foglio, unitamente all'inv. 1462, \u00e8 riconducibile alla tavola 30 da cui si ricava la paternit\u00e0 dei disegni preparatori (Francesco Giangiacomo e Claude Bourguignon detto Laguiche supervisore dell'intera opera); si tratta di un frammento forse ritagliato da un foglio di prova di maggiori dimensioni rispetto alla tavola definitiva, di cui un esemplare compiuto \u00e8 presente al Mus\u00e9e d'Art et d'Histoire di Sainte-Menehould e una prova avanti lettera all'Istituto per la Storia dell'Arte Lombarda di Milano (Fondo D'Ancona).\r\nLa stampa \u00e8 menzionata nell'inventario della collezione di stampe e disegni formata da Paolo Toschi, presente in Museo [cont. 54, busta 3], dove \u00e8 pure registrata con il numero \"13 E\" e dove la si dice derivata da un marmo del \"Museo Pio Clementino in Roma\". \r\nAlla stessa raccolta iconografica sono riconducibili anche gli invv. 1464, 1465, 1467.","serie_tiratura":"","chiavi":"","collocazione":"Carpetta Studio Toschi 2","descrizione":"L'incisione riproduce la testa marmorea di Nerone (59-64 d.C.) della Glyptotek di Monaco. La carta reca impresso il timbro a secco: \"PT\". Nel verso \u00e8 stato&nbsp;scritto a china: \"N\u00b0 13 E\".","provenienza":"Collezione Paolo Toschi [cfr. cont. 54, busta 3].","acquisizione":"","compilatore_scheda":"","filegrani":"","stato_conservazione":"Discreto; il foglio, ritagliato, presenta puntinatura di muffa e alcune macchie.","datazione":"ante 1817","editore":"","esposizione":"","autori":[{"nato":"Parma 1788","morto":"1854","opere":false,"ID":66803,"post_title":"Paolo Toschi","post_content":"","post_excerpt":"","post_author":"2","post_date":"2022-10-20 17:10:42","post_date_gmt":"2022-10-20 15:10:42","post_status":"publish","comment_status":"closed","ping_status":"closed","post_password":"","post_name":"66803","to_ping":"","pinged":"","post_modified":"2025-01-30 12:03:13","post_modified_gmt":"2025-01-30 11:03:13","post_content_filtered":"","post_parent":0,"guid":"https:\/\/www.museoglaucolombardi.it\/?autore=66803","menu_order":0,"post_type":"autore","post_mime_type":"","comment_count":"0","comments":false,"id":66803},{"nato":"Roma, 1783","morto":"Roma, 1864","opere":false,"ID":68518,"post_title":"Francesco Giangiacomo","post_content":"","post_excerpt":"","post_author":"0","post_date":"2022-10-20 17:14:13","post_date_gmt":"2022-10-20 15:14:13","post_status":"publish","comment_status":"closed","ping_status":"closed","post_password":"","post_name":"68518","to_ping":"","pinged":"","post_modified":"2022-10-20 17:14:13","post_modified_gmt":"2022-10-20 15:14:13","post_content_filtered":"","post_parent":0,"guid":"https:\/\/www.museoglaucolombardi.it\/?autore=68518","menu_order":0,"post_type":"autore","post_mime_type":"","comment_count":"0","comments":false,"id":68518}],"dediche":"","valore":"","misure":"foglio cm 20,5 x 15,2","peso":"","valore_assicurativo":"","vecchio_inventario":"121","_links":{"self":[{"href":"https:\/\/www.museoglaucolombardi.it\/en\/wp-json\/wp\/v2\/opera\/63748","targetHints":{"allow":["GET"]}}],"collection":[{"href":"https:\/\/www.museoglaucolombardi.it\/en\/wp-json\/wp\/v2\/opera"}],"about":[{"href":"https:\/\/www.museoglaucolombardi.it\/en\/wp-json\/wp\/v2\/types\/opera"}],"version-history":[{"count":7,"href":"https:\/\/www.museoglaucolombardi.it\/en\/wp-json\/wp\/v2\/opera\/63748\/revisions"}],"predecessor-version":[{"id":101683,"href":"https:\/\/www.museoglaucolombardi.it\/en\/wp-json\/wp\/v2\/opera\/63748\/revisions\/101683"}],"wp:featuredmedia":[{"embeddable":true,"href":"https:\/\/www.museoglaucolombardi.it\/en\/wp-json\/wp\/v2\/media\/45738"}],"wp:attachment":[{"href":"https:\/\/www.museoglaucolombardi.it\/en\/wp-json\/wp\/v2\/media?parent=63748"}],"wp:term":[{"taxonomy":"epoca","embeddable":true,"href":"https:\/\/www.museoglaucolombardi.it\/en\/wp-json\/wp\/v2\/epoca?post=63748"},{"taxonomy":"materiale","embeddable":true,"href":"https:\/\/www.museoglaucolombardi.it\/en\/wp-json\/wp\/v2\/materiale?post=63748"},{"taxonomy":"tecnica","embeddable":true,"href":"https:\/\/www.museoglaucolombardi.it\/en\/wp-json\/wp\/v2\/tecnica?post=63748"},{"taxonomy":"tipo","embeddable":true,"href":"https:\/\/www.museoglaucolombardi.it\/en\/wp-json\/wp\/v2\/tipo?post=63748"}],"curies":[{"name":"wp","href":"https:\/\/api.w.org\/{rel}","templated":true}]}}

Il foglio, realizzato durante gli anni del soggiorno parigino di Toschi, è riconducibile alle "Planches de l'Iconographie Romaine", opera pubblicata a Parigi in quattro volumi tra il 1817 e 1829 dallo stampatore Pierre Didot l'Aîné e diretta da Ennio Quirino Visconti su incarico di Napoleone. Le 63 tavole del volume illustrativo che doveva raffigurare i ritratti dei regnanti dell'antichità romana furono realizzate da un folto gruppo di incisori tra cui Toschi e Isac. Il foglio, unitamente all'inv. 1462, è riconducibile alla tavola 30 da cui si ricava la paternità dei disegni preparatori (Francesco Giangiacomo e Claude Bourguignon detto Laguiche supervisore dell'intera opera); si tratta di un frammento forse ritagliato da un foglio di prova di maggiori dimensioni rispetto alla tavola definitiva, di cui un esemplare compiuto è presente al Musée d'Art et d'Histoire di Sainte-Menehould e una prova avanti lettera all'Istituto per la Storia dell'Arte Lombarda di Milano (Fondo D'Ancona).
La stampa è menzionata nell'inventario della collezione di stampe e disegni formata da Paolo Toschi, presente in Museo [cont. 54, busta 3], dove è pure registrata con il numero "13 E" e dove la si dice derivata da un marmo del "Museo Pio Clementino in Roma". 
Alla stessa raccolta iconografica sono riconducibili anche gli invv. 1464, 1465, 1467.

L'incisione riproduce la testa marmorea di Nerone (59-64 d.C.) della Glyptotek di Monaco. La carta reca impresso il timbro a secco: "PT". Nel verso è stato&nbsp;scritto a china: "N° 13 E".
