{"id":63746,"date":"2009-08-12T20:36:00","date_gmt":"2009-08-12T18:36:00","guid":{"rendered":"https:\/\/www.museoglaucolombardi.it\/opera\/63746\/"},"modified":"2014-04-22T11:42:00","modified_gmt":"2014-04-22T09:42:00","slug":"63746","status":"publish","type":"opera","link":"https:\/\/www.museoglaucolombardi.it\/en\/opera\/63746\/","title":{"rendered":"Ritratto coronato dell&#8217;imperatore Nerone"},"author":0,"featured_media":45734,"template":"","epoca":[],"materiale":[],"tecnica":[3265],"tipo":[3240],"class_list":["post-63746","opera","type-opera","status-publish","has-post-thumbnail","hentry","tecnica-bulino-e-acquaforte","tipo-stampe"],"publishpress_future_workflow_manual_trigger":{"enabledWorkflows":[]},"bibliografia":"G.LOMBARDI, \"Mostra di acquarelli, disegni e stampe di Paolo Toschi a Parma\", Parma 1947, p. 11.\r\nP.MEDIOLI MASOTTI, \"Paolo Toschi\", Parma, Artegrafica Silva 1973, p. 57.\r\nC. CICERO, \"Un'incisione dall'antico di Paolo Toschi (1788-1854) nel Fondo archivistico D'Ancona\", in \"Rivista dell'Istituto per la Storia dell'Arte Lombarda\", n. 10-2013, pp. 115-120.","denominazione":"Ritratto coronato dell'imperatore Nerone","nuovo_inventario":"1462","osservazioni":"Il foglio, realizzato durante gli anni del soggiorno parigino di Toschi, \u00e8 riconducibile alle \"Planches de l'Iconographie Romaine\", opera pubblicata a Parigi in quattro volumi tra il 1817 e 1829 dallo stampatore Pierre Didot l'A\u00een\u00e9 diretta da Ennio Quirino Visconti su incarico di Napoleone. Le 63 tavole del volume illustrativo che doveva raffigurare i ritratti dei regnanti dell'antichit\u00e0 romana furono realizzate da un folto gruppo di incisori tra cui Toschi e Isac. Il foglio, unitamente all'inv. 1463, \u00e8 riconducibile alla tavola 30 da cui si ricava la paternit\u00e0 dei disegni preparatori (Francesco Giangiacomo e Claude Bourguignon detto Laguiche supervisore dell'intera opera); si tratta di un frammento forse ritagliato da un foglio di prova di maggiori dimensioni rispetto alla tavola definitiva, di cui un esemplare \u00e8 presente al Mus\u00e9e d'Art et d'Histoire di Sainte-Menehould e una prova avanti lettera all'Istituto per la Storia dell'Arte Lombarda di Milano (Fondo D'Ancona).\r\nAlla stessa raccolta iconografica sono riconducibili anche gli invv. 1464, 1465, 1467.","serie_tiratura":"","chiavi":"","collocazione":"Carpetta Studio Toschi 2","descrizione":"L'incisione ripete il busto in marmo coronato e con clamide (64-68 d.C.)&nbsp;di Nerone presente al Mus\u00e9e du Louvre di Parigi.","provenienza":"Raccolta Toschi [fascicolo grigio].","acquisizione":"","compilatore_scheda":"","filegrani":"","stato_conservazione":"Abbastanza buono; il foglio, ritagliato, mostra alcune tracce di muffa.","datazione":"ante 1817","editore":"","esposizione":"","autori":[{"nato":"Parma 1788","morto":"1854","opere":false,"ID":66803,"post_title":"Paolo Toschi","post_content":"","post_excerpt":"","post_author":"2","post_date":"2022-10-20 17:10:42","post_date_gmt":"2022-10-20 15:10:42","post_status":"publish","comment_status":"closed","ping_status":"closed","post_password":"","post_name":"66803","to_ping":"","pinged":"","post_modified":"2025-01-30 12:03:13","post_modified_gmt":"2025-01-30 11:03:13","post_content_filtered":"","post_parent":0,"guid":"https:\/\/www.museoglaucolombardi.it\/?autore=66803","menu_order":0,"post_type":"autore","post_mime_type":"","comment_count":"0","comments":false,"id":66803},{"nato":"?","morto":"1855","opere":false,"ID":68516,"post_title":"Claude Bourguignon, detto Laguiche","post_content":"","post_excerpt":"","post_author":"0","post_date":"2022-10-20 17:14:13","post_date_gmt":"2022-10-20 15:14:13","post_status":"publish","comment_status":"closed","ping_status":"closed","post_password":"","post_name":"68516","to_ping":"","pinged":"","post_modified":"2022-10-20 17:14:13","post_modified_gmt":"2022-10-20 15:14:13","post_content_filtered":"","post_parent":0,"guid":"https:\/\/www.museoglaucolombardi.it\/?autore=68516","menu_order":0,"post_type":"autore","post_mime_type":"","comment_count":"0","comments":false,"id":68516}],"dediche":"","valore":"\u20ac 100,00","misure":"foglio cm 16,5 x 11,5","peso":"","valore_assicurativo":"","vecchio_inventario":"120","_links":{"self":[{"href":"https:\/\/www.museoglaucolombardi.it\/en\/wp-json\/wp\/v2\/opera\/63746","targetHints":{"allow":["GET"]}}],"collection":[{"href":"https:\/\/www.museoglaucolombardi.it\/en\/wp-json\/wp\/v2\/opera"}],"about":[{"href":"https:\/\/www.museoglaucolombardi.it\/en\/wp-json\/wp\/v2\/types\/opera"}],"version-history":[{"count":7,"href":"https:\/\/www.museoglaucolombardi.it\/en\/wp-json\/wp\/v2\/opera\/63746\/revisions"}],"predecessor-version":[{"id":101681,"href":"https:\/\/www.museoglaucolombardi.it\/en\/wp-json\/wp\/v2\/opera\/63746\/revisions\/101681"}],"wp:featuredmedia":[{"embeddable":true,"href":"https:\/\/www.museoglaucolombardi.it\/en\/wp-json\/wp\/v2\/media\/45734"}],"wp:attachment":[{"href":"https:\/\/www.museoglaucolombardi.it\/en\/wp-json\/wp\/v2\/media?parent=63746"}],"wp:term":[{"taxonomy":"epoca","embeddable":true,"href":"https:\/\/www.museoglaucolombardi.it\/en\/wp-json\/wp\/v2\/epoca?post=63746"},{"taxonomy":"materiale","embeddable":true,"href":"https:\/\/www.museoglaucolombardi.it\/en\/wp-json\/wp\/v2\/materiale?post=63746"},{"taxonomy":"tecnica","embeddable":true,"href":"https:\/\/www.museoglaucolombardi.it\/en\/wp-json\/wp\/v2\/tecnica?post=63746"},{"taxonomy":"tipo","embeddable":true,"href":"https:\/\/www.museoglaucolombardi.it\/en\/wp-json\/wp\/v2\/tipo?post=63746"}],"curies":[{"name":"wp","href":"https:\/\/api.w.org\/{rel}","templated":true}]}}

Il foglio, realizzato durante gli anni del soggiorno parigino di Toschi, è riconducibile alle "Planches de l'Iconographie Romaine", opera pubblicata a Parigi in quattro volumi tra il 1817 e 1829 dallo stampatore Pierre Didot l'Aîné diretta da Ennio Quirino Visconti su incarico di Napoleone. Le 63 tavole del volume illustrativo che doveva raffigurare i ritratti dei regnanti dell'antichità romana furono realizzate da un folto gruppo di incisori tra cui Toschi e Isac. Il foglio, unitamente all'inv. 1463, è riconducibile alla tavola 30 da cui si ricava la paternità dei disegni preparatori (Francesco Giangiacomo e Claude Bourguignon detto Laguiche supervisore dell'intera opera); si tratta di un frammento forse ritagliato da un foglio di prova di maggiori dimensioni rispetto alla tavola definitiva, di cui un esemplare è presente al Musée d'Art et d'Histoire di Sainte-Menehould e una prova avanti lettera all'Istituto per la Storia dell'Arte Lombarda di Milano (Fondo D'Ancona).
Alla stessa raccolta iconografica sono riconducibili anche gli invv. 1464, 1465, 1467.

L'incisione ripete il busto in marmo coronato e con clamide (64-68 d.C.)&nbsp;di Nerone presente al Musée du Louvre di Parigi.
