{"id":63362,"date":"2009-08-12T20:36:00","date_gmt":"2009-08-12T18:36:00","guid":{"rendered":"https:\/\/www.museoglaucolombardi.it\/opera\/63362\/"},"modified":"2025-03-04T14:18:28","modified_gmt":"2025-03-04T13:18:28","slug":"63362","status":"publish","type":"opera","link":"https:\/\/www.museoglaucolombardi.it\/en\/opera\/63362\/","title":{"rendered":"Lastra incisa per la stampa &#8220;Il testamento di Eudamida&#8221;"},"author":2,"featured_media":44990,"template":"","epoca":[],"materiale":[2737],"tecnica":[],"tipo":[3262],"class_list":["post-63362","opera","type-opera","status-publish","has-post-thumbnail","hentry","materiale-lastra-di-rame-incisa","tipo-matrici-per-incisioni"],"publishpress_future_workflow_manual_trigger":{"enabledWorkflows":[]},"bibliografia":"M. PELLEGRI, \"Il museo Glauco Lombardi\", Parma, Battei 1984, p. 262.\r\nA. MAVILLA (a cura di), \"Paolo Toschi e il suo tempo\", Parma, Ugo Guanda Editore 1992, p. 467.\r\nA. GRANDI, \u201cTra arte e affari: alcune vicende imprenditoriali di Paolo Toschi\u201d, in \u201cPaolo Toschi (1788-1854) incisore d\u2019Europa\u201d, Parma 2004, pp. 159-171: p. 162.\r\nF. SANDRINI (a cura di), \"Glauco Lombardi (1881-1970) molto pi\u00f9 di un collezionista\", Parma, Grafiche STEP 2011, p. 55.","denominazione":"Lastra incisa per la stampa \"Il testamento di Eudamida\"","nuovo_inventario":"1797","osservazioni":"La lastra, che conserva tracce di inchiostratura, \u00e8 conservata in una teca in vetro e legno.\r\nFu Charles-Cl\u00e9ment Bervic a realizzare il disegno (nel Museo si conserva un suo studio di Eudamida morente, inv. 126) e ad inziare l'incisione della lastra, pare limitatamente al fondo e ad alcuni panneggi. Il lavoro fu completato da Toschi nel 1847, ma l'incisione fu pubblicata solo nel 1853. In Museo se ne conserva un esemplare avanti lettera (inv. 955).\r\nLombardi acquist\u00f2 la lastra il 10 dicembre 1939 da Nina e Maria Godi Toschi, unitamente a quella per la \"Madonna del San Gerolamo\" (inv. 1796) e ai disegni di mobili creati per Maria Luigia dal pittore Prud'hon che non sono pervenuti al Museo (dichiarazione di vendita in collezione privata).","serie_tiratura":"","chiavi":"","collocazione":"Sala Paolo Toschi","descrizione":"Sulla lastra in rame \u00e8 incisa a bulino una riproduzione del dipinto di Nicolas Poussin (1594-1665), oggi allo \"Statens Museum for Kunst\" di Copenhagen.\r\nSotto\u00a0si trova\u00a0scritto (da destra a sinistra): \"Nicola Poussin dipinse - Carl. Clem. Bervic disegn\u00f2 e prepar\u00f2 il fondo e qualche panneggiamento - Paolo Toschi suo allievo incise \/ TESTAMENTO DI EUDAMIDA \/ All'Onorevolissimo Signor Conte di Ellemere \/ possessore di una preziosissima raccolta di quadri tra' quali I SETTE SACRAMENTI E ALTRI DI NICOLA POUSSIN \/ Frassinetti impresse\".","provenienza":"Raccolta Toschi [fascicolo grigio].","acquisizione":"Eredi Toschi","compilatore_scheda":"","filegrani":"","stato_conservazione":"Buono","datazione":"","editore":"","esposizione":"Parma, Ridotto del Teatro Regio, \"Mostra dell'Accademia parmense 1752-1952\", giugno-settembre 1952","autori":[{"nato":"Parma 1788","morto":"1854","opere":false,"ID":66803,"post_title":"Paolo Toschi","post_content":"","post_excerpt":"","post_author":"2","post_date":"2022-10-20 17:10:42","post_date_gmt":"2022-10-20 15:10:42","post_status":"publish","comment_status":"closed","ping_status":"closed","post_password":"","post_name":"66803","to_ping":"","pinged":"","post_modified":"2025-01-30 12:03:13","post_modified_gmt":"2025-01-30 11:03:13","post_content_filtered":"","post_parent":0,"guid":"https:\/\/www.museoglaucolombardi.it\/?autore=66803","menu_order":0,"post_type":"autore","post_mime_type":"","comment_count":"0","comments":false,"id":66803},{"nato":"Parigi, 1756","morto":"Parigi, 1822","opere":false,"ID":66763,"post_title":"Charles-Cl\u00e9ment Bervic","post_content":"Charles-Cl\u00e9ment Bervic \u00e8 lo pseudonimo di Jean-Guillaume Barvez.","post_excerpt":"","post_author":"0","post_date":"2022-10-20 17:10:37","post_date_gmt":"2022-10-20 15:10:37","post_status":"publish","comment_status":"closed","ping_status":"closed","post_password":"","post_name":"66763","to_ping":"","pinged":"","post_modified":"2022-10-20 17:10:37","post_modified_gmt":"2022-10-20 15:10:37","post_content_filtered":"","post_parent":0,"guid":"https:\/\/www.museoglaucolombardi.it\/?autore=66763","menu_order":0,"post_type":"autore","post_mime_type":"","comment_count":"0","comments":false,"id":66763}],"dediche":"","valore":"\u20ac 5.000,00","misure":"cm 66 x 78","peso":"","valore_assicurativo":"","vecchio_inventario":"76","_links":{"self":[{"href":"https:\/\/www.museoglaucolombardi.it\/en\/wp-json\/wp\/v2\/opera\/63362","targetHints":{"allow":["GET"]}}],"collection":[{"href":"https:\/\/www.museoglaucolombardi.it\/en\/wp-json\/wp\/v2\/opera"}],"about":[{"href":"https:\/\/www.museoglaucolombardi.it\/en\/wp-json\/wp\/v2\/types\/opera"}],"author":[{"embeddable":true,"href":"https:\/\/www.museoglaucolombardi.it\/en\/wp-json\/wp\/v2\/users\/2"}],"version-history":[{"count":7,"href":"https:\/\/www.museoglaucolombardi.it\/en\/wp-json\/wp\/v2\/opera\/63362\/revisions"}],"predecessor-version":[{"id":101305,"href":"https:\/\/www.museoglaucolombardi.it\/en\/wp-json\/wp\/v2\/opera\/63362\/revisions\/101305"}],"wp:featuredmedia":[{"embeddable":true,"href":"https:\/\/www.museoglaucolombardi.it\/en\/wp-json\/wp\/v2\/media\/44990"}],"wp:attachment":[{"href":"https:\/\/www.museoglaucolombardi.it\/en\/wp-json\/wp\/v2\/media?parent=63362"}],"wp:term":[{"taxonomy":"epoca","embeddable":true,"href":"https:\/\/www.museoglaucolombardi.it\/en\/wp-json\/wp\/v2\/epoca?post=63362"},{"taxonomy":"materiale","embeddable":true,"href":"https:\/\/www.museoglaucolombardi.it\/en\/wp-json\/wp\/v2\/materiale?post=63362"},{"taxonomy":"tecnica","embeddable":true,"href":"https:\/\/www.museoglaucolombardi.it\/en\/wp-json\/wp\/v2\/tecnica?post=63362"},{"taxonomy":"tipo","embeddable":true,"href":"https:\/\/www.museoglaucolombardi.it\/en\/wp-json\/wp\/v2\/tipo?post=63362"}],"curies":[{"name":"wp","href":"https:\/\/api.w.org\/{rel}","templated":true}]}}

M. PELLEGRI, "Il museo Glauco Lombardi", Parma, Battei 1984, p. 262.
A. MAVILLA (a cura di), "Paolo Toschi e il suo tempo", Parma, Ugo Guanda Editore 1992, p. 467.
A. GRANDI, “Tra arte e affari: alcune vicende imprenditoriali di Paolo Toschi”, in “Paolo Toschi (1788-1854) incisore d’Europa”, Parma 2004, pp. 159-171: p. 162.
F. SANDRINI (a cura di), "Glauco Lombardi (1881-1970) molto più di un collezionista", Parma, Grafiche STEP 2011, p. 55.

La lastra, che conserva tracce di inchiostratura, è conservata in una teca in vetro e legno.
Fu Charles-Clément Bervic a realizzare il disegno (nel Museo si conserva un suo studio di Eudamida morente, inv. 126) e ad inziare l'incisione della lastra, pare limitatamente al fondo e ad alcuni panneggi. Il lavoro fu completato da Toschi nel 1847, ma l'incisione fu pubblicata solo nel 1853. In Museo se ne conserva un esemplare avanti lettera (inv. 955).
Lombardi acquistò la lastra il 10 dicembre 1939 da Nina e Maria Godi Toschi, unitamente a quella per la "Madonna del San Gerolamo" (inv. 1796) e ai disegni di mobili creati per Maria Luigia dal pittore Prud'hon che non sono pervenuti al Museo (dichiarazione di vendita in collezione privata).

Sulla lastra in rame è incisa a bulino una riproduzione del dipinto di Nicolas Poussin (1594-1665), oggi allo "Statens Museum for Kunst" di Copenhagen.
Sotto si trova scritto (da destra a sinistra): "Nicola Poussin dipinse - Carl. Clem. Bervic disegnò e preparò il fondo e qualche panneggiamento - Paolo Toschi suo allievo incise / TESTAMENTO DI EUDAMIDA / All'Onorevolissimo Signor Conte di Ellemere / possessore di una preziosissima raccolta di quadri tra' quali I SETTE SACRAMENTI E ALTRI DI NICOLA POUSSIN / Frassinetti impresse".

Charles-Clément Bervic

Charles-Clément Bervic è lo pseudonimo di Jean-Guillaume Barvez.
