{"id":62900,"date":"2009-08-12T20:36:00","date_gmt":"2009-08-12T18:36:00","guid":{"rendered":"https:\/\/www.museoglaucolombardi.it\/opera\/62900\/"},"modified":"2025-12-27T14:10:10","modified_gmt":"2025-12-27T13:10:10","slug":"62900","status":"publish","type":"opera","link":"https:\/\/www.museoglaucolombardi.it\/en\/opera\/62900\/","title":{"rendered":"Ritratto di Ferdinand Neipperg"},"author":2,"featured_media":44096,"template":"","epoca":[],"materiale":[],"tecnica":[3247],"tipo":[3212],"class_list":["post-62900","opera","type-opera","status-publish","has-post-thumbnail","hentry","tecnica-acquerello-su-cartoncino","tipo-dipinti-e-acquerelli"],"publishpress_future_workflow_manual_trigger":{"enabledWorkflows":[]},"bibliografia":"M. PELLEGRI, \"Il museo Glauco Lombardi\", Parma, Battei 1984, p. 232.\r\nM. BIANCHI, \"La migliore delle contesse. Profilo biografico di Albertina Sanvitale\", in F. SANDRINI (a cura di), \"Albertina, la figlia di Maria Luigia d'Asburgo. Vita, pensieri, segreti\", Parma, Grafiche STEP 2017, ill. p. 82.\r\nF. SANDRINI (a cura di), \"Maria Luigia d\u2019Asburgo e il Casino dei Boschi di Sala\", Parma, MUP 2023, ill. p. 46.\r\nF. SANDRINI (a cura di), \"Lettere di Maria Luigia d'Asburgo alla figlia Albertina Montenuovo. Volume I. Anni 1823-1833\", Parma, MUP 2025, ill. p. 245.","denominazione":"Ritratto di Ferdinand Neipperg","nuovo_inventario":"293","osservazioni":"Ferdinand (1809-1843) era il secondo figlio nato dal matrimonio tra il generale Neipperg e Teresa Pola.\r\nIn questo ritratto il ragazzo indossa l'uniforme di sottotenente del 3\u00b0 Ussari austriaco (pelliccia blu a fasce grige, treccia oro).\r\nAd aprile 2022 si \u00e8 reso necessario sostituire l'originaria cornice in legno laccato bianco poich\u00e8 l'assenza di planarit\u00e0 ne aveva determinato la scomposizione in pi\u00f9 parti; nel verso di tale cornice (ora conservata nei depositi del Museo ) sono presenti la scritta a inchiostro: \"Comte Ferdinand de Neipperg\" e un'etichetta con il numero \"282\". Durante le operazioni di smontaggio, tra la schiena della cornice e il foglio dipinto sono state recuperate alcune carte (riposte in deposito e riunite alla cornice), fortemente acide; su una di esse, azzurra, \u00e8 riportata la scritta a inchiostro \"G. (?) Bugler\": non si tratta di un nome, ma del ruolo da trombettiere (bugler, in tedesco) probabilmente ricoperta dal giovane Ferdinand in quel periodo.\r\nIl ritratto \u00e8 stato rimontato entro una cornice tardosettecentesca in legno dorato in foglia; questo acquerello si trova citato e accuratamente descritto in un elenco redatto da Stefano Sanvitale verso l'inizio del XX secolo, relativo a opere appartenenti alla famiglia Sanvitale di cui molte, come in questo caso, ereditate da Maria Luigia attraverso l'asse materno (arch. Sanvitale, cont. 87, fasc. 4\/18).","serie_tiratura":"","chiavi":"","collocazione":"Sala Affetti","descrizione":"L'opera reca firma e data a matita: \"Joh. Ender 1830\" in basso a destra.","provenienza":"","acquisizione":"Acquisto di Glauco Lombardi presso il conte Giovanni Sanvitale nel 1934.","compilatore_scheda":"","filegrani":"","stato_conservazione":"Abbastanza buono; la carta \u00e8 un po' macchiata nella zona alta.","datazione":"1830","editore":"","esposizione":"Parma, Museo Glauco Lombardi, \"Albertina, la figlia di Maria Luigia d'Asburgo. Vita, pensieri, segreti\", 9 dicembre 2017-18 marzo 2018","autori":[{"nato":"Vienna, 1793","morto":"1854","opere":false,"ID":67751,"post_title":"Johann Ender","post_content":"Fu un noto ritrattista, fratello gemello del paesaggista Thomas Ender.","post_excerpt":"","post_author":"0","post_date":"2022-10-20 17:12:35","post_date_gmt":"2022-10-20 15:12:35","post_status":"publish","comment_status":"closed","ping_status":"closed","post_password":"","post_name":"67751","to_ping":"","pinged":"","post_modified":"2022-10-20 17:12:35","post_modified_gmt":"2022-10-20 15:12:35","post_content_filtered":"","post_parent":0,"guid":"https:\/\/www.museoglaucolombardi.it\/?autore=67751","menu_order":0,"post_type":"autore","post_mime_type":"","comment_count":"0","comments":false,"id":67751}],"dediche":"","valore":"4.000,00","misure":"S.C.: cm 22 x 16\r\nC.C.: cm 28 x 22,2 x 2,8","peso":"","valore_assicurativo":"","vecchio_inventario":"143","_links":{"self":[{"href":"https:\/\/www.museoglaucolombardi.it\/en\/wp-json\/wp\/v2\/opera\/62900","targetHints":{"allow":["GET"]}}],"collection":[{"href":"https:\/\/www.museoglaucolombardi.it\/en\/wp-json\/wp\/v2\/opera"}],"about":[{"href":"https:\/\/www.museoglaucolombardi.it\/en\/wp-json\/wp\/v2\/types\/opera"}],"author":[{"embeddable":true,"href":"https:\/\/www.museoglaucolombardi.it\/en\/wp-json\/wp\/v2\/users\/2"}],"version-history":[{"count":7,"href":"https:\/\/www.museoglaucolombardi.it\/en\/wp-json\/wp\/v2\/opera\/62900\/revisions"}],"predecessor-version":[{"id":100853,"href":"https:\/\/www.museoglaucolombardi.it\/en\/wp-json\/wp\/v2\/opera\/62900\/revisions\/100853"}],"wp:featuredmedia":[{"embeddable":true,"href":"https:\/\/www.museoglaucolombardi.it\/en\/wp-json\/wp\/v2\/media\/44096"}],"wp:attachment":[{"href":"https:\/\/www.museoglaucolombardi.it\/en\/wp-json\/wp\/v2\/media?parent=62900"}],"wp:term":[{"taxonomy":"epoca","embeddable":true,"href":"https:\/\/www.museoglaucolombardi.it\/en\/wp-json\/wp\/v2\/epoca?post=62900"},{"taxonomy":"materiale","embeddable":true,"href":"https:\/\/www.museoglaucolombardi.it\/en\/wp-json\/wp\/v2\/materiale?post=62900"},{"taxonomy":"tecnica","embeddable":true,"href":"https:\/\/www.museoglaucolombardi.it\/en\/wp-json\/wp\/v2\/tecnica?post=62900"},{"taxonomy":"tipo","embeddable":true,"href":"https:\/\/www.museoglaucolombardi.it\/en\/wp-json\/wp\/v2\/tipo?post=62900"}],"curies":[{"name":"wp","href":"https:\/\/api.w.org\/{rel}","templated":true}]}}

Ferdinand (1809-1843) era il secondo figlio nato dal matrimonio tra il generale Neipperg e Teresa Pola.
In questo ritratto il ragazzo indossa l'uniforme di sottotenente del 3° Ussari austriaco (pelliccia blu a fasce grige, treccia oro).
Ad aprile 2022 si è reso necessario sostituire l'originaria cornice in legno laccato bianco poichè l'assenza di planarità ne aveva determinato la scomposizione in più parti; nel verso di tale cornice (ora conservata nei depositi del Museo ) sono presenti la scritta a inchiostro: "Comte Ferdinand de Neipperg" e un'etichetta con il numero "282". Durante le operazioni di smontaggio, tra la schiena della cornice e il foglio dipinto sono state recuperate alcune carte (riposte in deposito e riunite alla cornice), fortemente acide; su una di esse, azzurra, è riportata la scritta a inchiostro "G. (?) Bugler": non si tratta di un nome, ma del ruolo da trombettiere (bugler, in tedesco) probabilmente ricoperta dal giovane Ferdinand in quel periodo.
Il ritratto è stato rimontato entro una cornice tardosettecentesca in legno dorato in foglia; questo acquerello si trova citato e accuratamente descritto in un elenco redatto da Stefano Sanvitale verso l'inizio del XX secolo, relativo a opere appartenenti alla famiglia Sanvitale di cui molte, come in questo caso, ereditate da Maria Luigia attraverso l'asse materno (arch. Sanvitale, cont. 87, fasc. 4/18).

Abbastanza buono; la carta è un po' macchiata nella zona alta.
