{"id":62232,"date":"2009-08-12T20:36:00","date_gmt":"2009-08-12T18:36:00","guid":{"rendered":"https:\/\/www.museoglaucolombardi.it\/opera\/62232\/"},"modified":"2025-03-04T14:26:21","modified_gmt":"2025-03-04T13:26:21","slug":"62232","status":"publish","type":"opera","link":"https:\/\/www.museoglaucolombardi.it\/en\/opera\/62232\/","title":{"rendered":"Ferdinando Pa\u00ebr Parmigiano"},"author":2,"featured_media":42838,"template":"","epoca":[],"materiale":[],"tecnica":[3265],"tipo":[3240],"class_list":["post-62232","opera","type-opera","status-publish","has-post-thumbnail","hentry","tecnica-bulino-e-acquaforte","tipo-stampe"],"publishpress_future_workflow_manual_trigger":{"enabledWorkflows":[]},"bibliografia":"P. MEDIOLI MASOTTI, \"Paolo Toschi\", Parma, Artegrafica Silva 1973, p. 75.","denominazione":"Ferdinando Pa\u00ebr Parmigiano","nuovo_inventario":"1452","osservazioni":"Il disegno di G\u00e9rard da cui l'incisione fu tratta \u00e8 conservato in Museo con il numero di inventario 122.\r\nSempre in Museo si conserva un secondo esemplare della stampa (inv. 1337).","serie_tiratura":"","chiavi":"","collocazione":"Carpetta Studio Toschi 2","descrizione":"Sul cartiglio intrecciato alla corona sono riportati i nomi di alcune composizioni del maestro parmigiano: \"SARGINO - FUORUSCITI - PRINC. DI TAR - GRISELDA - CAMILLA - BACCANALI - DIDONE - ACHILLE - SOFONISBA - AGNESE\".\r\n\"F.G\u00e9rard del.t - Toschi et Isac scul. \/ Parm: Ferdin: Pa\u00ebr Parmigiano\".","provenienza":"","acquisizione":"","compilatore_scheda":"","filegrani":"","stato_conservazione":"Buono","datazione":"1825","editore":"","esposizione":"","autori":[{"nato":"Parma 1788","morto":"1854","opere":false,"ID":66803,"post_title":"Paolo Toschi","post_content":"","post_excerpt":"","post_author":"2","post_date":"2022-10-20 17:10:42","post_date_gmt":"2022-10-20 15:10:42","post_status":"publish","comment_status":"closed","ping_status":"closed","post_password":"","post_name":"66803","to_ping":"","pinged":"","post_modified":"2025-01-30 12:03:13","post_modified_gmt":"2025-01-30 11:03:13","post_content_filtered":"","post_parent":0,"guid":"https:\/\/www.museoglaucolombardi.it\/?autore=66803","menu_order":0,"post_type":"autore","post_mime_type":"","comment_count":"0","comments":false,"id":66803},{"nato":"Parma, 1788","morto":"Luzzara, 1828","opere":false,"ID":67547,"post_title":"Antonio Isac","post_content":"","post_excerpt":"","post_author":"0","post_date":"2022-10-20 17:12:10","post_date_gmt":"2022-10-20 15:12:10","post_status":"publish","comment_status":"closed","ping_status":"closed","post_password":"","post_name":"67547","to_ping":"","pinged":"","post_modified":"2022-10-20 17:12:10","post_modified_gmt":"2022-10-20 15:12:10","post_content_filtered":"","post_parent":0,"guid":"https:\/\/www.museoglaucolombardi.it\/?autore=67547","menu_order":0,"post_type":"autore","post_mime_type":"","comment_count":"0","comments":false,"id":67547},{"nato":"Roma 1770","morto":"Parigi 1837","opere":false,"ID":67961,"post_title":"Fran\u00e7ois G\u00e9rard","post_content":"","post_excerpt":"","post_author":"2","post_date":"2022-10-20 17:13:03","post_date_gmt":"2022-10-20 15:13:03","post_status":"publish","comment_status":"closed","ping_status":"closed","post_password":"","post_name":"67961","to_ping":"","pinged":"","post_modified":"2025-01-22 10:08:26","post_modified_gmt":"2025-01-22 09:08:26","post_content_filtered":"","post_parent":0,"guid":"https:\/\/www.museoglaucolombardi.it\/?autore=67961","menu_order":0,"post_type":"autore","post_mime_type":"","comment_count":"0","comments":false,"id":67961}],"dediche":"","valore":"\u20ac 400,00","misure":"cm 34,9 x 25,8","peso":"","valore_assicurativo":"","vecchio_inventario":"89","_links":{"self":[{"href":"https:\/\/www.museoglaucolombardi.it\/en\/wp-json\/wp\/v2\/opera\/62232","targetHints":{"allow":["GET"]}}],"collection":[{"href":"https:\/\/www.museoglaucolombardi.it\/en\/wp-json\/wp\/v2\/opera"}],"about":[{"href":"https:\/\/www.museoglaucolombardi.it\/en\/wp-json\/wp\/v2\/types\/opera"}],"author":[{"embeddable":true,"href":"https:\/\/www.museoglaucolombardi.it\/en\/wp-json\/wp\/v2\/users\/2"}],"version-history":[{"count":7,"href":"https:\/\/www.museoglaucolombardi.it\/en\/wp-json\/wp\/v2\/opera\/62232\/revisions"}],"predecessor-version":[{"id":100197,"href":"https:\/\/www.museoglaucolombardi.it\/en\/wp-json\/wp\/v2\/opera\/62232\/revisions\/100197"}],"wp:featuredmedia":[{"embeddable":true,"href":"https:\/\/www.museoglaucolombardi.it\/en\/wp-json\/wp\/v2\/media\/42838"}],"wp:attachment":[{"href":"https:\/\/www.museoglaucolombardi.it\/en\/wp-json\/wp\/v2\/media?parent=62232"}],"wp:term":[{"taxonomy":"epoca","embeddable":true,"href":"https:\/\/www.museoglaucolombardi.it\/en\/wp-json\/wp\/v2\/epoca?post=62232"},{"taxonomy":"materiale","embeddable":true,"href":"https:\/\/www.museoglaucolombardi.it\/en\/wp-json\/wp\/v2\/materiale?post=62232"},{"taxonomy":"tecnica","embeddable":true,"href":"https:\/\/www.museoglaucolombardi.it\/en\/wp-json\/wp\/v2\/tecnica?post=62232"},{"taxonomy":"tipo","embeddable":true,"href":"https:\/\/www.museoglaucolombardi.it\/en\/wp-json\/wp\/v2\/tipo?post=62232"}],"curies":[{"name":"wp","href":"https:\/\/api.w.org\/{rel}","templated":true}]}}

Ferdinando Paër Parmigiano

Il disegno di Gérard da cui l'incisione fu tratta è conservato in Museo con il numero di inventario 122.
Sempre in Museo si conserva un secondo esemplare della stampa (inv. 1337).

Sul cartiglio intrecciato alla corona sono riportati i nomi di alcune composizioni del maestro parmigiano: "SARGINO - FUORUSCITI - PRINC. DI TAR - GRISELDA - CAMILLA - BACCANALI - DIDONE - ACHILLE - SOFONISBA - AGNESE".
"F.Gérard del.t - Toschi et Isac scul. / Parm: Ferdin: Paër Parmigiano".

François Gérard
