{"id":62104,"date":"2009-08-12T20:36:00","date_gmt":"2009-08-12T18:36:00","guid":{"rendered":"https:\/\/www.museoglaucolombardi.it\/opera\/62104\/"},"modified":"2022-07-27T10:39:00","modified_gmt":"2022-07-27T08:39:00","slug":"62104","status":"publish","type":"opera","link":"https:\/\/www.museoglaucolombardi.it\/en\/opera\/62104\/","title":{"rendered":"Valle dell&#8217;Inn nei pressi di V\u00f6ls"},"author":0,"featured_media":42600,"template":"","epoca":[],"materiale":[],"tecnica":[3210],"tipo":[3212],"class_list":["post-62104","opera","type-opera","status-publish","has-post-thumbnail","hentry","tecnica-acquerello-su-carta","tipo-dipinti-e-acquerelli"],"publishpress_future_workflow_manual_trigger":{"enabledWorkflows":[]},"bibliografia":"M. PELLEGRI, \"Il museo Glauco Lombardi\", Parma, Battei 1984, p. 192.\r\nF. SANDRINI (a cura di), \"Les jolis paysages di Maria Luigia d'Asburgo e la pittura di paesaggio nel ducato di Parma\", Parma, Graphital 2013, ill. p. 39.","denominazione":"Valle dell'Inn nei pressi di V\u00f6ls","nuovo_inventario":"246","osservazioni":"In cornice di legno dorato in foglia.\r\nIl presente acquerello \u00e8 menzionato in una stima degli album di propriet\u00e0 dei conti Alberto e Stefano Sanvitale e gi\u00e0 di pertinenza di Sua Maest\u00e0 Maria Luigia (Museo Glauco Lombardi, Archivio Sanvitale, cont. 95\/11, busta 6); in particolare, l'album contraddistinto dal n. 23 conteneva un acquerello di \"Sch\u00fcdler\" raffigurante una \"Veduta del Tirolo\". Anche tra i vecchi inventari del Museo [fascicolo grigio], in un elenco di opere provenienti da album, si nomina il presente acquerello.\r\nTradizionalmente identificato come \"Valle Isarco sopra Bolzano\", la corretta identificazione si deve alla cortesia del Dipartimento di Storia dell'Arte del Landesmuseum f\u00fcr K\u00e4rnten di Klagenfurt, in una ricerca coordinata da Elizabeth Horn (luglio 2022): il profilo del Martinswand sulla destra, le montagne del Wetterstein sullo sfondo e la collina del Blasiusberg su cui si erge una chiesetta ancora circondano la cittadina di V\u00f6ls, dove spicca la caratteristica cupola a cipolla dell'antica chiesa parrocchiale di S. Jodok e Lucia. Christine Wetzlinger-Grundnig del Museum Moderner Kunst di Klagenfurt ha poi minutamente identificato i luoghi ammirati da Maria Luigia: la chiesa e l'edificio del Martinsb\u00fchel (fino al XIX secolo chiamato St. Martinsberg) sulla cresta rocciosa ai piedi della Martinswand, la cittadina di Zirl sullo sfondo, a destra le cime occidentali del Mieminger Kette (Griesspitzen e il tondeggiante Wannig), a sinistra il lato nord della catena montuosa del Sellrain, con il Rangger K\u00f6pfl davanti.","serie_tiratura":"","chiavi":"","collocazione":"Sala Acquerelli","descrizione":"L'opera presenta la firma: \"G.Sch\u00e4dler\" in basso a sinistra.","provenienza":"","acquisizione":"","compilatore_scheda":"","filegrani":"","stato_conservazione":"Buono.","datazione":"","editore":"","esposizione":"","autori":[{"nato":"Costanza 1777","morto":"Innsbruck 1866","opere":false,"ID":66781,"post_title":"Johann Georg Sch\u00e4dler","post_content":"","post_excerpt":"","post_author":"0","post_date":"2022-10-20 17:10:39","post_date_gmt":"2022-10-20 15:10:39","post_status":"publish","comment_status":"closed","ping_status":"closed","post_password":"","post_name":"66781","to_ping":"","pinged":"","post_modified":"2022-10-20 17:10:39","post_modified_gmt":"2022-10-20 15:10:39","post_content_filtered":"","post_parent":0,"guid":"https:\/\/www.museoglaucolombardi.it\/?autore=66781","menu_order":0,"post_type":"autore","post_mime_type":"","comment_count":"0","comments":false,"id":66781}],"dediche":"","valore":"2.000,00","misure":"S.C.: cm 22,6 x 29,9\r\nC.C.: cm 41,1 x 48,2 x 3,5","peso":"","valore_assicurativo":"","vecchio_inventario":"389","_links":{"self":[{"href":"https:\/\/www.museoglaucolombardi.it\/en\/wp-json\/wp\/v2\/opera\/62104","targetHints":{"allow":["GET"]}}],"collection":[{"href":"https:\/\/www.museoglaucolombardi.it\/en\/wp-json\/wp\/v2\/opera"}],"about":[{"href":"https:\/\/www.museoglaucolombardi.it\/en\/wp-json\/wp\/v2\/types\/opera"}],"version-history":[{"count":7,"href":"https:\/\/www.museoglaucolombardi.it\/en\/wp-json\/wp\/v2\/opera\/62104\/revisions"}],"predecessor-version":[{"id":100075,"href":"https:\/\/www.museoglaucolombardi.it\/en\/wp-json\/wp\/v2\/opera\/62104\/revisions\/100075"}],"wp:featuredmedia":[{"embeddable":true,"href":"https:\/\/www.museoglaucolombardi.it\/en\/wp-json\/wp\/v2\/media\/42600"}],"wp:attachment":[{"href":"https:\/\/www.museoglaucolombardi.it\/en\/wp-json\/wp\/v2\/media?parent=62104"}],"wp:term":[{"taxonomy":"epoca","embeddable":true,"href":"https:\/\/www.museoglaucolombardi.it\/en\/wp-json\/wp\/v2\/epoca?post=62104"},{"taxonomy":"materiale","embeddable":true,"href":"https:\/\/www.museoglaucolombardi.it\/en\/wp-json\/wp\/v2\/materiale?post=62104"},{"taxonomy":"tecnica","embeddable":true,"href":"https:\/\/www.museoglaucolombardi.it\/en\/wp-json\/wp\/v2\/tecnica?post=62104"},{"taxonomy":"tipo","embeddable":true,"href":"https:\/\/www.museoglaucolombardi.it\/en\/wp-json\/wp\/v2\/tipo?post=62104"}],"curies":[{"name":"wp","href":"https:\/\/api.w.org\/{rel}","templated":true}]}}

Valle dell&#8217;Inn nei pressi di Völs

Valle dell'Inn nei pressi di Völs

In cornice di legno dorato in foglia.
Il presente acquerello è menzionato in una stima degli album di proprietà dei conti Alberto e Stefano Sanvitale e già di pertinenza di Sua Maestà Maria Luigia (Museo Glauco Lombardi, Archivio Sanvitale, cont. 95/11, busta 6); in particolare, l'album contraddistinto dal n. 23 conteneva un acquerello di "Schüdler" raffigurante una "Veduta del Tirolo". Anche tra i vecchi inventari del Museo [fascicolo grigio], in un elenco di opere provenienti da album, si nomina il presente acquerello.
Tradizionalmente identificato come "Valle Isarco sopra Bolzano", la corretta identificazione si deve alla cortesia del Dipartimento di Storia dell'Arte del Landesmuseum für Kärnten di Klagenfurt, in una ricerca coordinata da Elizabeth Horn (luglio 2022): il profilo del Martinswand sulla destra, le montagne del Wetterstein sullo sfondo e la collina del Blasiusberg su cui si erge una chiesetta ancora circondano la cittadina di Völs, dove spicca la caratteristica cupola a cipolla dell'antica chiesa parrocchiale di S. Jodok e Lucia. Christine Wetzlinger-Grundnig del Museum Moderner Kunst di Klagenfurt ha poi minutamente identificato i luoghi ammirati da Maria Luigia: la chiesa e l'edificio del Martinsbühel (fino al XIX secolo chiamato St. Martinsberg) sulla cresta rocciosa ai piedi della Martinswand, la cittadina di Zirl sullo sfondo, a destra le cime occidentali del Mieminger Kette (Griesspitzen e il tondeggiante Wannig), a sinistra il lato nord della catena montuosa del Sellrain, con il Rangger Köpfl davanti.

L'opera presenta la firma: "G.Schädler" in basso a sinistra.

Johann Georg Schädler
