{"id":61542,"date":"2009-08-12T20:36:00","date_gmt":"2009-08-12T18:36:00","guid":{"rendered":"https:\/\/www.museoglaucolombardi.it\/opera\/61542\/"},"modified":"2012-11-07T15:11:00","modified_gmt":"2012-11-07T14:11:00","slug":"61542","status":"publish","type":"opera","link":"https:\/\/www.museoglaucolombardi.it\/en\/opera\/61542\/","title":{"rendered":"Studio di abete e betulla"},"author":0,"featured_media":41508,"template":"","epoca":[],"materiale":[],"tecnica":[3218],"tipo":[3217],"class_list":["post-61542","opera","type-opera","status-publish","has-post-thumbnail","hentry","tecnica-matita-su-carta","tipo-disegni"],"publishpress_future_workflow_manual_trigger":{"enabledWorkflows":[]},"bibliografia":"M. BIANCHI, \"Il Museo che non c'\u00e8: gli acquisti perduti di Glauco Lombardi\", in F. SANDRINI (a cura di), \"Glauco Lombardi (1881-1970) molto pi\u00f9 di un collezionista\", Parma, Grafiche STEP 2011, pp. 110-168: p. 160, nota 136.","denominazione":"Studio di abete e betulla","nuovo_inventario":"650","osservazioni":"In cornice di legno nero.\r\nLa tradizionale attribuzione a Giuseppe Boccaccio, presente nei vecchi inventari e dedotta dalla firma apocrifa visibile su un disegno gemello del presente (conservato in Museo con il numero inv.658), \r\nsi deve quasi certamente a Lombardi e pare difficilmente sostenibile. Pi\u00f9 probabile \u00e8 infatti che a realizzare lo schizzo, cos\u00ec come il suo pendant, sia stato Guido Carmignani, di cui sono noti gli studi di alberi, spesso identificati con precisione a fianco dal nome, riportato a matita.","serie_tiratura":"","chiavi":"","collocazione":"Segreteria","descrizione":"Rispettivamente sulla sinistra e sulla destra del foglio, nella zona inferiore, sono scitte a matita le parole: \"Betula\" e \"Abete\".","provenienza":"","acquisizione":"","compilatore_scheda":"","filegrani":"","stato_conservazione":"Abbastanza buono; la carta reca una leggera puntinatura di muffa, e mostra lievi segni di consunzione lungo i bordi.","datazione":"","editore":"","esposizione":"","autori":[{"nato":"Parma, 1838","morto":"Parma, 1909","opere":false,"ID":66913,"post_title":"Guido Carmignani","post_content":"","post_excerpt":"","post_author":"0","post_date":"2022-10-20 17:10:54","post_date_gmt":"2022-10-20 15:10:54","post_status":"publish","comment_status":"closed","ping_status":"closed","post_password":"","post_name":"66913","to_ping":"","pinged":"","post_modified":"2022-10-20 17:10:54","post_modified_gmt":"2022-10-20 15:10:54","post_content_filtered":"","post_parent":0,"guid":"https:\/\/www.museoglaucolombardi.it\/?autore=66913","menu_order":0,"post_type":"autore","post_mime_type":"","comment_count":"0","comments":false,"id":66913}],"dediche":"","valore":"1.000,00","misure":"S.C.: cm 30,8 x 22,9\r\nC.C.: cm 34,1 x 26,1 x 1,3","peso":"","valore_assicurativo":"","vecchio_inventario":"58 bis","_links":{"self":[{"href":"https:\/\/www.museoglaucolombardi.it\/en\/wp-json\/wp\/v2\/opera\/61542","targetHints":{"allow":["GET"]}}],"collection":[{"href":"https:\/\/www.museoglaucolombardi.it\/en\/wp-json\/wp\/v2\/opera"}],"about":[{"href":"https:\/\/www.museoglaucolombardi.it\/en\/wp-json\/wp\/v2\/types\/opera"}],"version-history":[{"count":7,"href":"https:\/\/www.museoglaucolombardi.it\/en\/wp-json\/wp\/v2\/opera\/61542\/revisions"}],"predecessor-version":[{"id":99523,"href":"https:\/\/www.museoglaucolombardi.it\/en\/wp-json\/wp\/v2\/opera\/61542\/revisions\/99523"}],"wp:featuredmedia":[{"embeddable":true,"href":"https:\/\/www.museoglaucolombardi.it\/en\/wp-json\/wp\/v2\/media\/41508"}],"wp:attachment":[{"href":"https:\/\/www.museoglaucolombardi.it\/en\/wp-json\/wp\/v2\/media?parent=61542"}],"wp:term":[{"taxonomy":"epoca","embeddable":true,"href":"https:\/\/www.museoglaucolombardi.it\/en\/wp-json\/wp\/v2\/epoca?post=61542"},{"taxonomy":"materiale","embeddable":true,"href":"https:\/\/www.museoglaucolombardi.it\/en\/wp-json\/wp\/v2\/materiale?post=61542"},{"taxonomy":"tecnica","embeddable":true,"href":"https:\/\/www.museoglaucolombardi.it\/en\/wp-json\/wp\/v2\/tecnica?post=61542"},{"taxonomy":"tipo","embeddable":true,"href":"https:\/\/www.museoglaucolombardi.it\/en\/wp-json\/wp\/v2\/tipo?post=61542"}],"curies":[{"name":"wp","href":"https:\/\/api.w.org\/{rel}","templated":true}]}}

M. BIANCHI, "Il Museo che non c'è: gli acquisti perduti di Glauco Lombardi", in F. SANDRINI (a cura di), "Glauco Lombardi (1881-1970) molto più di un collezionista", Parma, Grafiche STEP 2011, pp. 110-168: p. 160, nota 136.

In cornice di legno nero.
La tradizionale attribuzione a Giuseppe Boccaccio, presente nei vecchi inventari e dedotta dalla firma apocrifa visibile su un disegno gemello del presente (conservato in Museo con il numero inv.658), 
si deve quasi certamente a Lombardi e pare difficilmente sostenibile. Più probabile è infatti che a realizzare lo schizzo, così come il suo pendant, sia stato Guido Carmignani, di cui sono noti gli studi di alberi, spesso identificati con precisione a fianco dal nome, riportato a matita.
