{"id":61370,"date":"2009-08-12T20:36:00","date_gmt":"2009-08-12T18:36:00","guid":{"rendered":"https:\/\/www.museoglaucolombardi.it\/opera\/61370\/"},"modified":"2008-06-06T09:46:00","modified_gmt":"2008-06-06T07:46:00","slug":"61370","status":"publish","type":"opera","link":"https:\/\/www.museoglaucolombardi.it\/en\/opera\/61370\/","title":{"rendered":"La Piet\u00e0"},"author":0,"featured_media":41186,"template":"","epoca":[],"materiale":[],"tecnica":[3265],"tipo":[3240],"class_list":["post-61370","opera","type-opera","status-publish","has-post-thumbnail","hentry","tecnica-bulino-e-acquaforte","tipo-stampe"],"publishpress_future_workflow_manual_trigger":{"enabledWorkflows":[]},"bibliografia":"P.MEDIOLI MASOTTI, \"Paolo Toschi\", Parma, Artegrafica Silva 1973, p.95, p.135 e p.146.\r\nT.MARCHESELLI, \"Nuove acquisizioni\" (catalogo della mostra), Quaderni del Museo n.2, Parma, Museo Glauco Lombardi 2000, p.11 e p.15.\r\nA. GRANDI, \u201cTra arte e affari: alcune vicende imprenditoriali di Paolo Toschi\u201d, in \u201cPaolo Toschi (1788-1854) incisore d\u2019Europa\u201d, Parma 2004, pp. 160-171: pp. 166-169 [ill. p. 165].","denominazione":"La Piet\u00e0","nuovo_inventario":"2401","osservazioni":"In cornice di legno moderna.\r\nL`incisione fu commissionata a Toschi nel 1827 e, pur iniziata in quello stesso anno, a causa di una serie di complesse e sfortunate vicissitudini fu pubblicata solo nel 1853, con dedica a Maria Teresa di Savoia.\r\nIn Museo si conserva un secondo esemplare della presente incisione (inv. n.1489).","serie_tiratura":"","chiavi":"","collocazione":"Deposito","descrizione":"L'incisione riproduce il gruppo scultoreo modellato dal Canova, ma scolpito dallo scultore bolognese Cincinnato Baruzzi, collocato oggi nella prima cappella a destra della Chiesa Nuova o di San Salvatore a Terracina presso Roma. In basso a destra \u00e8 la firma a matita: \"Paolo Toschi\".\n\"Antonio Canova invent\u00f2 e modell\u00f2 in creta - Cincinnato Baruzzi scolp\u00ec in marmo - Francesco Podesti disegn\u00f2 - Paolo Toschi incise\"","provenienza":"","acquisizione":"Lascito del prof.Tullio Braibanti (settembre 2000).","compilatore_scheda":"","filegrani":"","stato_conservazione":"Buono","datazione":"1853","editore":"","esposizione":"","autori":[{"nato":"Parma 1788","morto":"1854","opere":false,"ID":66803,"post_title":"Paolo Toschi","post_content":"","post_excerpt":"","post_author":"2","post_date":"2022-10-20 17:10:42","post_date_gmt":"2022-10-20 15:10:42","post_status":"publish","comment_status":"closed","ping_status":"closed","post_password":"","post_name":"66803","to_ping":"","pinged":"","post_modified":"2025-01-30 12:03:13","post_modified_gmt":"2025-01-30 11:03:13","post_content_filtered":"","post_parent":0,"guid":"https:\/\/www.museoglaucolombardi.it\/?autore=66803","menu_order":0,"post_type":"autore","post_mime_type":"","comment_count":"0","comments":false,"id":66803}],"dediche":"","valore":"\u00a3 800.000","misure":"cm 71,3 x 60,6\r\nC.C.: cm 101,6 x 88 x 4,5","peso":"","valore_assicurativo":"","vecchio_inventario":"","_links":{"self":[{"href":"https:\/\/www.museoglaucolombardi.it\/en\/wp-json\/wp\/v2\/opera\/61370","targetHints":{"allow":["GET"]}}],"collection":[{"href":"https:\/\/www.museoglaucolombardi.it\/en\/wp-json\/wp\/v2\/opera"}],"about":[{"href":"https:\/\/www.museoglaucolombardi.it\/en\/wp-json\/wp\/v2\/types\/opera"}],"version-history":[{"count":7,"href":"https:\/\/www.museoglaucolombardi.it\/en\/wp-json\/wp\/v2\/opera\/61370\/revisions"}],"predecessor-version":[{"id":99359,"href":"https:\/\/www.museoglaucolombardi.it\/en\/wp-json\/wp\/v2\/opera\/61370\/revisions\/99359"}],"wp:featuredmedia":[{"embeddable":true,"href":"https:\/\/www.museoglaucolombardi.it\/en\/wp-json\/wp\/v2\/media\/41186"}],"wp:attachment":[{"href":"https:\/\/www.museoglaucolombardi.it\/en\/wp-json\/wp\/v2\/media?parent=61370"}],"wp:term":[{"taxonomy":"epoca","embeddable":true,"href":"https:\/\/www.museoglaucolombardi.it\/en\/wp-json\/wp\/v2\/epoca?post=61370"},{"taxonomy":"materiale","embeddable":true,"href":"https:\/\/www.museoglaucolombardi.it\/en\/wp-json\/wp\/v2\/materiale?post=61370"},{"taxonomy":"tecnica","embeddable":true,"href":"https:\/\/www.museoglaucolombardi.it\/en\/wp-json\/wp\/v2\/tecnica?post=61370"},{"taxonomy":"tipo","embeddable":true,"href":"https:\/\/www.museoglaucolombardi.it\/en\/wp-json\/wp\/v2\/tipo?post=61370"}],"curies":[{"name":"wp","href":"https:\/\/api.w.org\/{rel}","templated":true}]}}

La Pietà

L'incisione riproduce il gruppo scultoreo modellato dal Canova, ma scolpito dallo scultore bolognese Cincinnato Baruzzi, collocato oggi nella prima cappella a destra della Chiesa Nuova o di San Salvatore a Terracina presso Roma. In basso a destra è la firma a matita: "Paolo Toschi".
"Antonio Canova inventò e modellò in creta - Cincinnato Baruzzi scolpì in marmo - Francesco Podesti disegnò - Paolo Toschi incise"
