{"id":61342,"date":"2009-08-12T20:36:00","date_gmt":"2009-08-12T18:36:00","guid":{"rendered":"https:\/\/www.museoglaucolombardi.it\/opera\/61342\/"},"modified":"2017-12-21T12:14:00","modified_gmt":"2017-12-21T11:14:00","slug":"61342","status":"publish","type":"opera","link":"https:\/\/www.museoglaucolombardi.it\/en\/opera\/61342\/","title":{"rendered":"Il Re di Roma addormentato"},"author":0,"featured_media":41141,"template":"","epoca":[],"materiale":[],"tecnica":[3213],"tipo":[3212],"class_list":["post-61342","opera","type-opera","status-publish","has-post-thumbnail","hentry","tecnica-olio-su-tela","tipo-dipinti-e-acquerelli"],"publishpress_future_workflow_manual_trigger":{"enabledWorkflows":[]},"bibliografia":"V. DE GREGORIO (a cura di), \"Napoleone e l'Italia. Mostra d'arte figurativa e documenti nel bicentenario della nascita di Napoleone\" (catalogo della mostra), Roma, Istituto Grafico Tiberino 1969, p. 67.\r\nF. SANDRINI, \"Glauco Lombardi e il suo museo\", in \"Aurea Parma\" anno XC, fasc. III, Parma 2006, pp. 301-324: p. 316.\r\nB. SAVOY (a cura di), \"Napoleon und Europa. Traum und trauma\" (catalogo della mostra), Berlino, Prestel 2010, p. 238 [ill.].\r\n\"Museo Glauco Lombardi\" (catalogo), Parma, Step 1972, (ill. n. 10).\r\nG. CAPELLI, G. MARCHETTI, B. MOLOSSI (a cura di), \"Parma. Vicende e protagonista\", Bologna, Edizioni Edison 1978, vol. II, p. 288 (ill.) \r\nM. BIANCHI, \"La migliore delle contesse. Profilo biografico di Albertina Sanvitale\", in F. SANDRINI (a cura di), \"Albertina, la figlia di Maria Luigia d'Asburgo. Vita, pensieri, segreti\", Parma, Grafiche STEP 2017, ill. p. 115.","denominazione":"Il Re di Roma addormentato","nuovo_inventario":"621","osservazioni":"In cornice di legno nero.","serie_tiratura":"","chiavi":"","collocazione":"Deposito","descrizione":"L'opera \u00e8 una copia del dipinto di Pierre Paul Prud'hon (inv. n. 22), di cui riproduce anche, in basso a destra, firma e data: \"Prud'hon 1811\".","provenienza":"","acquisizione":"","compilatore_scheda":"","filegrani":"","stato_conservazione":"Buono; la tela \u00e8 stata restaurata (Ma.ni. restauri) nel 2010 in occasione della mostra di Bonn. L\u2019intervento ha riguardato una lacuna presente nella vegetazione del fondo: dopo la rimozione della toppa posta nel retro, si \u00e8 messa una pezzuola di velo di Lione e si \u00e8 stuccata la lacuna con gesso e colla, integrando poi con colori. La tela, ritensionata tramite le biette angolari, \u00e8 stata infine verniciata.","datazione":"post 1811","editore":"","esposizione":"Portoferraio, Galleria Demidoff, \"Napoleone e l'Italia\", maggio-settembre 1969\r\nParma, Palazzo Bossi Bocchi, \"Napoleone e Bodoni\", 18 dicembre 2005\u201328 febbraio 2006\r\nBonn, Bundeskunsthalle, \"Napoleon und Europa. Traum und Trauma\", 17 dicembre 2010-25 aprile 2011","autori":[{"nato":"Parma 1790","morto":"Parma 1846","opere":false,"ID":67959,"post_title":"Gian Battista Borghesi","post_content":"","post_excerpt":"","post_author":"2","post_date":"2022-10-20 17:13:03","post_date_gmt":"2022-10-20 15:13:03","post_status":"publish","comment_status":"closed","ping_status":"closed","post_password":"","post_name":"67959","to_ping":"","pinged":"","post_modified":"2025-01-22 13:26:33","post_modified_gmt":"2025-01-22 12:26:33","post_content_filtered":"","post_parent":0,"guid":"https:\/\/www.museoglaucolombardi.it\/?autore=67959","menu_order":0,"post_type":"autore","post_mime_type":"","comment_count":"0","comments":false,"id":67959}],"dediche":"","valore":"25.000,00","misure":"S.C.: cm 47,1 x 55,2\r\nC.C.: cm 72,2 x 82,1 x 5,9","peso":"","valore_assicurativo":"","vecchio_inventario":"225 bis","_links":{"self":[{"href":"https:\/\/www.museoglaucolombardi.it\/en\/wp-json\/wp\/v2\/opera\/61342","targetHints":{"allow":["GET"]}}],"collection":[{"href":"https:\/\/www.museoglaucolombardi.it\/en\/wp-json\/wp\/v2\/opera"}],"about":[{"href":"https:\/\/www.museoglaucolombardi.it\/en\/wp-json\/wp\/v2\/types\/opera"}],"version-history":[{"count":7,"href":"https:\/\/www.museoglaucolombardi.it\/en\/wp-json\/wp\/v2\/opera\/61342\/revisions"}],"predecessor-version":[{"id":99335,"href":"https:\/\/www.museoglaucolombardi.it\/en\/wp-json\/wp\/v2\/opera\/61342\/revisions\/99335"}],"wp:featuredmedia":[{"embeddable":true,"href":"https:\/\/www.museoglaucolombardi.it\/en\/wp-json\/wp\/v2\/media\/41141"}],"wp:attachment":[{"href":"https:\/\/www.museoglaucolombardi.it\/en\/wp-json\/wp\/v2\/media?parent=61342"}],"wp:term":[{"taxonomy":"epoca","embeddable":true,"href":"https:\/\/www.museoglaucolombardi.it\/en\/wp-json\/wp\/v2\/epoca?post=61342"},{"taxonomy":"materiale","embeddable":true,"href":"https:\/\/www.museoglaucolombardi.it\/en\/wp-json\/wp\/v2\/materiale?post=61342"},{"taxonomy":"tecnica","embeddable":true,"href":"https:\/\/www.museoglaucolombardi.it\/en\/wp-json\/wp\/v2\/tecnica?post=61342"},{"taxonomy":"tipo","embeddable":true,"href":"https:\/\/www.museoglaucolombardi.it\/en\/wp-json\/wp\/v2\/tipo?post=61342"}],"curies":[{"name":"wp","href":"https:\/\/api.w.org\/{rel}","templated":true}]}}

L'opera è una copia del dipinto di Pierre Paul Prud'hon (inv. n. 22), di cui riproduce anche, in basso a destra, firma e data: "Prud'hon 1811".

Buono; la tela è stata restaurata (Ma.ni. restauri) nel 2010 in occasione della mostra di Bonn. L’intervento ha riguardato una lacuna presente nella vegetazione del fondo: dopo la rimozione della toppa posta nel retro, si è messa una pezzuola di velo di Lione e si è stuccata la lacuna con gesso e colla, integrando poi con colori. La tela, ritensionata tramite le biette angolari, è stata infine verniciata.
