{"id":61296,"date":"2009-08-12T20:36:00","date_gmt":"2009-08-12T18:36:00","guid":{"rendered":"https:\/\/www.museoglaucolombardi.it\/opera\/61296\/"},"modified":"2018-12-15T13:02:00","modified_gmt":"2018-12-15T12:02:00","slug":"61296","status":"publish","type":"opera","link":"https:\/\/www.museoglaucolombardi.it\/en\/opera\/61296\/","title":{"rendered":"Couronnement de Sa Majest\u00e9"},"author":0,"featured_media":41049,"template":"","epoca":[],"materiale":[],"tecnica":[3305],"tipo":[3240],"class_list":["post-61296","opera","type-opera","status-publish","has-post-thumbnail","hentry","tecnica-bulino-e-acquaforte-acquerellati","tipo-stampe"],"publishpress_future_workflow_manual_trigger":{"enabledWorkflows":[]},"bibliografia":"M. C. TESTA, \"La Duchessa\", Parma, PPS 1996, pp. XLVIII - XLIX\r\nM. BIANCHI, \"Il Museo che non c'\u00e8: gli acquisti perduti di Glauco Lombardi\", in F. SANDRINI (a cura di), \"Glauco Lombardi (1881-1970) molto pi\u00f9 di un collezionista\", Parma, Grafiche STEP 2011, pp. 110-168: p. 164, nota 209.\r\nF. SANDRINI (a cura di), \"I volti di Maria Luigia. La fortuna dei ritratti a stampa di Maria Luigia d'Asburgo\", Parma, STEP 2018, pp. 15-16, p. 65 [ill.].","denominazione":"Couronnement de Sa Majest\u00e9","nuovo_inventario":"1056","osservazioni":"In cornice di legno dorato.\r\nLa parte superiore dell'immagine, con il busto dell'Imperatrice, si ritrova anche in una versione differente, in cui la met\u00e0 inferiore del foglio \u00e8 occupata solo dal nome seguito dai titoli della sovrana e dalla dedica dell`autore Pierre Audouin. \r\nLa parte inferiore, con la scena dell`incoronazione ed il titolo dell`incisione, rivela, riportando la data del 2 dicembre 1804, il riutilizzo senza correzioni della lastra ideata in occasione dell`incoronazione di Giuseppina.","serie_tiratura":"","chiavi":"","collocazione":"Ingresso","descrizione":"L'immagine risulta dalla composizione di due matrici, ad ognuna delle quali sono associate le relative indicazioni di responsabilit\u00e0: Immagine superiore: \"Peint d'apr\u00e9s nature par S.A.Laurent - Grav\u00e9 par P.Audouin, Membre de l'Acad\u00e9mie Imp\u00e9riale Royale des Arts de Vienne\".\nImmagine inferiore: \"Dessin\u00e9 par Ch.Chasselat - Grav\u00e9 par Lerouge et Bovinet COURONNEMENT DE SA MAJESTE' L'Imperatrice des Francais, an 1804, deux D\u00e9cembre D\u00e9pose \u00e0 la Biblioth\u00e8que Imp\u00e9riale - Se vend \u00e0 Paris chez Thierry Edit.r Rue Coquenard, 24\".","provenienza":"","acquisizione":"","compilatore_scheda":"","filegrani":"","stato_conservazione":"Abbastanza buono; la carta presenta alcune macchie.","datazione":"","editore":"","esposizione":"Parma, Museo Glauco Lombardi, \"I volti di Maria Luigia. La fortuna dei ritratti a stampa di Maria Luigia d'Asburgo\", 8 dicembre 2018-31 marzo 2019","autori":[{"nato":"Parigi 1768","morto":"1822","opere":false,"ID":67669,"post_title":"Pierre Audouin","post_content":"","post_excerpt":"","post_author":"2","post_date":"2022-10-20 17:12:25","post_date_gmt":"2022-10-20 15:12:25","post_status":"publish","comment_status":"closed","ping_status":"closed","post_password":"","post_name":"67669","to_ping":"","pinged":"","post_modified":"2025-03-01 13:32:42","post_modified_gmt":"2025-03-01 12:32:42","post_content_filtered":"","post_parent":0,"guid":"https:\/\/www.museoglaucolombardi.it\/?autore=67669","menu_order":0,"post_type":"autore","post_mime_type":"","comment_count":"0","comments":false,"id":67669},{"nato":"Parigi 1776 ca.","morto":"1846","opere":false,"ID":67665,"post_title":"Jean-Nicolas Lerouge","post_content":"","post_excerpt":"","post_author":"0","post_date":"2022-10-20 17:12:24","post_date_gmt":"2022-10-20 15:12:24","post_status":"publish","comment_status":"closed","ping_status":"closed","post_password":"","post_name":"67665","to_ping":"","pinged":"","post_modified":"2022-10-20 17:12:24","post_modified_gmt":"2022-10-20 15:12:24","post_content_filtered":"","post_parent":0,"guid":"https:\/\/www.museoglaucolombardi.it\/?autore=67665","menu_order":0,"post_type":"autore","post_mime_type":"","comment_count":"0","comments":false,"id":67665},{"nato":"Chaumont, 1767","morto":"Creil, 1832","opere":false,"ID":67667,"post_title":"Edme Bovinet","post_content":"","post_excerpt":"","post_author":"0","post_date":"2022-10-20 17:12:25","post_date_gmt":"2022-10-20 15:12:25","post_status":"publish","comment_status":"closed","ping_status":"closed","post_password":"","post_name":"67667","to_ping":"","pinged":"","post_modified":"2022-10-20 17:12:25","post_modified_gmt":"2022-10-20 15:12:25","post_content_filtered":"","post_parent":0,"guid":"https:\/\/www.museoglaucolombardi.it\/?autore=67667","menu_order":0,"post_type":"autore","post_mime_type":"","comment_count":"0","comments":false,"id":67667},{"nato":"Paris, 1782","morto":"1843","opere":false,"ID":67331,"post_title":"Charles-Abraham Chasselat","post_content":"","post_excerpt":"","post_author":"0","post_date":"2022-10-20 17:11:44","post_date_gmt":"2022-10-20 15:11:44","post_status":"publish","comment_status":"closed","ping_status":"closed","post_password":"","post_name":"67331","to_ping":"","pinged":"","post_modified":"2022-10-20 17:11:44","post_modified_gmt":"2022-10-20 15:11:44","post_content_filtered":"","post_parent":0,"guid":"https:\/\/www.museoglaucolombardi.it\/?autore=67331","menu_order":0,"post_type":"autore","post_mime_type":"","comment_count":"0","comments":false,"id":67331}],"dediche":"","valore":"\u20ac 400,00","misure":"foglio cm 52,3 x 32,7(visibile)\r\nC.C.: cm 63,5 x 48 x 3,2","peso":"","valore_assicurativo":"","vecchio_inventario":"13","_links":{"self":[{"href":"https:\/\/www.museoglaucolombardi.it\/en\/wp-json\/wp\/v2\/opera\/61296","targetHints":{"allow":["GET"]}}],"collection":[{"href":"https:\/\/www.museoglaucolombardi.it\/en\/wp-json\/wp\/v2\/opera"}],"about":[{"href":"https:\/\/www.museoglaucolombardi.it\/en\/wp-json\/wp\/v2\/types\/opera"}],"version-history":[{"count":7,"href":"https:\/\/www.museoglaucolombardi.it\/en\/wp-json\/wp\/v2\/opera\/61296\/revisions"}],"predecessor-version":[{"id":99289,"href":"https:\/\/www.museoglaucolombardi.it\/en\/wp-json\/wp\/v2\/opera\/61296\/revisions\/99289"}],"wp:featuredmedia":[{"embeddable":true,"href":"https:\/\/www.museoglaucolombardi.it\/en\/wp-json\/wp\/v2\/media\/41049"}],"wp:attachment":[{"href":"https:\/\/www.museoglaucolombardi.it\/en\/wp-json\/wp\/v2\/media?parent=61296"}],"wp:term":[{"taxonomy":"epoca","embeddable":true,"href":"https:\/\/www.museoglaucolombardi.it\/en\/wp-json\/wp\/v2\/epoca?post=61296"},{"taxonomy":"materiale","embeddable":true,"href":"https:\/\/www.museoglaucolombardi.it\/en\/wp-json\/wp\/v2\/materiale?post=61296"},{"taxonomy":"tecnica","embeddable":true,"href":"https:\/\/www.museoglaucolombardi.it\/en\/wp-json\/wp\/v2\/tecnica?post=61296"},{"taxonomy":"tipo","embeddable":true,"href":"https:\/\/www.museoglaucolombardi.it\/en\/wp-json\/wp\/v2\/tipo?post=61296"}],"curies":[{"name":"wp","href":"https:\/\/api.w.org\/{rel}","templated":true}]}}

Couronnement de Sa Majesté

M. C. TESTA, "La Duchessa", Parma, PPS 1996, pp. XLVIII - XLIX
M. BIANCHI, "Il Museo che non c'è: gli acquisti perduti di Glauco Lombardi", in F. SANDRINI (a cura di), "Glauco Lombardi (1881-1970) molto più di un collezionista", Parma, Grafiche STEP 2011, pp. 110-168: p. 164, nota 209.
F. SANDRINI (a cura di), "I volti di Maria Luigia. La fortuna dei ritratti a stampa di Maria Luigia d'Asburgo", Parma, STEP 2018, pp. 15-16, p. 65 [ill.].

In cornice di legno dorato.
La parte superiore dell'immagine, con il busto dell'Imperatrice, si ritrova anche in una versione differente, in cui la metà inferiore del foglio è occupata solo dal nome seguito dai titoli della sovrana e dalla dedica dell`autore Pierre Audouin. 
La parte inferiore, con la scena dell`incoronazione ed il titolo dell`incisione, rivela, riportando la data del 2 dicembre 1804, il riutilizzo senza correzioni della lastra ideata in occasione dell`incoronazione di Giuseppina.

L'immagine risulta dalla composizione di due matrici, ad ognuna delle quali sono associate le relative indicazioni di responsabilità: Immagine superiore: "Peint d'aprés nature par S.A.Laurent - Gravé par P.Audouin, Membre de l'Académie Impériale Royale des Arts de Vienne".
Immagine inferiore: "Dessiné par Ch.Chasselat - Gravé par Lerouge et Bovinet COURONNEMENT DE SA MAJESTE' L'Imperatrice des Francais, an 1804, deux Décembre Dépose à la Bibliothèque Impériale - Se vend à Paris chez Thierry Edit.r Rue Coquenard, 24".
