{"id":60924,"date":"2009-08-12T20:36:00","date_gmt":"2009-08-12T18:36:00","guid":{"rendered":"https:\/\/www.museoglaucolombardi.it\/opera\/60924\/"},"modified":"2012-12-19T10:42:00","modified_gmt":"2012-12-19T09:42:00","slug":"60924","status":"publish","type":"opera","link":"https:\/\/www.museoglaucolombardi.it\/en\/opera\/60924\/","title":{"rendered":"&#8220;Le Lusiadi&#8221;: Camoens in piedi con in mano il suo Poema"},"author":0,"featured_media":38223,"template":"","epoca":[],"materiale":[],"tecnica":[3269],"tipo":[3240],"class_list":["post-60924","opera","type-opera","status-publish","has-post-thumbnail","hentry","tecnica-acquaforte-e-bulino","tipo-stampe"],"publishpress_future_workflow_manual_trigger":{"enabledWorkflows":[]},"bibliografia":"P.MEDIOLI MASOTTI, \"Paolo Toschi\", Parma, Artegrafica Silva 1973, p. 24, p. 68 e p. 102.\r\nA.MAVILLA (a cura di), \"Paolo Toschi e il suo tempo\", Parma, Ugo Guanda Editore 1992, p.100, p. 805 e pp. 911-912.","denominazione":"\"Le Lusiadi\": Camoens in piedi con in mano il suo Poema","nuovo_inventario":"1329","osservazioni":"L'incisione \u00e8 una di quelle realizzate sotto la direzione di Francois G\u00e9rard per l'edizione del 1817, voluta da Jos\u00e8 Maria de Souza-Botelho, del poema nazionale portoghese \"Os Lusiadas\" del Camoens.\r\nLa stampa era conservata nella carpetta \"R\" (interamente dedicata alle incisioni per il Camoens) della collezione di stampe di Paolo Toschi, il cui inventario si conserva  nell'Archivio del Museo Lombardi [cont. 54, busta 3].","serie_tiratura":"","chiavi":"","collocazione":"Carpetta Studio Toschi","descrizione":"L'incisione presenta leggeri ritocchi seppia stesi in punta d'acquerello. La carta reca impresso il timbro a secco \"PT\". Nel verso&nbsp;si trova&nbsp;la nota a china, a stento leggibile, \"11 R\".\n\"G\u00e9rard direx.t - Desenne del.t - Forssell sculp.t\"","provenienza":"Collezione Paolo Toschi [cfr. cont. 54, busta 3].","acquisizione":"","compilatore_scheda":"","filegrani":"","stato_conservazione":"Abbastanza buono; il foglio, ritagliato, mostra alcune macchie.","datazione":"1817","editore":"","esposizione":"","autori":[{"nato":"Helsingborg, 1777","morto":"Stoccolma, 1852","opere":false,"ID":68115,"post_title":"Christian Didrik Forssell","post_content":"","post_excerpt":"","post_author":"0","post_date":"2022-10-20 17:13:23","post_date_gmt":"2022-10-20 15:13:23","post_status":"publish","comment_status":"closed","ping_status":"closed","post_password":"","post_name":"68115","to_ping":"","pinged":"","post_modified":"2022-10-20 17:13:23","post_modified_gmt":"2022-10-20 15:13:23","post_content_filtered":"","post_parent":0,"guid":"https:\/\/www.museoglaucolombardi.it\/?autore=68115","menu_order":0,"post_type":"autore","post_mime_type":"","comment_count":"0","comments":false,"id":68115},{"nato":"Parigi, 1785","morto":"Parigi, 1827","opere":false,"ID":67499,"post_title":"Alexandre Joseph Desenne","post_content":"","post_excerpt":"","post_author":"0","post_date":"2022-10-20 17:12:04","post_date_gmt":"2022-10-20 15:12:04","post_status":"publish","comment_status":"closed","ping_status":"closed","post_password":"","post_name":"67499","to_ping":"","pinged":"","post_modified":"2022-10-20 17:12:04","post_modified_gmt":"2022-10-20 15:12:04","post_content_filtered":"","post_parent":0,"guid":"https:\/\/www.museoglaucolombardi.it\/?autore=67499","menu_order":0,"post_type":"autore","post_mime_type":"","comment_count":"0","comments":false,"id":67499}],"dediche":"","valore":"\u20ac 300,00","misure":"foglio cm 26,5 x 21,6","peso":"","valore_assicurativo":"","vecchio_inventario":"146","_links":{"self":[{"href":"https:\/\/www.museoglaucolombardi.it\/en\/wp-json\/wp\/v2\/opera\/60924","targetHints":{"allow":["GET"]}}],"collection":[{"href":"https:\/\/www.museoglaucolombardi.it\/en\/wp-json\/wp\/v2\/opera"}],"about":[{"href":"https:\/\/www.museoglaucolombardi.it\/en\/wp-json\/wp\/v2\/types\/opera"}],"version-history":[{"count":7,"href":"https:\/\/www.museoglaucolombardi.it\/en\/wp-json\/wp\/v2\/opera\/60924\/revisions"}],"predecessor-version":[{"id":98927,"href":"https:\/\/www.museoglaucolombardi.it\/en\/wp-json\/wp\/v2\/opera\/60924\/revisions\/98927"}],"wp:featuredmedia":[{"embeddable":true,"href":"https:\/\/www.museoglaucolombardi.it\/en\/wp-json\/wp\/v2\/media\/38223"}],"wp:attachment":[{"href":"https:\/\/www.museoglaucolombardi.it\/en\/wp-json\/wp\/v2\/media?parent=60924"}],"wp:term":[{"taxonomy":"epoca","embeddable":true,"href":"https:\/\/www.museoglaucolombardi.it\/en\/wp-json\/wp\/v2\/epoca?post=60924"},{"taxonomy":"materiale","embeddable":true,"href":"https:\/\/www.museoglaucolombardi.it\/en\/wp-json\/wp\/v2\/materiale?post=60924"},{"taxonomy":"tecnica","embeddable":true,"href":"https:\/\/www.museoglaucolombardi.it\/en\/wp-json\/wp\/v2\/tecnica?post=60924"},{"taxonomy":"tipo","embeddable":true,"href":"https:\/\/www.museoglaucolombardi.it\/en\/wp-json\/wp\/v2\/tipo?post=60924"}],"curies":[{"name":"wp","href":"https:\/\/api.w.org\/{rel}","templated":true}]}}

L'incisione è una di quelle realizzate sotto la direzione di Francois Gérard per l'edizione del 1817, voluta da Josè Maria de Souza-Botelho, del poema nazionale portoghese "Os Lusiadas" del Camoens.
La stampa era conservata nella carpetta "R" (interamente dedicata alle incisioni per il Camoens) della collezione di stampe di Paolo Toschi, il cui inventario si conserva  nell'Archivio del Museo Lombardi [cont. 54, busta 3].

L'incisione presenta leggeri ritocchi seppia stesi in punta d'acquerello. La carta reca impresso il timbro a secco "PT". Nel verso&nbsp;si trova&nbsp;la nota a china, a stento leggibile, "11 R".
"Gérard direx.t - Desenne del.t - Forssell sculp.t"
