{"id":60922,"date":"2009-08-12T20:36:00","date_gmt":"2009-08-12T18:36:00","guid":{"rendered":"https:\/\/www.museoglaucolombardi.it\/opera\/60922\/"},"modified":"2012-12-19T10:40:00","modified_gmt":"2012-12-19T09:40:00","slug":"60922","status":"publish","type":"opera","link":"https:\/\/www.museoglaucolombardi.it\/en\/opera\/60922\/","title":{"rendered":"&#8220;Le Lusiadi&#8221;: offerta di doni ad un sovrano orientale in trono"},"author":0,"featured_media":38219,"template":"","epoca":[],"materiale":[],"tecnica":[3269],"tipo":[3240],"class_list":["post-60922","opera","type-opera","status-publish","has-post-thumbnail","hentry","tecnica-acquaforte-e-bulino","tipo-stampe"],"publishpress_future_workflow_manual_trigger":{"enabledWorkflows":[]},"bibliografia":"P.MEDIOLI MASOTTI, \"Paolo Toschi\", Parma, Artegrafica Silva 1973, p. 24, p. 68 e p. 102.\r\nA.MAVILLA (a cura di), \"Paolo Toschi e il suo tempo\", Parma, Ugo Guanda Editore 1992, p. 100, p. 805 e pp. 911-912.","denominazione":"\"Le Lusiadi\": offerta di doni ad un sovrano orientale in trono","nuovo_inventario":"1328","osservazioni":"L'incisione, di cui in Museo si conserva anche una prova di stato (inv. n\u00b0 1333), \u00e8 una di quelle realizzate sotto la direzione di Francois G\u00e9rard per l`edizione del 1817, voluta da Jos\u00e8 Maria de Souza-Botelho, del poema nazionale portoghese \"Os Lusiadas\" del Camoens.\r\nLa stampa era conservata nella carpetta \"R\" (interamente dedicata alle incisioni per il Camoens) della collezione di stampe di Paolo Toschi, il cui inventario si conserva  nell'Archivio del Museo Lombardi [cont. 54, busta 3].","serie_tiratura":"","chiavi":"","collocazione":"Carpetta Studio Toschi","descrizione":"La carta reca impresso il timbro a secco \"PT\". Nel verso \u00e8 scritto a china \"53.R\".\n\"F.G\u00e9rard direx.t - Fragonard delin.t - Oortman Sculp.t\".","provenienza":"Collezione Paolo Toschi [cfr. cont. 54, busta 3].","acquisizione":"","compilatore_scheda":"","filegrani":"","stato_conservazione":"Abbastanza buono; il foglio, ritagliato, presenta tracce di muffa.","datazione":"1817","editore":"","esposizione":"","autori":[{"nato":"Weesp, 1777","morto":"Parigi, 1818","opere":false,"ID":68113,"post_title":"Joachim Jan Oortman","post_content":"","post_excerpt":"","post_author":"0","post_date":"2022-10-20 17:13:22","post_date_gmt":"2022-10-20 15:13:22","post_status":"publish","comment_status":"closed","ping_status":"closed","post_password":"","post_name":"68113","to_ping":"","pinged":"","post_modified":"2022-10-20 17:13:22","post_modified_gmt":"2022-10-20 15:13:22","post_content_filtered":"","post_parent":0,"guid":"https:\/\/www.museoglaucolombardi.it\/?autore=68113","menu_order":0,"post_type":"autore","post_mime_type":"","comment_count":"0","comments":false,"id":68113},{"nato":"Grasse, 1780","morto":"Parigi, 1850","opere":false,"ID":67079,"post_title":"Alexandre Evariste Fragonard","post_content":"","post_excerpt":"","post_author":"0","post_date":"2022-10-20 17:11:14","post_date_gmt":"2022-10-20 15:11:14","post_status":"publish","comment_status":"closed","ping_status":"closed","post_password":"","post_name":"67079","to_ping":"","pinged":"","post_modified":"2022-10-20 17:11:14","post_modified_gmt":"2022-10-20 15:11:14","post_content_filtered":"","post_parent":0,"guid":"https:\/\/www.museoglaucolombardi.it\/?autore=67079","menu_order":0,"post_type":"autore","post_mime_type":"","comment_count":"0","comments":false,"id":67079}],"dediche":"","valore":"\u20ac 300,00","misure":"foglio cm 33 x 27,8","peso":"","valore_assicurativo":"","vecchio_inventario":"145","_links":{"self":[{"href":"https:\/\/www.museoglaucolombardi.it\/en\/wp-json\/wp\/v2\/opera\/60922","targetHints":{"allow":["GET"]}}],"collection":[{"href":"https:\/\/www.museoglaucolombardi.it\/en\/wp-json\/wp\/v2\/opera"}],"about":[{"href":"https:\/\/www.museoglaucolombardi.it\/en\/wp-json\/wp\/v2\/types\/opera"}],"version-history":[{"count":7,"href":"https:\/\/www.museoglaucolombardi.it\/en\/wp-json\/wp\/v2\/opera\/60922\/revisions"}],"predecessor-version":[{"id":98925,"href":"https:\/\/www.museoglaucolombardi.it\/en\/wp-json\/wp\/v2\/opera\/60922\/revisions\/98925"}],"wp:featuredmedia":[{"embeddable":true,"href":"https:\/\/www.museoglaucolombardi.it\/en\/wp-json\/wp\/v2\/media\/38219"}],"wp:attachment":[{"href":"https:\/\/www.museoglaucolombardi.it\/en\/wp-json\/wp\/v2\/media?parent=60922"}],"wp:term":[{"taxonomy":"epoca","embeddable":true,"href":"https:\/\/www.museoglaucolombardi.it\/en\/wp-json\/wp\/v2\/epoca?post=60922"},{"taxonomy":"materiale","embeddable":true,"href":"https:\/\/www.museoglaucolombardi.it\/en\/wp-json\/wp\/v2\/materiale?post=60922"},{"taxonomy":"tecnica","embeddable":true,"href":"https:\/\/www.museoglaucolombardi.it\/en\/wp-json\/wp\/v2\/tecnica?post=60922"},{"taxonomy":"tipo","embeddable":true,"href":"https:\/\/www.museoglaucolombardi.it\/en\/wp-json\/wp\/v2\/tipo?post=60922"}],"curies":[{"name":"wp","href":"https:\/\/api.w.org\/{rel}","templated":true}]}}

L'incisione, di cui in Museo si conserva anche una prova di stato (inv. n° 1333), è una di quelle realizzate sotto la direzione di Francois Gérard per l`edizione del 1817, voluta da Josè Maria de Souza-Botelho, del poema nazionale portoghese "Os Lusiadas" del Camoens.
La stampa era conservata nella carpetta "R" (interamente dedicata alle incisioni per il Camoens) della collezione di stampe di Paolo Toschi, il cui inventario si conserva  nell'Archivio del Museo Lombardi [cont. 54, busta 3].

La carta reca impresso il timbro a secco "PT". Nel verso è scritto a china "53.R".
"F.Gérard direx.t - Fragonard delin.t - Oortman Sculp.t".
