{"id":60918,"date":"2009-08-12T20:36:00","date_gmt":"2009-08-12T18:36:00","guid":{"rendered":"https:\/\/www.museoglaucolombardi.it\/opera\/60918\/"},"modified":"2016-12-23T14:50:00","modified_gmt":"2016-12-23T13:50:00","slug":"60918","status":"publish","type":"opera","link":"https:\/\/www.museoglaucolombardi.it\/en\/opera\/60918\/","title":{"rendered":"Il congresso di Vienna"},"author":0,"featured_media":38211,"template":"","epoca":[],"materiale":[],"tecnica":[3287],"tipo":[3240],"class_list":["post-60918","opera","type-opera","status-publish","has-post-thumbnail","hentry","tecnica-acquaforte-bulino-e-maniera-a-punteggiato","tipo-stampe"],"publishpress_future_workflow_manual_trigger":{"enabledWorkflows":[]},"bibliografia":"\"Museo Glauco Lombardi\", Milano, TCI 2003, p. 40.\r\nA. MAVILLA, \u201cMaria Luigia\u201d, Parma, STEP 2007, ill. pp. 60-61.\r\nAA.VV., \"Staging power. Napoleon-Charles John-Alexander\" (catalogo della mostra), Stoccolma, Nationalmuseum 2010, pp. 342-343.\r\nF. SANDRINI (a cura di), \"Les jolis paysages di Maria Luigia d'Asburgo e la pittura di paesaggio nel ducato di Parma\", Parma, Graphital 2013, ill. p. 32.\r\nF. SANDRINI (a cura di), \"Parma 1816: dal ministro Magawly alla duchessa Maria Luigia\", Parma, Graphital 2016, ill. p. 41.\r\nM. DALL'ACQUA, M. PALAZZINO (a cura di), \"Il Congresso di Vienna: progettare l'Europa\", Parma, Mup Editore 2016, pp. 25-28, ill. p. 29 e pp. 130-131.","denominazione":"Il congresso di Vienna","nuovo_inventario":"936","osservazioni":"In cornice di legno nero.\r\nIsabey fu invitato dal ministro Talleyrand a seguire la delegazione francese al Congresso di Vienna per trarne un ritratto di gruppo esposto al Salon parigino del 1817; dai suoi fogli, molti dei quali conservati al Louvre, Godefroy trasse la presente incisione, il cui oggetto comprensibilmente non incontr\u00f2 grande favore in Francia.\r\nIn piedi da sinistra a destra si riconoscono: Duca di Wellington (Gran Bretagna); Conte di Lobo (Portogallo); Conte Saldanha (Portogallo); von L\u00f6wenhielm (Svezia); Conte di Noailles (Francia); Principe di Metternich (Austria); Latour du Pin (Francia); appoggiato alla seggiola: Conte Nesselrode (Russia). Dietro la sedia: Dalberg (Francia); Principe Razumovsky (Russia); Lord Stewart (Gran Bretagna); Conte di Clancarty (Gran Bretagna); Wacken (Prussia); Cavaliere von Gentz (Austria); Barone von Humboldt (Prussia); Conte Cathcart (Gran Bretagna). Seduti da sinistra a destra: Principe von Hardenberg (Prussia); Conte di Palmella (Portogallo); Visconte Castlereagh (Gran Bretagna); Barone Wessenberg (Austria); Conte di Labrador (Spagna); Principe di Talleyrand (Francia); Conte Stackelberg (Russia). \r\nDell'incisione si conoscono vari esemplari, di cui uno conservato al Civico Museo del Risorgimento di Milano e uno all'Hermitage.","serie_tiratura":"","chiavi":"","collocazione":"Ingresso","descrizione":"Lungo i bordi laterali dell'incisione ci\u00a0sono gli emblemi dei nobili che parteciparono al Congresso di Vienna, lungo il bordo inferiore quelli delle nazioni partecipanti e, lungo il bordo superiore, i tondi con i profili degli otto sovrani europei segnatari del Trattato di Parigi.\n\"J.Isabey a Paris \/ Rue de Freres n\u00b07 - Depos\u00e9 a la Direction Roy.le de la Librairie - J.Godefroy \/ 1819\". Al centro del bordo inferiore \u00e8 scritto: \"CONGRES DE VIENNE. SEANCE DES PLENIPOTENTIAIRES DES HUIT PUISSANCE SIGNATAIRES DU TRAITE DE PARIS\".","provenienza":"","acquisizione":"","compilatore_scheda":"","filegrani":"","stato_conservazione":"Buono; la carta, che era assai ingiallita per acidit\u00e0, \u00e8 stata sottoposta a restauro (smontaggio dalla cornice, pulitura a secco,  prova ph, solubilit\u00e0 colori, lavaggio, deacidificazione, rinsaldo restauro, foderatura, montaggio con cartoncino a ph neutro nella precedente cornice) nel febbraio 2007.","datazione":"1819","editore":"","esposizione":"Parma, Museo Glauco Lombardi, \"Parma 1816: dal ministro Magawly alla duchessa Maria Luigia\", 16 aprile-25 settembre 2016","autori":[{"nato":"Londra, 1771","morto":"Parigi, 1839","opere":false,"ID":67099,"post_title":"Jean Godefroy","post_content":"","post_excerpt":"","post_author":"0","post_date":"2022-10-20 17:11:16","post_date_gmt":"2022-10-20 15:11:16","post_status":"publish","comment_status":"closed","ping_status":"closed","post_password":"","post_name":"67099","to_ping":"","pinged":"","post_modified":"2022-10-20 17:11:17","post_modified_gmt":"2022-10-20 15:11:17","post_content_filtered":"","post_parent":0,"guid":"https:\/\/www.museoglaucolombardi.it\/?autore=67099","menu_order":0,"post_type":"autore","post_mime_type":"","comment_count":"0","comments":false,"id":67099},{"nato":"Nancy 1767","morto":"Parigi 1855","opere":false,"ID":67955,"post_title":"Jean Baptiste Isabey","post_content":"","post_excerpt":"","post_author":"2","post_date":"2022-10-20 17:13:02","post_date_gmt":"2022-10-20 15:13:02","post_status":"publish","comment_status":"closed","ping_status":"closed","post_password":"","post_name":"67955","to_ping":"","pinged":"","post_modified":"2025-01-22 10:41:59","post_modified_gmt":"2025-01-22 09:41:59","post_content_filtered":"","post_parent":0,"guid":"https:\/\/www.museoglaucolombardi.it\/?autore=67955","menu_order":0,"post_type":"autore","post_mime_type":"","comment_count":"0","comments":false,"id":67955}],"dediche":"","valore":"\u20ac 2.000,00","misure":"cm 65,8 x 87,6\r\nC.C.: cm 81,2 x 105,6 x 4,3","peso":"","valore_assicurativo":"","vecchio_inventario":"100","_links":{"self":[{"href":"https:\/\/www.museoglaucolombardi.it\/en\/wp-json\/wp\/v2\/opera\/60918","targetHints":{"allow":["GET"]}}],"collection":[{"href":"https:\/\/www.museoglaucolombardi.it\/en\/wp-json\/wp\/v2\/opera"}],"about":[{"href":"https:\/\/www.museoglaucolombardi.it\/en\/wp-json\/wp\/v2\/types\/opera"}],"version-history":[{"count":7,"href":"https:\/\/www.museoglaucolombardi.it\/en\/wp-json\/wp\/v2\/opera\/60918\/revisions"}],"predecessor-version":[{"id":98921,"href":"https:\/\/www.museoglaucolombardi.it\/en\/wp-json\/wp\/v2\/opera\/60918\/revisions\/98921"}],"wp:featuredmedia":[{"embeddable":true,"href":"https:\/\/www.museoglaucolombardi.it\/en\/wp-json\/wp\/v2\/media\/38211"}],"wp:attachment":[{"href":"https:\/\/www.museoglaucolombardi.it\/en\/wp-json\/wp\/v2\/media?parent=60918"}],"wp:term":[{"taxonomy":"epoca","embeddable":true,"href":"https:\/\/www.museoglaucolombardi.it\/en\/wp-json\/wp\/v2\/epoca?post=60918"},{"taxonomy":"materiale","embeddable":true,"href":"https:\/\/www.museoglaucolombardi.it\/en\/wp-json\/wp\/v2\/materiale?post=60918"},{"taxonomy":"tecnica","embeddable":true,"href":"https:\/\/www.museoglaucolombardi.it\/en\/wp-json\/wp\/v2\/tecnica?post=60918"},{"taxonomy":"tipo","embeddable":true,"href":"https:\/\/www.museoglaucolombardi.it\/en\/wp-json\/wp\/v2\/tipo?post=60918"}],"curies":[{"name":"wp","href":"https:\/\/api.w.org\/{rel}","templated":true}]}}

In cornice di legno nero.
Isabey fu invitato dal ministro Talleyrand a seguire la delegazione francese al Congresso di Vienna per trarne un ritratto di gruppo esposto al Salon parigino del 1817; dai suoi fogli, molti dei quali conservati al Louvre, Godefroy trasse la presente incisione, il cui oggetto comprensibilmente non incontrò grande favore in Francia.
In piedi da sinistra a destra si riconoscono: Duca di Wellington (Gran Bretagna); Conte di Lobo (Portogallo); Conte Saldanha (Portogallo); von Löwenhielm (Svezia); Conte di Noailles (Francia); Principe di Metternich (Austria); Latour du Pin (Francia); appoggiato alla seggiola: Conte Nesselrode (Russia). Dietro la sedia: Dalberg (Francia); Principe Razumovsky (Russia); Lord Stewart (Gran Bretagna); Conte di Clancarty (Gran Bretagna); Wacken (Prussia); Cavaliere von Gentz (Austria); Barone von Humboldt (Prussia); Conte Cathcart (Gran Bretagna). Seduti da sinistra a destra: Principe von Hardenberg (Prussia); Conte di Palmella (Portogallo); Visconte Castlereagh (Gran Bretagna); Barone Wessenberg (Austria); Conte di Labrador (Spagna); Principe di Talleyrand (Francia); Conte Stackelberg (Russia). 
Dell'incisione si conoscono vari esemplari, di cui uno conservato al Civico Museo del Risorgimento di Milano e uno all'Hermitage.

Lungo i bordi laterali dell'incisione ci sono gli emblemi dei nobili che parteciparono al Congresso di Vienna, lungo il bordo inferiore quelli delle nazioni partecipanti e, lungo il bordo superiore, i tondi con i profili degli otto sovrani europei segnatari del Trattato di Parigi.
"J.Isabey a Paris / Rue de Freres n°7 - Deposé a la Direction Roy.le de la Librairie - J.Godefroy / 1819". Al centro del bordo inferiore è scritto: "CONGRES DE VIENNE. SEANCE DES PLENIPOTENTIAIRES DES HUIT PUISSANCE SIGNATAIRES DU TRAITE DE PARIS".

Buono; la carta, che era assai ingiallita per acidità, è stata sottoposta a restauro (smontaggio dalla cornice, pulitura a secco,  prova ph, solubilità colori, lavaggio, deacidificazione, rinsaldo restauro, foderatura, montaggio con cartoncino a ph neutro nella precedente cornice) nel febbraio 2007.
