{"id":60732,"date":"2009-08-12T20:36:00","date_gmt":"2009-08-12T18:36:00","guid":{"rendered":"https:\/\/www.museoglaucolombardi.it\/opera\/60732\/"},"modified":"2012-12-05T13:29:00","modified_gmt":"2012-12-05T12:29:00","slug":"60732","status":"publish","type":"opera","link":"https:\/\/www.museoglaucolombardi.it\/en\/opera\/60732\/","title":{"rendered":"Schema preparatorio per ricamo con bouquet di viole e primule"},"author":0,"featured_media":37851,"template":"","epoca":[],"materiale":[],"tecnica":[3273],"tipo":[3261],"class_list":["post-60732","opera","type-opera","status-publish","has-post-thumbnail","hentry","tecnica-stampa-acquerellata-su-carta","tipo-varie"],"publishpress_future_workflow_manual_trigger":{"enabledWorkflows":[]},"bibliografia":"AA.VV., \"Maria Luigia. Donna e sovrana\" (catalogo della mostra), Parma, Ugo Guanda Editore 1992, p. 185.\r\nF. SANDRINI (a cura di), \"Maria Luigia e le violette di Parma\", Parma, MUP 2008, ill. p. 32.","denominazione":"Schema preparatorio per ricamo con bouquet di viole e primule","nuovo_inventario":"705","osservazioni":"In cornice.\r\nIn trasparenza, sotto lo strato di colore, sono visibili i piccoli segni identificativi delle diverse tinte.","serie_tiratura":"","chiavi":"","collocazione":"Deposito","descrizione":"Lo schema presenta una base quadrettata. Lungo il bordo inferiore, al centro, c'\u00e8 la scritta: \"Berlin bei L.W.Wittich, Franzosische Str. n\u00b043\" e, sotto: \"D\u00e9pot chez Jeanneret Fr\u00e8res \u00e0 Neuchatel\". In alto a destra&nbsp;si trova&nbsp;il numero identificativo \"1335\". Lungo il margine destro, riportati a matita,&nbsp;ci sono&nbsp;una croce e la scritta: \"Tutto\".","provenienza":"","acquisizione":"L'opera rientra tra quelle che il prof. Lombardi acquist\u00f2 nel 1934 dal conte Giovanni Sanvitale","compilatore_scheda":"","filegrani":"","stato_conservazione":"Abbastanza buono; il foglio presenta alcune macchie e piccole lacerazioni lungo i bordi.","datazione":"Prima met\u00e0 del XIX secolo","editore":"","esposizione":"","autori":false,"dediche":"","valore":"","misure":"cm 24,6 x 30,8\r\nParte figurata: cm 17 x 19,4","peso":"","valore_assicurativo":"","vecchio_inventario":"","_links":{"self":[{"href":"https:\/\/www.museoglaucolombardi.it\/en\/wp-json\/wp\/v2\/opera\/60732","targetHints":{"allow":["GET"]}}],"collection":[{"href":"https:\/\/www.museoglaucolombardi.it\/en\/wp-json\/wp\/v2\/opera"}],"about":[{"href":"https:\/\/www.museoglaucolombardi.it\/en\/wp-json\/wp\/v2\/types\/opera"}],"version-history":[{"count":7,"href":"https:\/\/www.museoglaucolombardi.it\/en\/wp-json\/wp\/v2\/opera\/60732\/revisions"}],"predecessor-version":[{"id":98739,"href":"https:\/\/www.museoglaucolombardi.it\/en\/wp-json\/wp\/v2\/opera\/60732\/revisions\/98739"}],"wp:featuredmedia":[{"embeddable":true,"href":"https:\/\/www.museoglaucolombardi.it\/en\/wp-json\/wp\/v2\/media\/37851"}],"wp:attachment":[{"href":"https:\/\/www.museoglaucolombardi.it\/en\/wp-json\/wp\/v2\/media?parent=60732"}],"wp:term":[{"taxonomy":"epoca","embeddable":true,"href":"https:\/\/www.museoglaucolombardi.it\/en\/wp-json\/wp\/v2\/epoca?post=60732"},{"taxonomy":"materiale","embeddable":true,"href":"https:\/\/www.museoglaucolombardi.it\/en\/wp-json\/wp\/v2\/materiale?post=60732"},{"taxonomy":"tecnica","embeddable":true,"href":"https:\/\/www.museoglaucolombardi.it\/en\/wp-json\/wp\/v2\/tecnica?post=60732"},{"taxonomy":"tipo","embeddable":true,"href":"https:\/\/www.museoglaucolombardi.it\/en\/wp-json\/wp\/v2\/tipo?post=60732"}],"curies":[{"name":"wp","href":"https:\/\/api.w.org\/{rel}","templated":true}]}}

Lo schema presenta una base quadrettata. Lungo il bordo inferiore, al centro, c'è la scritta: "Berlin bei L.W.Wittich, Franzosische Str. n°43" e, sotto: "Dépot chez Jeanneret Frères à Neuchatel". In alto a destra&nbsp;si trova&nbsp;il numero identificativo "1335". Lungo il margine destro, riportati a matita,&nbsp;ci sono&nbsp;una croce e la scritta: "Tutto".

L'opera rientra tra quelle che il prof. Lombardi acquistò nel 1934 dal conte Giovanni Sanvitale

Prima metà del XIX secolo
