{"id":60650,"date":"2009-08-12T20:36:00","date_gmt":"2009-08-12T18:36:00","guid":{"rendered":"https:\/\/www.museoglaucolombardi.it\/opera\/60650\/"},"modified":"2021-04-27T14:24:00","modified_gmt":"2021-04-27T12:24:00","slug":"60650","status":"publish","type":"opera","link":"https:\/\/www.museoglaucolombardi.it\/en\/opera\/60650\/","title":{"rendered":"Gentiluomo davanti alla &#8220;Madonna del S. Girolamo&#8221; di Correggio"},"author":0,"featured_media":37687,"template":"","epoca":[],"materiale":[],"tecnica":[3210],"tipo":[3212],"class_list":["post-60650","opera","type-opera","status-publish","has-post-thumbnail","hentry","tecnica-acquerello-su-carta","tipo-dipinti-e-acquerelli"],"publishpress_future_workflow_manual_trigger":{"enabledWorkflows":[]},"bibliografia":"AA.VV., \"Maria Luigia. Donna e sovrana\" (catalogo della mostra), Parma, Ugo Guanda Editore 1992, p. 182.\r\nT. MARCHESELLI, \"Nuove acquisizioni\" (catalogo della mostra), Quaderni del Museo n. 2, Parma, Museo Glauco Lombardi 2000, pp. 7-8.\r\n\"Museo Glauco Lombardi\", Milano, TCI 2003, p. 89.\r\nC. GALLANTI, \u201cMuseo Glauco Lombardi \u2013 piano terra\u201d, in F. SANDRINI, \u201cPaolo Toschi (1788-1854) incisore d\u2019Europa\u201d, Parma 2004, pp. 211-220: pp. 212-214 [ill. p. 218].\r\nF. SANDRINI (a cura di), \"Glauco Lombardi (1881-1970) molto pi\u00f9 di un collezionista\", Parma, Grafiche STEP 2011, ill. p. 49.\r\nS. VERDE, \"Le istituzioni culturali: la Pilotta\", in C. RINALDI e G. GONIZZI (a cura di), \"Parma \u00e8 la Gazzetta. Cronaca, cultura, spettacoli, sport: 285 anni di storia\" (catalogo della mostra), Parma, Gazzetta di Parma 2019, vol. I, pp. 342-345: ill. p. 344.\r\nS. VERDE (a cura di), \"L'Ottocento e il mito di Correggio\", Milano, Silvana Editoriale S.p.A. 2020, scheda di F. SANDRINI, p. 152, ill. p. 143.","denominazione":"Gentiluomo davanti alla \"Madonna del S. Girolamo\" di Correggio","nuovo_inventario":"2397","osservazioni":"In cornice di legno moderna.\r\nL`acquerello \u00e8 ambientato nella sala ottagonale della Galleria Ducale, come originariamente allestita da Toschi e Bettoli per collocarvi il famoso dipinto di Correggio. Alla met\u00e0 degli anni Trenta Girolamo Magnani esegu\u00ec la decorazione del soffitto visibile nel foglio, che pertanto \u00e8 databile dopo quel termine. \r\nPer l'acquerello \u00e8 stata proposta in passato un'attribuzione a Giuseppe Naudin. Mariangela Giusto ipotizza invece una paternit\u00e0 di Carlo Raimondi, e vede la possibilit\u00e0 di identificare nel gentiluomo lo stesso Paolo Toschi, che ebbe il merito di recuperare la tavola dell'Allegri a Parigi.","serie_tiratura":"","chiavi":"","collocazione":"Sala Paolo Toschi","descrizione":"","provenienza":"","acquisizione":"Lascito del prof.Braibanti (settembre 2000).","compilatore_scheda":"","filegrani":"","stato_conservazione":"Buono; l'acquerello \u00e8 stato restaurato nell'ottobre del 2000 da Giuseppe Cirillo, che ha ripreso alcune lacune di colore lungo il perimetro del foglio. Si nota qualche foro prodotto da tarli nella cornice.","datazione":"","editore":"","esposizione":"Colorno (PR), Palazzo Ducale, \"Maria Luigia donna e sovrana. Una Corte Europea a Parma 1815-1847\", 10 maggio-26 luglio 1992\r\nParma, palazzo Pigorini, \"Parma \u00e8 la Gazzetta. Cronaca, cultura, spettacoli, sport: 285 anni di storia\", 13 gennaio-15 marzo 2020","autori":[{"nato":"Bocche di Cattaro, 1809","morto":"Parma, 1883","opere":false,"ID":67247,"post_title":"Carlo Raimondi (?)","post_content":"","post_excerpt":"","post_author":"0","post_date":"2022-10-20 17:11:34","post_date_gmt":"2022-10-20 15:11:34","post_status":"publish","comment_status":"closed","ping_status":"closed","post_password":"","post_name":"67247","to_ping":"","pinged":"","post_modified":"2022-10-20 17:11:34","post_modified_gmt":"2022-10-20 15:11:34","post_content_filtered":"","post_parent":0,"guid":"https:\/\/www.museoglaucolombardi.it\/?autore=67247","menu_order":0,"post_type":"autore","post_mime_type":"","comment_count":"0","comments":false,"id":67247}],"dediche":"","valore":"","misure":"S.C.: cm 41,3 x 32,5\r\nC.C.: cm 49,3 x 41 x 2,5","peso":"","valore_assicurativo":"","vecchio_inventario":"","_links":{"self":[{"href":"https:\/\/www.museoglaucolombardi.it\/en\/wp-json\/wp\/v2\/opera\/60650","targetHints":{"allow":["GET"]}}],"collection":[{"href":"https:\/\/www.museoglaucolombardi.it\/en\/wp-json\/wp\/v2\/opera"}],"about":[{"href":"https:\/\/www.museoglaucolombardi.it\/en\/wp-json\/wp\/v2\/types\/opera"}],"version-history":[{"count":7,"href":"https:\/\/www.museoglaucolombardi.it\/en\/wp-json\/wp\/v2\/opera\/60650\/revisions"}],"predecessor-version":[{"id":98657,"href":"https:\/\/www.museoglaucolombardi.it\/en\/wp-json\/wp\/v2\/opera\/60650\/revisions\/98657"}],"wp:featuredmedia":[{"embeddable":true,"href":"https:\/\/www.museoglaucolombardi.it\/en\/wp-json\/wp\/v2\/media\/37687"}],"wp:attachment":[{"href":"https:\/\/www.museoglaucolombardi.it\/en\/wp-json\/wp\/v2\/media?parent=60650"}],"wp:term":[{"taxonomy":"epoca","embeddable":true,"href":"https:\/\/www.museoglaucolombardi.it\/en\/wp-json\/wp\/v2\/epoca?post=60650"},{"taxonomy":"materiale","embeddable":true,"href":"https:\/\/www.museoglaucolombardi.it\/en\/wp-json\/wp\/v2\/materiale?post=60650"},{"taxonomy":"tecnica","embeddable":true,"href":"https:\/\/www.museoglaucolombardi.it\/en\/wp-json\/wp\/v2\/tecnica?post=60650"},{"taxonomy":"tipo","embeddable":true,"href":"https:\/\/www.museoglaucolombardi.it\/en\/wp-json\/wp\/v2\/tipo?post=60650"}],"curies":[{"name":"wp","href":"https:\/\/api.w.org\/{rel}","templated":true}]}}

AA.VV., "Maria Luigia. Donna e sovrana" (catalogo della mostra), Parma, Ugo Guanda Editore 1992, p. 182.
T. MARCHESELLI, "Nuove acquisizioni" (catalogo della mostra), Quaderni del Museo n. 2, Parma, Museo Glauco Lombardi 2000, pp. 7-8.
"Museo Glauco Lombardi", Milano, TCI 2003, p. 89.
C. GALLANTI, “Museo Glauco Lombardi – piano terra”, in F. SANDRINI, “Paolo Toschi (1788-1854) incisore d’Europa”, Parma 2004, pp. 211-220: pp. 212-214 [ill. p. 218].
F. SANDRINI (a cura di), "Glauco Lombardi (1881-1970) molto più di un collezionista", Parma, Grafiche STEP 2011, ill. p. 49.
S. VERDE, "Le istituzioni culturali: la Pilotta", in C. RINALDI e G. GONIZZI (a cura di), "Parma è la Gazzetta. Cronaca, cultura, spettacoli, sport: 285 anni di storia" (catalogo della mostra), Parma, Gazzetta di Parma 2019, vol. I, pp. 342-345: ill. p. 344.
S. VERDE (a cura di), "L'Ottocento e il mito di Correggio", Milano, Silvana Editoriale S.p.A. 2020, scheda di F. SANDRINI, p. 152, ill. p. 143.

In cornice di legno moderna.
L`acquerello è ambientato nella sala ottagonale della Galleria Ducale, come originariamente allestita da Toschi e Bettoli per collocarvi il famoso dipinto di Correggio. Alla metà degli anni Trenta Girolamo Magnani eseguì la decorazione del soffitto visibile nel foglio, che pertanto è databile dopo quel termine. 
Per l'acquerello è stata proposta in passato un'attribuzione a Giuseppe Naudin. Mariangela Giusto ipotizza invece una paternità di Carlo Raimondi, e vede la possibilità di identificare nel gentiluomo lo stesso Paolo Toschi, che ebbe il merito di recuperare la tavola dell'Allegri a Parigi.

Buono; l'acquerello è stato restaurato nell'ottobre del 2000 da Giuseppe Cirillo, che ha ripreso alcune lacune di colore lungo il perimetro del foglio. Si nota qualche foro prodotto da tarli nella cornice.

Colorno (PR), Palazzo Ducale, "Maria Luigia donna e sovrana. Una Corte Europea a Parma 1815-1847", 10 maggio-26 luglio 1992
Parma, palazzo Pigorini, "Parma è la Gazzetta. Cronaca, cultura, spettacoli, sport: 285 anni di storia", 13 gennaio-15 marzo 2020
