{"id":60366,"date":"2009-08-12T20:36:00","date_gmt":"2009-08-12T18:36:00","guid":{"rendered":"https:\/\/www.museoglaucolombardi.it\/opera\/60366\/"},"modified":"2016-08-02T12:14:00","modified_gmt":"2016-08-02T10:14:00","slug":"60366","status":"publish","type":"opera","link":"https:\/\/www.museoglaucolombardi.it\/en\/opera\/60366\/","title":{"rendered":"La quercia del Tasso a Roma"},"author":0,"featured_media":37167,"template":"","epoca":[],"materiale":[],"tecnica":[3250],"tipo":[3212],"class_list":["post-60366","opera","type-opera","status-publish","has-post-thumbnail","hentry","tecnica-olio-su-carta-incollata-su-tela","tipo-dipinti-e-acquerelli"],"publishpress_future_workflow_manual_trigger":{"enabledWorkflows":[]},"bibliografia":"G. BATTELLI,  \"Il diario romano del pittore Giuseppe Drugman\", in \"Aurea Parma\", XX, Parma, \"La Bodoniana\" 1936.\r\nG. ALLEGRI TASSONI, \"Mostra dell'Accademia parmense\", Parma, Fresching 1952, pp. 46-47.\r\nC. CAVALIERI MAUCCI, \"Giuseppe Drugman pittore di Paese in Parma\", in \"Aurea Parma\", Parma, 1980, pp. 253-254.\r\nG. GODI, G. CARRARA, \"Fondazione Museo Glauco Lombardi\", Parma, Step 1984 (1994), p. 126 e p. 157.\r\nM. PELLEGRI, \"Il museo Glauco Lombardi\", Parma, Battei 1984, pp. 272-273 e p. 275.\r\nR. TASSI, \"La pittura emiliana dell\u2019Ottocento\", in \"Catalogo dell\u2019arte italiana dell\u2019Ottocento\", n. 15, Milano, Giorgio Mondadori & Associati 1986, p. 42 (ill.).\r\nE. CASTELNUOVO (a cura di), \"La pittura in Italia. L\u2019Ottocento\", Milano, Electa 1990, p. 246.\r\nG. GODI, G. CARRARA, \"Fondazione Museo Glauco Lombardi\", Parma, Grafiche STEP 1991, p. 126 [ill. p. 157].\r\n\"Museo Glauco Lombardi\", Milano, TCI 2003, p. 93.\r\nF. SANDRINI, \"Glauco Lombardi e il suo museo\", in \"Aurea Parma\" anno XC, fasc. III, Parma 2006, pp. 301-324: pp. 312-313.\r\nF. ANEDDA, \"Giuseppe Drugman (1810-1846) e la sua produzione artistica nella citt\u00e0 di Maria Luigia\", tesi di laurea specialistica, Universit\u00e0 di Parma, a.a. 2008\/2009, con bibliografia in nota.\r\nF. SANDRINI (a cura di), \"Les jolis paysages di Maria Luigia d'Asburgo e la pittura di paesaggio nel ducato di Parma\", Parma, Graphital 2013, p. 113, scheda pp. 156-157 [ill. p. 6 e p. 157].","denominazione":"La quercia del Tasso a Roma","nuovo_inventario":"156","osservazioni":"In cornice di legno dorato in foglia.\r\nIl dipinto fu realizzato dal vero a Roma, dove il Drugman ebbe modo di visitare il complesso di Sant'Onofrio, nel cui convento Torquato Tasso mor\u00ec nel 1595; l'imponente albero fu dallo stesso pittore cos\u00ec descritto: \"nell'orto vedesi ancora la di lui quercia che abbench\u00e9 cos\u00ec annosa pure \u00e8 ancora assai prosperosa, e promette ancora assai lunga durata\".","serie_tiratura":"","chiavi":"","collocazione":"Sala Paolo Toschi","descrizione":"","provenienza":"L'opera faceva parte della collezione Toschi, come si evince dall'inventario degli oggetti d'arte lasciati dal Toschi alla figlia Nina, dove \u00e8 nominata al numero 83 (inventario conservato in Museo, cont. 55 fasc. 37).","acquisizione":"Il quadro fu acquistato nel 1940 dagli eredi Godi-Toschi.","compilatore_scheda":"","filegrani":"","stato_conservazione":"Buono; a ottobre 2013 il quadro \u00e8 stato oggetto di un piccolo intervento di restauro (laboratorio Metodo, Parma) finalizzato alla chiusura di un buco passante in basso a destra e di altro piccolo foro in alto. Nell'occasione sono state ritoccate alcune sbeccature della cornice.","datazione":"1837-1838","editore":"","esposizione":"Parma, Ridotto del Teatro Regio, \"Mostra dell'Accademia parmense 1752-1952\", giugno-settembre 1952\r\nParma, Museo Glauco Lombardi, \"Giuseppe Drugman, pittore di paesaggio della duchessa Maria Luigia\", 7 dicembre 2013-23 febbraio 2014","autori":[{"nato":"Parma 1810","morto":"Parma 1846","opere":false,"ID":66731,"post_title":"Giuseppe Drugman","post_content":"","post_excerpt":"","post_author":"2","post_date":"2022-10-20 17:10:33","post_date_gmt":"2022-10-20 15:10:33","post_status":"publish","comment_status":"closed","ping_status":"closed","post_password":"","post_name":"66731","to_ping":"","pinged":"","post_modified":"2025-01-22 13:49:49","post_modified_gmt":"2025-01-22 12:49:49","post_content_filtered":"","post_parent":0,"guid":"https:\/\/www.museoglaucolombardi.it\/?autore=66731","menu_order":0,"post_type":"autore","post_mime_type":"","comment_count":"0","comments":false,"id":66731}],"dediche":"","valore":"15.000,00","misure":"S.C.: cm 47 x 43,2\r\nC.C.: cm 60,2 x 57,2 x 5,6","peso":"","valore_assicurativo":"","vecchio_inventario":"510","_links":{"self":[{"href":"https:\/\/www.museoglaucolombardi.it\/en\/wp-json\/wp\/v2\/opera\/60366","targetHints":{"allow":["GET"]}}],"collection":[{"href":"https:\/\/www.museoglaucolombardi.it\/en\/wp-json\/wp\/v2\/opera"}],"about":[{"href":"https:\/\/www.museoglaucolombardi.it\/en\/wp-json\/wp\/v2\/types\/opera"}],"version-history":[{"count":7,"href":"https:\/\/www.museoglaucolombardi.it\/en\/wp-json\/wp\/v2\/opera\/60366\/revisions"}],"predecessor-version":[{"id":98389,"href":"https:\/\/www.museoglaucolombardi.it\/en\/wp-json\/wp\/v2\/opera\/60366\/revisions\/98389"}],"wp:featuredmedia":[{"embeddable":true,"href":"https:\/\/www.museoglaucolombardi.it\/en\/wp-json\/wp\/v2\/media\/37167"}],"wp:attachment":[{"href":"https:\/\/www.museoglaucolombardi.it\/en\/wp-json\/wp\/v2\/media?parent=60366"}],"wp:term":[{"taxonomy":"epoca","embeddable":true,"href":"https:\/\/www.museoglaucolombardi.it\/en\/wp-json\/wp\/v2\/epoca?post=60366"},{"taxonomy":"materiale","embeddable":true,"href":"https:\/\/www.museoglaucolombardi.it\/en\/wp-json\/wp\/v2\/materiale?post=60366"},{"taxonomy":"tecnica","embeddable":true,"href":"https:\/\/www.museoglaucolombardi.it\/en\/wp-json\/wp\/v2\/tecnica?post=60366"},{"taxonomy":"tipo","embeddable":true,"href":"https:\/\/www.museoglaucolombardi.it\/en\/wp-json\/wp\/v2\/tipo?post=60366"}],"curies":[{"name":"wp","href":"https:\/\/api.w.org\/{rel}","templated":true}]}}

G. BATTELLI,  "Il diario romano del pittore Giuseppe Drugman", in "Aurea Parma", XX, Parma, "La Bodoniana" 1936.
G. ALLEGRI TASSONI, "Mostra dell'Accademia parmense", Parma, Fresching 1952, pp. 46-47.
C. CAVALIERI MAUCCI, "Giuseppe Drugman pittore di Paese in Parma", in "Aurea Parma", Parma, 1980, pp. 253-254.
G. GODI, G. CARRARA, "Fondazione Museo Glauco Lombardi", Parma, Step 1984 (1994), p. 126 e p. 157.
M. PELLEGRI, "Il museo Glauco Lombardi", Parma, Battei 1984, pp. 272-273 e p. 275.
R. TASSI, "La pittura emiliana dell’Ottocento", in "Catalogo dell’arte italiana dell’Ottocento", n. 15, Milano, Giorgio Mondadori & Associati 1986, p. 42 (ill.).
E. CASTELNUOVO (a cura di), "La pittura in Italia. L’Ottocento", Milano, Electa 1990, p. 246.
G. GODI, G. CARRARA, "Fondazione Museo Glauco Lombardi", Parma, Grafiche STEP 1991, p. 126 [ill. p. 157].
"Museo Glauco Lombardi", Milano, TCI 2003, p. 93.
F. SANDRINI, "Glauco Lombardi e il suo museo", in "Aurea Parma" anno XC, fasc. III, Parma 2006, pp. 301-324: pp. 312-313.
F. ANEDDA, "Giuseppe Drugman (1810-1846) e la sua produzione artistica nella città di Maria Luigia", tesi di laurea specialistica, Università di Parma, a.a. 2008/2009, con bibliografia in nota.
F. SANDRINI (a cura di), "Les jolis paysages di Maria Luigia d'Asburgo e la pittura di paesaggio nel ducato di Parma", Parma, Graphital 2013, p. 113, scheda pp. 156-157 [ill. p. 6 e p. 157].

In cornice di legno dorato in foglia.
Il dipinto fu realizzato dal vero a Roma, dove il Drugman ebbe modo di visitare il complesso di Sant'Onofrio, nel cui convento Torquato Tasso morì nel 1595; l'imponente albero fu dallo stesso pittore così descritto: "nell'orto vedesi ancora la di lui quercia che abbenché così annosa pure è ancora assai prosperosa, e promette ancora assai lunga durata".

L'opera faceva parte della collezione Toschi, come si evince dall'inventario degli oggetti d'arte lasciati dal Toschi alla figlia Nina, dove è nominata al numero 83 (inventario conservato in Museo, cont. 55 fasc. 37).

Buono; a ottobre 2013 il quadro è stato oggetto di un piccolo intervento di restauro (laboratorio Metodo, Parma) finalizzato alla chiusura di un buco passante in basso a destra e di altro piccolo foro in alto. Nell'occasione sono state ritoccate alcune sbeccature della cornice.
