{"id":60338,"date":"2009-08-12T20:36:00","date_gmt":"2009-08-12T18:36:00","guid":{"rendered":"https:\/\/www.museoglaucolombardi.it\/opera\/60338\/"},"modified":"2012-10-25T13:23:00","modified_gmt":"2012-10-25T11:23:00","slug":"60338","status":"publish","type":"opera","link":"https:\/\/www.museoglaucolombardi.it\/en\/opera\/60338\/","title":{"rendered":"Ritratto del Podest\u00e0 di Parma, barone Lucio Bolla"},"author":0,"featured_media":37111,"template":"","epoca":[],"materiale":[],"tecnica":[3247],"tipo":[3212],"class_list":["post-60338","opera","type-opera","status-publish","has-post-thumbnail","hentry","tecnica-acquerello-su-cartoncino","tipo-dipinti-e-acquerelli"],"publishpress_future_workflow_manual_trigger":{"enabledWorkflows":[]},"bibliografia":"P. MEDIOLI MASOTTI, \"Paolo Toschi\", Parma, Artegrafica Silva 1973, p. 80 e p. 100.\r\nM. PELLEGRI, \"Il museo Glauco Lombardi\", Parma, Battei 1984, p. 183.\r\nA.V. MARCHI, \"Volti e figure del Ducato di Maria Luigia 1816-1847\", Milano, Antea 1991, ill. p. 65.\r\nF. SANDRINI, \"Glauco Lombardi e il suo museo\", in \"Aurea Parma\" anno XC, fasc. III, Parma 2006, pp. 301-324: pp. 312-313.","denominazione":"Ritratto del Podest\u00e0 di Parma, barone Lucio Bolla","nuovo_inventario":"131","osservazioni":"In cornice di legno intagliato dorata in foglia.\r\nIl presente ritratto ritorna nell'acquerello seppia conservato in Museo con inv. 817.\r\nL'opera \u00e8 menzionata come parte della Galleria Particolare di Paolo Toschi negli inventari dei beni di propriet\u00e0 dell'incisore, redatti probabilmente alla sua morte (Museo Glauco Lombardi, archivio Toschi, cont. 55, fasc. 40); \u00e8 presumibile che in essa sia riconoscibile il \"Ritratto a colori di Lucio Bolla disegnato da Paolo Toschi\" segnalato al n. 70 dell'\"Inventario degli oggetti d'arte lasciati da Paolo Toschi alla figlia Nina\", in data 3 agosto 1854 (Museo Glauco Lombardi, Archivio Toschi, cont. 55, fasc. 37).","serie_tiratura":"","chiavi":"","collocazione":"Sala Paolo Toschi","descrizione":"","provenienza":"Raccolta Toschi","acquisizione":"","compilatore_scheda":"","filegrani":"","stato_conservazione":"Buono; l'acquerello \u00e8 realizzato su due cartoncini assemblati con giunzione nell'estrema parte inferiore; i cartoncini risultano incollati su una schiena in cartone. L'attuale incorniciatura ha lasciato una visibile traccia sul foglio; la cornice \u00e8 scheggiata nello spigolo inferiore destro e presenta un timbro in ceralacca.","datazione":"","editore":"","esposizione":"","autori":[{"nato":"Parma 1788","morto":"1854","opere":false,"ID":66803,"post_title":"Paolo Toschi","post_content":"","post_excerpt":"","post_author":"2","post_date":"2022-10-20 17:10:42","post_date_gmt":"2022-10-20 15:10:42","post_status":"publish","comment_status":"closed","ping_status":"closed","post_password":"","post_name":"66803","to_ping":"","pinged":"","post_modified":"2025-01-30 12:03:13","post_modified_gmt":"2025-01-30 11:03:13","post_content_filtered":"","post_parent":0,"guid":"https:\/\/www.museoglaucolombardi.it\/?autore=66803","menu_order":0,"post_type":"autore","post_mime_type":"","comment_count":"0","comments":false,"id":66803}],"dediche":"","valore":"10.000,00","misure":"S.C.: cm 23,7 x 17\r\nC.C.: cm 39,4 x 32,2 x 4,8","peso":"","valore_assicurativo":"","vecchio_inventario":"107","_links":{"self":[{"href":"https:\/\/www.museoglaucolombardi.it\/en\/wp-json\/wp\/v2\/opera\/60338","targetHints":{"allow":["GET"]}}],"collection":[{"href":"https:\/\/www.museoglaucolombardi.it\/en\/wp-json\/wp\/v2\/opera"}],"about":[{"href":"https:\/\/www.museoglaucolombardi.it\/en\/wp-json\/wp\/v2\/types\/opera"}],"version-history":[{"count":7,"href":"https:\/\/www.museoglaucolombardi.it\/en\/wp-json\/wp\/v2\/opera\/60338\/revisions"}],"predecessor-version":[{"id":98361,"href":"https:\/\/www.museoglaucolombardi.it\/en\/wp-json\/wp\/v2\/opera\/60338\/revisions\/98361"}],"wp:featuredmedia":[{"embeddable":true,"href":"https:\/\/www.museoglaucolombardi.it\/en\/wp-json\/wp\/v2\/media\/37111"}],"wp:attachment":[{"href":"https:\/\/www.museoglaucolombardi.it\/en\/wp-json\/wp\/v2\/media?parent=60338"}],"wp:term":[{"taxonomy":"epoca","embeddable":true,"href":"https:\/\/www.museoglaucolombardi.it\/en\/wp-json\/wp\/v2\/epoca?post=60338"},{"taxonomy":"materiale","embeddable":true,"href":"https:\/\/www.museoglaucolombardi.it\/en\/wp-json\/wp\/v2\/materiale?post=60338"},{"taxonomy":"tecnica","embeddable":true,"href":"https:\/\/www.museoglaucolombardi.it\/en\/wp-json\/wp\/v2\/tecnica?post=60338"},{"taxonomy":"tipo","embeddable":true,"href":"https:\/\/www.museoglaucolombardi.it\/en\/wp-json\/wp\/v2\/tipo?post=60338"}],"curies":[{"name":"wp","href":"https:\/\/api.w.org\/{rel}","templated":true}]}}

Ritratto del Podestà di Parma, barone Lucio Bolla

In cornice di legno intagliato dorata in foglia.
Il presente ritratto ritorna nell'acquerello seppia conservato in Museo con inv. 817.
L'opera è menzionata come parte della Galleria Particolare di Paolo Toschi negli inventari dei beni di proprietà dell'incisore, redatti probabilmente alla sua morte (Museo Glauco Lombardi, archivio Toschi, cont. 55, fasc. 40); è presumibile che in essa sia riconoscibile il "Ritratto a colori di Lucio Bolla disegnato da Paolo Toschi" segnalato al n. 70 dell'"Inventario degli oggetti d'arte lasciati da Paolo Toschi alla figlia Nina", in data 3 agosto 1854 (Museo Glauco Lombardi, Archivio Toschi, cont. 55, fasc. 37).

Buono; l'acquerello è realizzato su due cartoncini assemblati con giunzione nell'estrema parte inferiore; i cartoncini risultano incollati su una schiena in cartone. L'attuale incorniciatura ha lasciato una visibile traccia sul foglio; la cornice è scheggiata nello spigolo inferiore destro e presenta un timbro in ceralacca.
