{"id":60336,"date":"2009-08-12T20:36:00","date_gmt":"2009-08-12T18:36:00","guid":{"rendered":"https:\/\/www.museoglaucolombardi.it\/opera\/60336\/"},"modified":"2014-06-26T14:45:00","modified_gmt":"2014-06-26T12:45:00","slug":"60336","status":"publish","type":"opera","link":"https:\/\/www.museoglaucolombardi.it\/en\/opera\/60336\/","title":{"rendered":"Ritratto del ministro Guillaume Du Tillot, marchese di Felino"},"author":0,"featured_media":37107,"template":"","epoca":[],"materiale":[],"tecnica":[3246],"tipo":[3212],"class_list":["post-60336","opera","type-opera","status-publish","has-post-thumbnail","hentry","tecnica-acquerello-monocromato-su-carta","tipo-dipinti-e-acquerelli"],"publishpress_future_workflow_manual_trigger":{"enabledWorkflows":[]},"bibliografia":"P. MEDIOLI MASOTTI, \"Paolo Toschi\", Parma, Artegrafica Silva 1973, p. 118 e p. 128.\r\nG. GODI, G. CARRARA, \"Fondazione Museo Glauco Lombardi\", Parma, Step 1984 (1994), pp. 133-134.\r\nG. GODI, G. CARRARA, \"Fondazione Museo Glauco Lombardi\", Parma, Grafiche STEP 1991, p. 134 [ill. p. 133].\r\nG. FIACCADORI, A. MALINVERNI, C. MAMBRIANI (a cura di), \"Guglielmo Du Tillot, regista delle arti nell'et\u00e0 dei Lumi\", Parma, Grafiche Step, 2012, p. 143 [ill.].","denominazione":"Ritratto del ministro Guillaume Du Tillot, marchese di Felino","nuovo_inventario":"130","osservazioni":"In cornice di legno dorato in foglia.\r\nNegli inventari dei beni di propriet\u00e0 di Paolo Toschi, redatti probabilmente alla sua morte (1854), \u00e8 menzionato come parte della Cartella Z un ritratto di Du Tillot a seppia, il cui autore \u00e8 detto Sacchi (Museo Glauco Lombardi, archivio Toschi, cont. 55, fasc. 38).","serie_tiratura":"","chiavi":"","collocazione":"Sala Paolo Toschi","descrizione":"","provenienza":"Raccolta Toschi [fascicolo grigio].","acquisizione":"","compilatore_scheda":"","filegrani":"","stato_conservazione":"Buono.","datazione":"","editore":"","esposizione":"-Parma, Palazzo Bossi Bocchi, \"Guglielmo Du Tillot, regista delle arti nell'et\u00e0 dei Lumi\", 28 ottobre 2012 - 27 gennaio 2013.","autori":[{"nato":"Parma 1788","morto":"1854","opere":false,"ID":66803,"post_title":"Paolo Toschi","post_content":"","post_excerpt":"","post_author":"2","post_date":"2022-10-20 17:10:42","post_date_gmt":"2022-10-20 15:10:42","post_status":"publish","comment_status":"closed","ping_status":"closed","post_password":"","post_name":"66803","to_ping":"","pinged":"","post_modified":"2025-01-30 12:03:13","post_modified_gmt":"2025-01-30 11:03:13","post_content_filtered":"","post_parent":0,"guid":"https:\/\/www.museoglaucolombardi.it\/?autore=66803","menu_order":0,"post_type":"autore","post_mime_type":"","comment_count":"0","comments":false,"id":66803}],"dediche":"","valore":"\u20ac 5.000,00","misure":"S.C.: cm 23,5 x 19 (foglio visibile)\r\nC.C.: cm 49,3 x 41,1 x 5,2","peso":"","valore_assicurativo":"","vecchio_inventario":"464","_links":{"self":[{"href":"https:\/\/www.museoglaucolombardi.it\/en\/wp-json\/wp\/v2\/opera\/60336","targetHints":{"allow":["GET"]}}],"collection":[{"href":"https:\/\/www.museoglaucolombardi.it\/en\/wp-json\/wp\/v2\/opera"}],"about":[{"href":"https:\/\/www.museoglaucolombardi.it\/en\/wp-json\/wp\/v2\/types\/opera"}],"version-history":[{"count":7,"href":"https:\/\/www.museoglaucolombardi.it\/en\/wp-json\/wp\/v2\/opera\/60336\/revisions"}],"predecessor-version":[{"id":98359,"href":"https:\/\/www.museoglaucolombardi.it\/en\/wp-json\/wp\/v2\/opera\/60336\/revisions\/98359"}],"wp:featuredmedia":[{"embeddable":true,"href":"https:\/\/www.museoglaucolombardi.it\/en\/wp-json\/wp\/v2\/media\/37107"}],"wp:attachment":[{"href":"https:\/\/www.museoglaucolombardi.it\/en\/wp-json\/wp\/v2\/media?parent=60336"}],"wp:term":[{"taxonomy":"epoca","embeddable":true,"href":"https:\/\/www.museoglaucolombardi.it\/en\/wp-json\/wp\/v2\/epoca?post=60336"},{"taxonomy":"materiale","embeddable":true,"href":"https:\/\/www.museoglaucolombardi.it\/en\/wp-json\/wp\/v2\/materiale?post=60336"},{"taxonomy":"tecnica","embeddable":true,"href":"https:\/\/www.museoglaucolombardi.it\/en\/wp-json\/wp\/v2\/tecnica?post=60336"},{"taxonomy":"tipo","embeddable":true,"href":"https:\/\/www.museoglaucolombardi.it\/en\/wp-json\/wp\/v2\/tipo?post=60336"}],"curies":[{"name":"wp","href":"https:\/\/api.w.org\/{rel}","templated":true}]}}

P. MEDIOLI MASOTTI, "Paolo Toschi", Parma, Artegrafica Silva 1973, p. 118 e p. 128.
G. GODI, G. CARRARA, "Fondazione Museo Glauco Lombardi", Parma, Step 1984 (1994), pp. 133-134.
G. GODI, G. CARRARA, "Fondazione Museo Glauco Lombardi", Parma, Grafiche STEP 1991, p. 134 [ill. p. 133].
G. FIACCADORI, A. MALINVERNI, C. MAMBRIANI (a cura di), "Guglielmo Du Tillot, regista delle arti nell'età dei Lumi", Parma, Grafiche Step, 2012, p. 143 [ill.].

In cornice di legno dorato in foglia.
Negli inventari dei beni di proprietà di Paolo Toschi, redatti probabilmente alla sua morte (1854), è menzionato come parte della Cartella Z un ritratto di Du Tillot a seppia, il cui autore è detto Sacchi (Museo Glauco Lombardi, archivio Toschi, cont. 55, fasc. 38).

-Parma, Palazzo Bossi Bocchi, "Guglielmo Du Tillot, regista delle arti nell'età dei Lumi", 28 ottobre 2012 - 27 gennaio 2013.
