{"id":60160,"date":"2009-08-12T20:36:00","date_gmt":"2009-08-12T18:36:00","guid":{"rendered":"https:\/\/www.museoglaucolombardi.it\/opera\/60160\/"},"modified":"2012-10-25T13:17:00","modified_gmt":"2012-10-25T11:17:00","slug":"60160","status":"publish","type":"opera","link":"https:\/\/www.museoglaucolombardi.it\/en\/opera\/60160\/","title":{"rendered":"Studio per &#8220;Il testamento di Eudamida&#8221;"},"author":0,"featured_media":36791,"template":"","epoca":[],"materiale":[],"tecnica":[3216],"tipo":[3217],"class_list":["post-60160","opera","type-opera","status-publish","has-post-thumbnail","hentry","tecnica-carboncino-su-carta","tipo-disegni"],"publishpress_future_workflow_manual_trigger":{"enabledWorkflows":[]},"bibliografia":"M.PELLEGRI, \"Il museo Glauco Lombardi\", Parma, Battei 1984, pp.262-264.\r\nA.MAVILLA (a cura di), \"Paolo Toschi e il suo tempo\", Parma, Ugo Guanda Editore 1992, p.467.\r\nG.CIRILLO G.GODI, \"I disegni della Biblioteca Palatina di Parma\", Parma 1991, p.XLIII.\r\nA. GRANDI, \u201cTra arte e affari: alcune vicende imprenditoriali di Paolo Toschi\u201d, in \u201cPaolo Toschi (1788-1854) incisore d\u2019Europa\u201d, Parma 2004, pp. 159-171: p. 162.","denominazione":"Studio per \"Il testamento di Eudamida\"","nuovo_inventario":"126","osservazioni":"In cornice di legno dorato.\r\nSi tratta di uno studio preparatorio per l'incisione, che fu iniziata da Bervic e terminata da Toschi nel 1847 (pubblicazione: 1853). Nel Museo si conservano anche il rame originale (n. inv. 1797) e un esemplare avanti lettera (n. inv. 955).","serie_tiratura":"","chiavi":"","collocazione":"Sala Paolo Toschi","descrizione":"Il disegno riproduce un particolare del dipinto di Nicolas Poussin (1594-1665), oggi conservato allo \"Statens Museum for Kunst\" di Copenhagen.","provenienza":"","acquisizione":"Acquistato dal prof. Lombardi nel 1931.","compilatore_scheda":"","filegrani":"","stato_conservazione":"Buono.","datazione":"","editore":"","esposizione":"","autori":[{"nato":"Parigi, 1756","morto":"Parigi, 1822","opere":false,"ID":66763,"post_title":"Charles-Cl\u00e9ment Bervic","post_content":"Charles-Cl\u00e9ment Bervic \u00e8 lo pseudonimo di Jean-Guillaume Barvez.","post_excerpt":"","post_author":"0","post_date":"2022-10-20 17:10:37","post_date_gmt":"2022-10-20 15:10:37","post_status":"publish","comment_status":"closed","ping_status":"closed","post_password":"","post_name":"66763","to_ping":"","pinged":"","post_modified":"2022-10-20 17:10:37","post_modified_gmt":"2022-10-20 15:10:37","post_content_filtered":"","post_parent":0,"guid":"https:\/\/www.museoglaucolombardi.it\/?autore=66763","menu_order":0,"post_type":"autore","post_mime_type":"","comment_count":"0","comments":false,"id":66763}],"dediche":"","valore":"1.500,00","misure":"S.C.: cm 16,8 x 23\r\nC.C.: cm 37,7 x 31,6 x 4,2","peso":"","valore_assicurativo":"","vecchio_inventario":"426","_links":{"self":[{"href":"https:\/\/www.museoglaucolombardi.it\/en\/wp-json\/wp\/v2\/opera\/60160","targetHints":{"allow":["GET"]}}],"collection":[{"href":"https:\/\/www.museoglaucolombardi.it\/en\/wp-json\/wp\/v2\/opera"}],"about":[{"href":"https:\/\/www.museoglaucolombardi.it\/en\/wp-json\/wp\/v2\/types\/opera"}],"version-history":[{"count":7,"href":"https:\/\/www.museoglaucolombardi.it\/en\/wp-json\/wp\/v2\/opera\/60160\/revisions"}],"predecessor-version":[{"id":98195,"href":"https:\/\/www.museoglaucolombardi.it\/en\/wp-json\/wp\/v2\/opera\/60160\/revisions\/98195"}],"wp:featuredmedia":[{"embeddable":true,"href":"https:\/\/www.museoglaucolombardi.it\/en\/wp-json\/wp\/v2\/media\/36791"}],"wp:attachment":[{"href":"https:\/\/www.museoglaucolombardi.it\/en\/wp-json\/wp\/v2\/media?parent=60160"}],"wp:term":[{"taxonomy":"epoca","embeddable":true,"href":"https:\/\/www.museoglaucolombardi.it\/en\/wp-json\/wp\/v2\/epoca?post=60160"},{"taxonomy":"materiale","embeddable":true,"href":"https:\/\/www.museoglaucolombardi.it\/en\/wp-json\/wp\/v2\/materiale?post=60160"},{"taxonomy":"tecnica","embeddable":true,"href":"https:\/\/www.museoglaucolombardi.it\/en\/wp-json\/wp\/v2\/tecnica?post=60160"},{"taxonomy":"tipo","embeddable":true,"href":"https:\/\/www.museoglaucolombardi.it\/en\/wp-json\/wp\/v2\/tipo?post=60160"}],"curies":[{"name":"wp","href":"https:\/\/api.w.org\/{rel}","templated":true}]}}

Charles-Clément Bervic

Charles-Clément Bervic è lo pseudonimo di Jean-Guillaume Barvez.
