{"id":60126,"date":"2009-08-12T20:36:00","date_gmt":"2009-08-12T18:36:00","guid":{"rendered":"https:\/\/www.museoglaucolombardi.it\/opera\/60126\/"},"modified":"2025-01-24T11:01:02","modified_gmt":"2025-01-24T10:01:02","slug":"60126","status":"publish","type":"opera","link":"https:\/\/www.museoglaucolombardi.it\/en\/opera\/60126\/","title":{"rendered":"Ritratto del conte Francesco Verasis Asinari"},"author":2,"featured_media":36729,"template":"","epoca":[],"materiale":[],"tecnica":[3213],"tipo":[3212],"class_list":["post-60126","opera","type-opera","status-publish","has-post-thumbnail","hentry","tecnica-olio-su-tela","tipo-dipinti-e-acquerelli"],"publishpress_future_workflow_manual_trigger":{"enabledWorkflows":[]},"bibliografia":"\"Folla e consensi al Museo Lombardi\", in \"Gazzetta di Parma\" del 12 dicembre 1961, p. 4.\r\nG. GODI, G. CARRARA, \"Fondazione Museo Glauco Lombardi\", Parma, Step 1984 (1994), pp. 131.\r\nM. PELLEGRI, \"Il museo Glauco Lombardi\", Parma, Battei 1984, p. 248.\r\nS. LONGERI, \"Rivoluzionari e congiurati nel Ducato di Parma e Piacenza\", Parma, Battei 1984, ill. in copertina.\r\nG. GODI, G. CARRARA, \"Fondazione Museo Glauco Lombardi\", Parma, Grafiche STEP 1991, ill. p. 131.\r\nS. MARINELLI, \"Il ritratto ottocentesco nel Veneto: la ricerca dell\u2019identit\u00e0\", in G. PAVANELLO (a cura di), \"La pittura nel Veneto. L\u2019Ottocento II\", Milano, Electa 2003, p. 553 e p. 560.\r\nF. SANDRINI, \"Le identit\u00e0 ritrovate: emblematica storia di due ritratti\", in \"Parma per l'arte\", anno XVI, fasc. 1 e 2 - 2010, pp. 169-182.","denominazione":"Ritratto del conte Francesco Verasis Asinari","nuovo_inventario":"142","osservazioni":"In passato identificato come ritratto del duca di Parma Carlo III, il dipinto \u00e8 stato oggetto di un approfondito studio di Francesca Sandrini che ha permesso di correggere l'errore identificativo. La ricerca ha preso avvio dal ritrovamento di una tela gemella (oggi in Fondazione Cariparma) del ritratto di Francesca Trotti, moglie di Verasis, identica a quella del Museo Lombardi (inv. 144). Nel verso di quell'olio \u00e8 presente un'iscrizione che consegna il nome della nobildonna e conseguentemente \u00e8 stata accertata l'identit\u00e0 del marito, effigiato in parallelo. Opportuni riscontri fotografici hanno comprovato definitivamente il riconoscimento del personaggio.\r\nIn cornice a listello di legno naturale.","serie_tiratura":"","chiavi":"","collocazione":"Sala Paolo Toschi","descrizione":"Il ritratto rappresenta il nobile piemontese Francesco Verasis Asinari (1826-1867), nono conte di Costigliole d\u2019Asti e sesto conte di Castiglione Tinella, figlio del conte Vittorio Luigi, gran maestro di cerimonie sotto Carlo Alberto, e della contessa Vittoria Martini di Cigala, dama di palazzo della regina Maria Teresa. Il conte Francesco Verasis Asinari, che ricopr\u00ec vari incarichi presso la corte del re di Sardegna (capitano di cavalleria del regio esercito sardo, gentiluomo di corte e in seguito ufficiale d\u2019ordinanza del re di Sardegna), arriv\u00f2 a essere gentiluomo di corte della regina Maria Adelaide e segretario particolare e capo di gabinetto del marito Vittorio Emanuele II, di cui, ormai divenuto re d'Italia, divenne infine primo scudiero. Nel 1848 spos\u00f2 la contessina milanese Francesca Trotti di Santa Giulietta (raffigurata nel dipinto en pendant inv. 144), dopo la cui precoce morte nel 1851 prese in moglie, in seconde nozze, Virginia Oldoini, da quel momento celebre come contessa di Castiglione. Nel dipinto Verasis indossa l'uniforme da Commendatore di Grazia dell'Ordine di Malta.","provenienza":"","acquisizione":"Acquistato da Glauco Lombardi nel 1961 a San Michele Bosco (BO)","compilatore_scheda":"","filegrani":"","stato_conservazione":"Buono; l'opera \u00e8 stata restaurata.","datazione":"1850","editore":"","esposizione":"","autori":[{"nato":"Verona, 1814","morto":"Verona, 1876","opere":false,"ID":66743,"post_title":"Domenico Scattola","post_content":"","post_excerpt":"","post_author":"0","post_date":"2022-10-20 17:10:34","post_date_gmt":"2022-10-20 15:10:34","post_status":"publish","comment_status":"closed","ping_status":"closed","post_password":"","post_name":"66743","to_ping":"","pinged":"","post_modified":"2022-10-20 17:10:34","post_modified_gmt":"2022-10-20 15:10:34","post_content_filtered":"","post_parent":0,"guid":"https:\/\/www.museoglaucolombardi.it\/?autore=66743","menu_order":0,"post_type":"autore","post_mime_type":"","comment_count":"0","comments":false,"id":66743}],"dediche":"","valore":"15.000,00","misure":"S.C.: cm 96,3 x 72,8\r\nC.C.: cm 99 x 75,5 x 3,8","peso":"","valore_assicurativo":"","vecchio_inventario":"366","_links":{"self":[{"href":"https:\/\/www.museoglaucolombardi.it\/en\/wp-json\/wp\/v2\/opera\/60126","targetHints":{"allow":["GET"]}}],"collection":[{"href":"https:\/\/www.museoglaucolombardi.it\/en\/wp-json\/wp\/v2\/opera"}],"about":[{"href":"https:\/\/www.museoglaucolombardi.it\/en\/wp-json\/wp\/v2\/types\/opera"}],"author":[{"embeddable":true,"href":"https:\/\/www.museoglaucolombardi.it\/en\/wp-json\/wp\/v2\/users\/2"}],"version-history":[{"count":7,"href":"https:\/\/www.museoglaucolombardi.it\/en\/wp-json\/wp\/v2\/opera\/60126\/revisions"}],"predecessor-version":[{"id":98163,"href":"https:\/\/www.museoglaucolombardi.it\/en\/wp-json\/wp\/v2\/opera\/60126\/revisions\/98163"}],"wp:featuredmedia":[{"embeddable":true,"href":"https:\/\/www.museoglaucolombardi.it\/en\/wp-json\/wp\/v2\/media\/36729"}],"wp:attachment":[{"href":"https:\/\/www.museoglaucolombardi.it\/en\/wp-json\/wp\/v2\/media?parent=60126"}],"wp:term":[{"taxonomy":"epoca","embeddable":true,"href":"https:\/\/www.museoglaucolombardi.it\/en\/wp-json\/wp\/v2\/epoca?post=60126"},{"taxonomy":"materiale","embeddable":true,"href":"https:\/\/www.museoglaucolombardi.it\/en\/wp-json\/wp\/v2\/materiale?post=60126"},{"taxonomy":"tecnica","embeddable":true,"href":"https:\/\/www.museoglaucolombardi.it\/en\/wp-json\/wp\/v2\/tecnica?post=60126"},{"taxonomy":"tipo","embeddable":true,"href":"https:\/\/www.museoglaucolombardi.it\/en\/wp-json\/wp\/v2\/tipo?post=60126"}],"curies":[{"name":"wp","href":"https:\/\/api.w.org\/{rel}","templated":true}]}}

"Folla e consensi al Museo Lombardi", in "Gazzetta di Parma" del 12 dicembre 1961, p. 4.
G. GODI, G. CARRARA, "Fondazione Museo Glauco Lombardi", Parma, Step 1984 (1994), pp. 131.
M. PELLEGRI, "Il museo Glauco Lombardi", Parma, Battei 1984, p. 248.
S. LONGERI, "Rivoluzionari e congiurati nel Ducato di Parma e Piacenza", Parma, Battei 1984, ill. in copertina.
G. GODI, G. CARRARA, "Fondazione Museo Glauco Lombardi", Parma, Grafiche STEP 1991, ill. p. 131.
S. MARINELLI, "Il ritratto ottocentesco nel Veneto: la ricerca dell’identità", in G. PAVANELLO (a cura di), "La pittura nel Veneto. L’Ottocento II", Milano, Electa 2003, p. 553 e p. 560.
F. SANDRINI, "Le identità ritrovate: emblematica storia di due ritratti", in "Parma per l'arte", anno XVI, fasc. 1 e 2 - 2010, pp. 169-182.

In passato identificato come ritratto del duca di Parma Carlo III, il dipinto è stato oggetto di un approfondito studio di Francesca Sandrini che ha permesso di correggere l'errore identificativo. La ricerca ha preso avvio dal ritrovamento di una tela gemella (oggi in Fondazione Cariparma) del ritratto di Francesca Trotti, moglie di Verasis, identica a quella del Museo Lombardi (inv. 144). Nel verso di quell'olio è presente un'iscrizione che consegna il nome della nobildonna e conseguentemente è stata accertata l'identità del marito, effigiato in parallelo. Opportuni riscontri fotografici hanno comprovato definitivamente il riconoscimento del personaggio.
In cornice a listello di legno naturale.

Il ritratto rappresenta il nobile piemontese Francesco Verasis Asinari (1826-1867), nono conte di Costigliole d’Asti e sesto conte di Castiglione Tinella, figlio del conte Vittorio Luigi, gran maestro di cerimonie sotto Carlo Alberto, e della contessa Vittoria Martini di Cigala, dama di palazzo della regina Maria Teresa. Il conte Francesco Verasis Asinari, che ricoprì vari incarichi presso la corte del re di Sardegna (capitano di cavalleria del regio esercito sardo, gentiluomo di corte e in seguito ufficiale d’ordinanza del re di Sardegna), arrivò a essere gentiluomo di corte della regina Maria Adelaide e segretario particolare e capo di gabinetto del marito Vittorio Emanuele II, di cui, ormai divenuto re d'Italia, divenne infine primo scudiero. Nel 1848 sposò la contessina milanese Francesca Trotti di Santa Giulietta (raffigurata nel dipinto en pendant inv. 144), dopo la cui precoce morte nel 1851 prese in moglie, in seconde nozze, Virginia Oldoini, da quel momento celebre come contessa di Castiglione. Nel dipinto Verasis indossa l'uniforme da Commendatore di Grazia dell'Ordine di Malta.

Buono; l'opera è stata restaurata.
