{"id":60048,"date":"2009-08-12T20:36:00","date_gmt":"2009-08-12T18:36:00","guid":{"rendered":"https:\/\/www.museoglaucolombardi.it\/opera\/60048\/"},"modified":"2017-12-21T12:11:00","modified_gmt":"2017-12-21T11:11:00","slug":"60048","status":"publish","type":"opera","link":"https:\/\/www.museoglaucolombardi.it\/en\/opera\/60048\/","title":{"rendered":"Una via di S. Terenzo (La Spezia)"},"author":0,"featured_media":36591,"template":"","epoca":[],"materiale":[],"tecnica":[3210],"tipo":[3212],"class_list":["post-60048","opera","type-opera","status-publish","has-post-thumbnail","hentry","tecnica-acquerello-su-carta","tipo-dipinti-e-acquerelli"],"publishpress_future_workflow_manual_trigger":{"enabledWorkflows":[]},"bibliografia":"M. PELLEGRI, \"Il museo Glauco Lombardi\", Parma, Battei 1984, p. 189.\r\nF. ANEDDA, \"Commissioni e paesaggi. La pittura di paese a Parma tra Corte e Accademia\", in F. SANDRINI (a cura di), \"Les jolis paysages di Maria Luigia d'Asburgo e la pittura di paesaggio nel ducato di Parma\", Parma, Graphital 2013, ill. p. 121.\r\nM. BIANCHI, \"La migliore delle contesse. Profilo biografico di Albertina Sanvitale\", in F. SANDRINI (a cura di), \"Albertina, la figlia di Maria Luigia d'Asburgo. Vita, pensieri, segreti\", Parma, Grafiche STEP 2017, ill. p. 114.","denominazione":"Una via di S. Terenzo (La Spezia)","nuovo_inventario":"77","osservazioni":"In cornice in legno dorato in foglia.\r\nIl presente acquerello \u00e8 menzionato in una stima degli album di propriet\u00e0 dei conti Alberto e Stefano Sanvitale e gi\u00e0 di pertinenza di Sua Maest\u00e0 Maria Luigia (Museo Glauco Lombardi, archivio Sanvitale, cont. 87, busta 43); in particolare, l'album contraddistinto dal n. 23 conteneva un acquerello raffigurante una \"Strada ombrosa presso San Terenzio\". Anche tra i vecchi inventari del Museo [fascicolo grigio], in un elenco di opere provenienti da album, si nomina il presente acquerello.","serie_tiratura":"","chiavi":"","collocazione":"Sala Dorata","descrizione":"L'opera reca, sotto il bordo inferiore, l'iscrizione a matita: \"Strada ombrosa che conduce in Santerenzo, nel Golfo della Spezia\" e, a destra, la firma.","provenienza":"Raccolta Sanvitale.","acquisizione":"","compilatore_scheda":"","filegrani":"","stato_conservazione":"Buono","datazione":"","editore":"","esposizione":"","autori":[{"nato":"Parma 1792","morto":"1872","opere":false,"ID":66811,"post_title":"Giuseppe Naudin","post_content":"","post_excerpt":"","post_author":"2","post_date":"2022-10-20 17:10:43","post_date_gmt":"2022-10-20 15:10:43","post_status":"publish","comment_status":"closed","ping_status":"closed","post_password":"","post_name":"66811","to_ping":"","pinged":"","post_modified":"2025-01-30 13:59:55","post_modified_gmt":"2025-01-30 12:59:55","post_content_filtered":"","post_parent":0,"guid":"https:\/\/www.museoglaucolombardi.it\/?autore=66811","menu_order":0,"post_type":"autore","post_mime_type":"","comment_count":"0","comments":false,"id":66811}],"dediche":"","valore":"6.000,00","misure":"S.C.: cm 25,3 x 18,2\r\nC.C.: cm 43,2 x 37,4 x 3,5","peso":"","valore_assicurativo":"","vecchio_inventario":"396","_links":{"self":[{"href":"https:\/\/www.museoglaucolombardi.it\/en\/wp-json\/wp\/v2\/opera\/60048","targetHints":{"allow":["GET"]}}],"collection":[{"href":"https:\/\/www.museoglaucolombardi.it\/en\/wp-json\/wp\/v2\/opera"}],"about":[{"href":"https:\/\/www.museoglaucolombardi.it\/en\/wp-json\/wp\/v2\/types\/opera"}],"version-history":[{"count":7,"href":"https:\/\/www.museoglaucolombardi.it\/en\/wp-json\/wp\/v2\/opera\/60048\/revisions"}],"predecessor-version":[{"id":98091,"href":"https:\/\/www.museoglaucolombardi.it\/en\/wp-json\/wp\/v2\/opera\/60048\/revisions\/98091"}],"wp:featuredmedia":[{"embeddable":true,"href":"https:\/\/www.museoglaucolombardi.it\/en\/wp-json\/wp\/v2\/media\/36591"}],"wp:attachment":[{"href":"https:\/\/www.museoglaucolombardi.it\/en\/wp-json\/wp\/v2\/media?parent=60048"}],"wp:term":[{"taxonomy":"epoca","embeddable":true,"href":"https:\/\/www.museoglaucolombardi.it\/en\/wp-json\/wp\/v2\/epoca?post=60048"},{"taxonomy":"materiale","embeddable":true,"href":"https:\/\/www.museoglaucolombardi.it\/en\/wp-json\/wp\/v2\/materiale?post=60048"},{"taxonomy":"tecnica","embeddable":true,"href":"https:\/\/www.museoglaucolombardi.it\/en\/wp-json\/wp\/v2\/tecnica?post=60048"},{"taxonomy":"tipo","embeddable":true,"href":"https:\/\/www.museoglaucolombardi.it\/en\/wp-json\/wp\/v2\/tipo?post=60048"}],"curies":[{"name":"wp","href":"https:\/\/api.w.org\/{rel}","templated":true}]}}

In cornice in legno dorato in foglia.
Il presente acquerello è menzionato in una stima degli album di proprietà dei conti Alberto e Stefano Sanvitale e già di pertinenza di Sua Maestà Maria Luigia (Museo Glauco Lombardi, archivio Sanvitale, cont. 87, busta 43); in particolare, l'album contraddistinto dal n. 23 conteneva un acquerello raffigurante una "Strada ombrosa presso San Terenzio". Anche tra i vecchi inventari del Museo [fascicolo grigio], in un elenco di opere provenienti da album, si nomina il presente acquerello.
