{"id":113736,"date":"2024-07-26T14:13:33","date_gmt":"2024-07-26T12:13:33","guid":{"rendered":"https:\/\/www.museoglaucolombardi.it\/?post_type=opera&#038;p=113736"},"modified":"2025-12-27T14:03:08","modified_gmt":"2025-12-27T13:03:08","slug":"ritratto-del-duca-di-reichstadt-in-avorio","status":"publish","type":"opera","link":"https:\/\/www.museoglaucolombardi.it\/en\/opera\/ritratto-del-duca-di-reichstadt-in-avorio\/","title":{"rendered":"Ritratto scultura in avorio del duca di Reichstadt"},"author":8,"featured_media":113912,"template":"","epoca":[],"materiale":[3606],"tecnica":[],"tipo":[3237],"class_list":["post-113736","opera","type-opera","status-publish","has-post-thumbnail","hentry","materiale-avorio-intagliato-ebano-osso","tipo-oggettistica-varia"],"publishpress_future_workflow_manual_trigger":{"enabledWorkflows":[]},"bibliografia":"F. SANDRINI (a cura di), \"Lettere di Maria Luigia d'Asburgo alla figlia Albertina Montenuovo. Volume I. Anni 1823-1833\", Parma, MUP 2025, ill. p. 237.","denominazione":"Ritratto scultura in avorio del duca di Reichstadt","nuovo_inventario":"2995","osservazioni":"L'immagine deriva da un noto ritratto realizzato ad acquerello nel 1830 da Moritz Michael Daffinger (1790-1849), ritrattista ufficiale della corte e dell\u2019alta aristocrazia austriaca, a cui sono ispirati anche altri oggetti presenti in Museo. Si riconoscono le onorificenze dell\u2019Ordine di Santo Stefano e dell\u2019Ordine Costantiniano di San Giorgio appuntate sul petto del duca di Reichstadt, titolo assegnato nel 1818 all'unico figlio di Napoleone Bonaparte e Maria Luigia d'Asburgo: il bambino, che alla nascita portava il glorioso titolo di \"re di Roma\", non avrebbe certo ereditato il trono del padre ormai esule e nemmeno quello della madre, divenuta da poco tempo duchessa di Parma, Piacenza e Guastalla.\r\nIl monogramma presente sulla cornice si potrebbe sciogliere come \"Franz Napoleon Kaiser\" (oppure K\u00f6nig), evocando quel titolo di Napoleone II, imperatore di Francia, di cui il giovane Napoleone Francesco Bonaparte pot\u00e9 in verit\u00e0 fregiarsi per pochi giorni, ma che non fu mai scordato dai nostalgici seguaci di Napoleone, ai quali quest'opera \u00e8 indirizzata.\r\nE' evidente la discrepanza linguistica tra la cornice, nella quale si utilizza il tedesco, e l'avorio, che riporta il titolo dell'effigiato in francese, mentre le indicazioni di nascita e morte sembrano essere proposte abbreviando i rispettivi termini latini. Non \u00e8 escluso che la cornice sia stata montata in un secondo momento, come lascerebbe supporre la non perfetta corrispondenza della lastra all'interno della cornice, di cui si vede la base del pannello di chiusura.","serie_tiratura":"","chiavi":"","collocazione":"","descrizione":"Il busto a bassorilievo in avorio del duca di Reichstadt in uniforme, presentato di tre quarti con il volto leggermente girato a sinistra, si staglia su un fondo rettangolare piatto sul quale \u00e8 inciso \"Nat. \/1811.\/\/\" e \"Mor.\/1832.\/\/\"; la sottile cornice a rilievo che lo circoscrive si amplia lungo il bordo inferiore, sul quale si legge \"Duc de Riechstadt.\".\r\nLa lastra in avorio \u00e8 inserita entro cornice rettangolare in ebano o in legno ebanizzato nero, stondata in alto e con intarsi in osso: in basso \u00e8 presente un decoro a festone, sui lati due motivi fitomorfici con ovale al centro, in alto il monogramma coronato \"FNK\" su uno scudo posto tra due putti semidistesi che reggono tralci di frutta.","provenienza":"Asta praghese del giugno 2024","acquisizione":"Donazione del prof. cav. Roberto Vecchi, Parma (2024)","compilatore_scheda":"","filegrani":"","stato_conservazione":"Stato di conservazione in generale buono, pur notandosi alcune scalfiture, tracce di ritocchi di colore e alcune fessurazioni negli angoli di assemblaggio della cornice. Nel pannello ligneo di chiusura sul retro compaiono le chiusure di alcuni fori di tarlo.","datazione":"post 1832","editore":"","esposizione":"Parma, Museo Glauco Lombardi, \"Lettere di Maria Luigia d'Asburgo alla figlia Albertina Montenuovo\", 6 dicembre 2025-6 aprile 2026","autori":false,"dediche":"","valore":"","misure":"Base: cm 22,5\r\nAltezza massima: cm 28\r\nSpessore: cm 3,8","peso":"","valore_assicurativo":"","vecchio_inventario":"","_links":{"self":[{"href":"https:\/\/www.museoglaucolombardi.it\/en\/wp-json\/wp\/v2\/opera\/113736","targetHints":{"allow":["GET"]}}],"collection":[{"href":"https:\/\/www.museoglaucolombardi.it\/en\/wp-json\/wp\/v2\/opera"}],"about":[{"href":"https:\/\/www.museoglaucolombardi.it\/en\/wp-json\/wp\/v2\/types\/opera"}],"author":[{"embeddable":true,"href":"https:\/\/www.museoglaucolombardi.it\/en\/wp-json\/wp\/v2\/users\/8"}],"version-history":[{"count":3,"href":"https:\/\/www.museoglaucolombardi.it\/en\/wp-json\/wp\/v2\/opera\/113736\/revisions"}],"predecessor-version":[{"id":113748,"href":"https:\/\/www.museoglaucolombardi.it\/en\/wp-json\/wp\/v2\/opera\/113736\/revisions\/113748"}],"wp:featuredmedia":[{"embeddable":true,"href":"https:\/\/www.museoglaucolombardi.it\/en\/wp-json\/wp\/v2\/media\/113912"}],"wp:attachment":[{"href":"https:\/\/www.museoglaucolombardi.it\/en\/wp-json\/wp\/v2\/media?parent=113736"}],"wp:term":[{"taxonomy":"epoca","embeddable":true,"href":"https:\/\/www.museoglaucolombardi.it\/en\/wp-json\/wp\/v2\/epoca?post=113736"},{"taxonomy":"materiale","embeddable":true,"href":"https:\/\/www.museoglaucolombardi.it\/en\/wp-json\/wp\/v2\/materiale?post=113736"},{"taxonomy":"tecnica","embeddable":true,"href":"https:\/\/www.museoglaucolombardi.it\/en\/wp-json\/wp\/v2\/tecnica?post=113736"},{"taxonomy":"tipo","embeddable":true,"href":"https:\/\/www.museoglaucolombardi.it\/en\/wp-json\/wp\/v2\/tipo?post=113736"}],"curies":[{"name":"wp","href":"https:\/\/api.w.org\/{rel}","templated":true}]}}

L'immagine deriva da un noto ritratto realizzato ad acquerello nel 1830 da Moritz Michael Daffinger (1790-1849), ritrattista ufficiale della corte e dell’alta aristocrazia austriaca, a cui sono ispirati anche altri oggetti presenti in Museo. Si riconoscono le onorificenze dell’Ordine di Santo Stefano e dell’Ordine Costantiniano di San Giorgio appuntate sul petto del duca di Reichstadt, titolo assegnato nel 1818 all'unico figlio di Napoleone Bonaparte e Maria Luigia d'Asburgo: il bambino, che alla nascita portava il glorioso titolo di "re di Roma", non avrebbe certo ereditato il trono del padre ormai esule e nemmeno quello della madre, divenuta da poco tempo duchessa di Parma, Piacenza e Guastalla.
Il monogramma presente sulla cornice si potrebbe sciogliere come "Franz Napoleon Kaiser" (oppure König), evocando quel titolo di Napoleone II, imperatore di Francia, di cui il giovane Napoleone Francesco Bonaparte poté in verità fregiarsi per pochi giorni, ma che non fu mai scordato dai nostalgici seguaci di Napoleone, ai quali quest'opera è indirizzata.
E' evidente la discrepanza linguistica tra la cornice, nella quale si utilizza il tedesco, e l'avorio, che riporta il titolo dell'effigiato in francese, mentre le indicazioni di nascita e morte sembrano essere proposte abbreviando i rispettivi termini latini. Non è escluso che la cornice sia stata montata in un secondo momento, come lascerebbe supporre la non perfetta corrispondenza della lastra all'interno della cornice, di cui si vede la base del pannello di chiusura.

Il busto a bassorilievo in avorio del duca di Reichstadt in uniforme, presentato di tre quarti con il volto leggermente girato a sinistra, si staglia su un fondo rettangolare piatto sul quale è inciso "Nat. /1811.//" e "Mor./1832.//"; la sottile cornice a rilievo che lo circoscrive si amplia lungo il bordo inferiore, sul quale si legge "Duc de Riechstadt.".
La lastra in avorio è inserita entro cornice rettangolare in ebano o in legno ebanizzato nero, stondata in alto e con intarsi in osso: in basso è presente un decoro a festone, sui lati due motivi fitomorfici con ovale al centro, in alto il monogramma coronato "FNK" su uno scudo posto tra due putti semidistesi che reggono tralci di frutta.
