{"id":113667,"date":"2024-07-11T10:02:53","date_gmt":"2024-07-11T08:02:53","guid":{"rendered":"https:\/\/www.museoglaucolombardi.it\/?post_type=opera&#038;p=113667"},"modified":"2026-01-20T13:15:33","modified_gmt":"2026-01-20T12:15:33","slug":"girocollo-in-french-jet-3","status":"publish","type":"opera","link":"https:\/\/www.museoglaucolombardi.it\/en\/opera\/girocollo-in-french-jet-3\/","title":{"rendered":"Girocollo a frangia in french jet"},"author":8,"featured_media":113868,"template":"","epoca":[],"materiale":[3595],"tecnica":[],"tipo":[3261],"class_list":["post-113667","opera","type-opera","status-publish","has-post-thumbnail","hentry","materiale-french-jet-passamaneria","tipo-varie"],"publishpress_future_workflow_manual_trigger":{"enabledWorkflows":[]},"bibliografia":"","denominazione":"Girocollo a frangia in french jet","nuovo_inventario":"2986","osservazioni":"Il pezzo fa parte di una corposa donazione che comprende bijoux in french jet e vetro nero, unitamente a bottoni, fibbie, spilloni, tessili e altri accessori da abbigliamento in materiali vari (invv. 2941-2993); si tratta della collezione che Luigia Giordano Sirotti (1925-1990), madre della donatrice, riun\u00ec acquistando gli oggetti presso antiquari e mercatini.\r\nAlcuni fili presentano alcune irregolarit\u00e0 (l'inserimento di perline tonde, visibili nell'estremit\u00e0 vicina al bottone di chiusura, come pure la disposizione e il numero delle sfere nei fili pi\u00f9 ricchi) che potrebbero far pensare a qualche intervento di riparazione o modifica.","serie_tiratura":"","chiavi":"","collocazione":"Deposito","descrizione":"Girocollo realizzato su una base di passamaneria nera da cui si diparte una lunga frangia composta da perline nere in french jet che nella sezione centrale si arricchisce di otto fili con sfere sfaccettate in french jet di dimensioni maggiori; la chiusura \u00e8 a bottone semisferico in french jet con sfaccettatura quadrata e anello a cordoncino.","provenienza":"Collezione Luigia Giordano Sirotti","acquisizione":"Donazione Elisabetta Sirotti Tranchina in ricordo di Luigia Giordano Sirotti (2024)","compilatore_scheda":"","filegrani":"","stato_conservazione":"Molto buono. La sferetta terminale di uno degli otto fili pi\u00f9 ricchi presenta una grossa scheggiatura, mentre le conterie inserite al posto di elementi in french jet hanno perso parte del loro colore nero.","datazione":"1890-1930","editore":"","esposizione":"Parma, Museo Glauco Lombardi, \"Di nero vestita. Moda, bijoux e accessori in\u00a0nero tra Otto e Novecento\u201d, 7 dicembre 2024-31 agosto 2025","autori":false,"dediche":"","valore":"","misure":"Lunghezza: cm 40 circa\r\nAltezza: cm 6,5 circa","peso":"","valore_assicurativo":"","vecchio_inventario":"","_links":{"self":[{"href":"https:\/\/www.museoglaucolombardi.it\/en\/wp-json\/wp\/v2\/opera\/113667","targetHints":{"allow":["GET"]}}],"collection":[{"href":"https:\/\/www.museoglaucolombardi.it\/en\/wp-json\/wp\/v2\/opera"}],"about":[{"href":"https:\/\/www.museoglaucolombardi.it\/en\/wp-json\/wp\/v2\/types\/opera"}],"author":[{"embeddable":true,"href":"https:\/\/www.museoglaucolombardi.it\/en\/wp-json\/wp\/v2\/users\/8"}],"version-history":[{"count":3,"href":"https:\/\/www.museoglaucolombardi.it\/en\/wp-json\/wp\/v2\/opera\/113667\/revisions"}],"predecessor-version":[{"id":113931,"href":"https:\/\/www.museoglaucolombardi.it\/en\/wp-json\/wp\/v2\/opera\/113667\/revisions\/113931"}],"wp:featuredmedia":[{"embeddable":true,"href":"https:\/\/www.museoglaucolombardi.it\/en\/wp-json\/wp\/v2\/media\/113868"}],"wp:attachment":[{"href":"https:\/\/www.museoglaucolombardi.it\/en\/wp-json\/wp\/v2\/media?parent=113667"}],"wp:term":[{"taxonomy":"epoca","embeddable":true,"href":"https:\/\/www.museoglaucolombardi.it\/en\/wp-json\/wp\/v2\/epoca?post=113667"},{"taxonomy":"materiale","embeddable":true,"href":"https:\/\/www.museoglaucolombardi.it\/en\/wp-json\/wp\/v2\/materiale?post=113667"},{"taxonomy":"tecnica","embeddable":true,"href":"https:\/\/www.museoglaucolombardi.it\/en\/wp-json\/wp\/v2\/tecnica?post=113667"},{"taxonomy":"tipo","embeddable":true,"href":"https:\/\/www.museoglaucolombardi.it\/en\/wp-json\/wp\/v2\/tipo?post=113667"}],"curies":[{"name":"wp","href":"https:\/\/api.w.org\/{rel}","templated":true}]}}

Il pezzo fa parte di una corposa donazione che comprende bijoux in french jet e vetro nero, unitamente a bottoni, fibbie, spilloni, tessili e altri accessori da abbigliamento in materiali vari (invv. 2941-2993); si tratta della collezione che Luigia Giordano Sirotti (1925-1990), madre della donatrice, riunì acquistando gli oggetti presso antiquari e mercatini.
Alcuni fili presentano alcune irregolarità (l'inserimento di perline tonde, visibili nell'estremità vicina al bottone di chiusura, come pure la disposizione e il numero delle sfere nei fili più ricchi) che potrebbero far pensare a qualche intervento di riparazione o modifica.

Girocollo realizzato su una base di passamaneria nera da cui si diparte una lunga frangia composta da perline nere in french jet che nella sezione centrale si arricchisce di otto fili con sfere sfaccettate in french jet di dimensioni maggiori; la chiusura è a bottone semisferico in french jet con sfaccettatura quadrata e anello a cordoncino.

Molto buono. La sferetta terminale di uno degli otto fili più ricchi presenta una grossa scheggiatura, mentre le conterie inserite al posto di elementi in french jet hanno perso parte del loro colore nero.
