{"id":113552,"date":"2024-06-28T14:38:25","date_gmt":"2024-06-28T12:38:25","guid":{"rendered":"https:\/\/www.museoglaucolombardi.it\/?post_type=opera&#038;p=113552"},"modified":"2026-01-20T13:32:54","modified_gmt":"2026-01-20T12:32:54","slug":"scollo-per-abito-femminile","status":"publish","type":"opera","link":"https:\/\/www.museoglaucolombardi.it\/en\/opera\/scollo-per-abito-femminile\/","title":{"rendered":"Scollo per abito femminile"},"author":8,"featured_media":113841,"template":"","epoca":[],"materiale":[3588],"tecnica":[],"tipo":[3261],"class_list":["post-113552","opera","type-opera","status-publish","has-post-thumbnail","hentry","materiale-french-jet-tulle-cordoncino","tipo-varie"],"publishpress_future_workflow_manual_trigger":{"enabledWorkflows":[]},"bibliografia":"","denominazione":"Scollo per abito femminile","nuovo_inventario":"2963","osservazioni":"Il pezzo fa parte di una corposa donazione che comprende bijoux in french jet e vetro nero, unitamente a bottoni, fibbie, spilloni, tessili e altri accessori da abbigliamento in materiali vari (invv. 2941-2997); si tratta della collezione che Luigia Giordano Sirotti (1925-1990), madre della donatrice, riun\u00ec acquistando gli oggetti presso antiquari e mercatini.","serie_tiratura":"","chiavi":"","collocazione":"Deposito","descrizione":"Applicazione per scollo di capo d'abbigliamento femminile, realizzato in french jet su una base di tulle meccanico nero. La fascia, da cui si dipartono quaranta fili di sfere sfaccettate progressivamente pi\u00f9 grandi e pi\u00f9 lunghi, \u00e8 rifilata da uno spesso bordo di cannette e piccole sfere sfaccettate di diversa dimensione, e presenta decorazione geometrica romboidale sulla quale si stagliano cinque grossi ovali sfaccettati.","provenienza":"Collezione Luigia Giordano Sirotti","acquisizione":"Donazione Elisabetta Sirotti Tranchina in ricordo di Luigia Giordano Sirotti (2024)","compilatore_scheda":"","filegrani":"","stato_conservazione":"","datazione":"1890-1930","editore":"","esposizione":"Parma, Museo Glauco Lombardi, \"Di nero vestita. Moda, bijoux e accessori in\u00a0nero tra Otto e Novecento\u201d, 7 dicembre 2024-31 agosto 2025","autori":false,"dediche":"","valore":"","misure":"Lunghezza: cm 56 circa\r\nAltezza massima: cm 17 circa","peso":"","valore_assicurativo":"","vecchio_inventario":"","_links":{"self":[{"href":"https:\/\/www.museoglaucolombardi.it\/en\/wp-json\/wp\/v2\/opera\/113552","targetHints":{"allow":["GET"]}}],"collection":[{"href":"https:\/\/www.museoglaucolombardi.it\/en\/wp-json\/wp\/v2\/opera"}],"about":[{"href":"https:\/\/www.museoglaucolombardi.it\/en\/wp-json\/wp\/v2\/types\/opera"}],"author":[{"embeddable":true,"href":"https:\/\/www.museoglaucolombardi.it\/en\/wp-json\/wp\/v2\/users\/8"}],"version-history":[{"count":1,"href":"https:\/\/www.museoglaucolombardi.it\/en\/wp-json\/wp\/v2\/opera\/113552\/revisions"}],"predecessor-version":[{"id":113553,"href":"https:\/\/www.museoglaucolombardi.it\/en\/wp-json\/wp\/v2\/opera\/113552\/revisions\/113553"}],"wp:featuredmedia":[{"embeddable":true,"href":"https:\/\/www.museoglaucolombardi.it\/en\/wp-json\/wp\/v2\/media\/113841"}],"wp:attachment":[{"href":"https:\/\/www.museoglaucolombardi.it\/en\/wp-json\/wp\/v2\/media?parent=113552"}],"wp:term":[{"taxonomy":"epoca","embeddable":true,"href":"https:\/\/www.museoglaucolombardi.it\/en\/wp-json\/wp\/v2\/epoca?post=113552"},{"taxonomy":"materiale","embeddable":true,"href":"https:\/\/www.museoglaucolombardi.it\/en\/wp-json\/wp\/v2\/materiale?post=113552"},{"taxonomy":"tecnica","embeddable":true,"href":"https:\/\/www.museoglaucolombardi.it\/en\/wp-json\/wp\/v2\/tecnica?post=113552"},{"taxonomy":"tipo","embeddable":true,"href":"https:\/\/www.museoglaucolombardi.it\/en\/wp-json\/wp\/v2\/tipo?post=113552"}],"curies":[{"name":"wp","href":"https:\/\/api.w.org\/{rel}","templated":true}]}}

Il pezzo fa parte di una corposa donazione che comprende bijoux in french jet e vetro nero, unitamente a bottoni, fibbie, spilloni, tessili e altri accessori da abbigliamento in materiali vari (invv. 2941-2997); si tratta della collezione che Luigia Giordano Sirotti (1925-1990), madre della donatrice, riunì acquistando gli oggetti presso antiquari e mercatini.

Applicazione per scollo di capo d'abbigliamento femminile, realizzato in french jet su una base di tulle meccanico nero. La fascia, da cui si dipartono quaranta fili di sfere sfaccettate progressivamente più grandi e più lunghi, è rifilata da uno spesso bordo di cannette e piccole sfere sfaccettate di diversa dimensione, e presenta decorazione geometrica romboidale sulla quale si stagliano cinque grossi ovali sfaccettati.
