{"id":113264,"date":"2024-02-29T13:10:06","date_gmt":"2024-02-29T12:10:06","guid":{"rendered":"https:\/\/www.museoglaucolombardi.it\/?post_type=opera&#038;p=113264"},"modified":"2024-10-05T13:23:22","modified_gmt":"2024-10-05T11:23:22","slug":"spartito-musicale-manoscritto-die-bedrohung-und-befreyung-der-kaiserlich-koniglich-haupt-und-residenzstadt-wien","status":"publish","type":"opera","link":"https:\/\/www.museoglaucolombardi.it\/en\/opera\/spartito-musicale-manoscritto-die-bedrohung-und-befreyung-der-kaiserlich-koniglich-haupt-und-residenzstadt-wien\/","title":{"rendered":"Spartito musicale manoscritto &#8220;Die Bedrohung und Befreyung der Kaiserlich K\u00f6niglich Haupt und Residenzstadt Wien&#8230;&#8221;"},"author":9,"featured_media":113269,"template":"","epoca":[],"materiale":[],"tecnica":[3225],"tipo":[],"class_list":["post-113264","opera","type-opera","status-publish","has-post-thumbnail","hentry","tecnica-inchiostro-su-carta"],"publishpress_future_workflow_manual_trigger":{"enabledWorkflows":[]},"bibliografia":"","denominazione":"Spartito musicale manoscritto \"Die Bedrohung und Befreyung der Kaiserlich K\u00f6niglich Haupt und Residenzstadt Wien...\"","nuovo_inventario":"2937","osservazioni":"Il titolo completo dell'opera \u00e8: \"Die Bedrohung u[nd] Befreyung der Kai[serlich] K\u00f6n[iglich] Haupt- und Residenzstadt Wien durch die Franz\u00f6sischen Truppen unter den Befehlen des Generals Buonaparte, und durch das merkw\u00fcrdig \u00f6sterreichische Aufgebot den 4en Arill [1]797. Ein milit\u00e6risch heroisches Musick- und Gegenst\u00fcck zur Schlacht bei W\u00fcrzburg, gesetzt furs Clavier oder Piano Forte\", Wien, Joseph Eder, [1797].\r\n\r\n[\"Minaccia e liberazione della real imperial capitale e residenza Vienna dalle truppe francesi sotto gli ordini del generale Buonaparte e della singolare rivolta austriaca del 4 aprile 1797. Musica eroica militar e pendant alla battaglia di W\u00fcrzburg, per cembalo e pianoforte.]\r\n\r\nLa musica fu composta per ricordare la chiamata alle armi fatta ai viennesi i l4 aprile 1797 di fronte alla possibile (ma mai avvenuta) invasione di Vienna da parte delle truppe francesi guidate dal generale Bonaparte, durante l'ultima fase della campgana d' Italia e prima del trattato (o preliminari) di Loeben del 17 aprile 1797.\r\n\r\nSi tratta di una musica di propaganda che celebra la compattezza del popolo viennese e del suo sovrano nell'opporsi al pericolo rappresentato dall'avvicinarsi delle truppe della Francia rivoluzionaria in guerrra contro la prima coalizione.\r\n\r\nLa partitura, tipico esempio di musica a programma, \u00e8 divisa in sezioni che descrivono i vari momenti; porta la dedica al conte Saurau, all'epoca governatore di Vienna, che era stato uno dei protagonisti del fatto.","serie_tiratura":"","chiavi":"","collocazione":"Deposito","descrizione":"cc. 9. Le prime due carte presentano un timbro circolare recante il monogramma \"GB\".\r\nIl manoscritto, redatto in lingua italiana, risulta suddiviso in sezioni, ognuna introdotta da frasi esplicative. Sul primo foglio, inserite entro una cornice a filetto nero a inchiostro, si leggono l'introduzione e la dedica: \"Le minaccie di Libert\u00e0 fatte dalle Truppe Francesi, sotto il comando del General Bonaparte, all'Imperiale, e Reale Corte dell'Austria residente in Vienna, e per la memorabile insurrezione dell'Austria li 4. Aprile 1797. Un'eroica Musica Militare, e contrapunto per la Battaglia vicino a Virzburg composta per il Cembalo, Piano-Forte, dal Sig.<span style=\"font-family: Times New Roman, serif;\"><span style=\"font-size: small;\"><sup>r <\/sup><\/span><\/span>Giovanni Wanhal dedicata per intima riconoscenza dal Negozio de' Compositori, e Commercianti di Musica di Gius.<span style=\"font-family: Times New Roman, serif;\"><span style=\"font-size: small;\"><sup>e <\/sup><\/span><\/span>Ender, e Compagni in Vienna. A. Sua Eccellenza il Sig.<span style=\"font-family: Times New Roman, serif;\"><span style=\"font-size: small;\"><sup>r <\/sup><\/span><\/span>Francesco Conte De-Suarau [sic!], di S. Maest\u00e0 R.<span style=\"font-family: Times New Roman, serif;\"><span style=\"font-size: small;\"><sup>a <\/sup><\/span><\/span>Imperiale Apostolica, attuale Consigliere di Stato, ciambellano, e Pres.<span style=\"font-family: Times New Roman, serif;\"><span style=\"font-size: small;\"><sup>e<\/sup><\/span><\/span>\u00a0della Reggenza dell'Austria inferiore\".","provenienza":"Lo spartito appartenne a Enrico Arrigoni (1873-1933), nonno dei donatori e appassionato di musica.","acquisizione":"Donazione famiglia Arrigoni (febbraio 2024)","compilatore_scheda":"","filegrani":"","stato_conservazione":"Le carte, consecutive, sono unite tra loro solo dalla terza; si presentano ingiallite e probabilmente sono state oggetto di un attacco di roditori che le hanno staccate dalla precedente legatura, come suggerisce l'identico andamento irregolare sul lato sinistro; i bordi e la pagina di fondo si mostrano particolarmente scuriti.","datazione":"","editore":"","esposizione":"","autori":[{"nato":"Nechanice 1739","morto":"Vienna 1813","opere":false,"ID":113265,"post_title":"Jan K\u0159titel Va\u0148hal\/Johann Baptist Vanhal","post_content":"","post_excerpt":"","post_author":"8","post_date":"2024-02-28 10:00:16","post_date_gmt":"2024-02-28 09:00:16","post_status":"publish","comment_status":"closed","ping_status":"closed","post_password":"","post_name":"jan-krtitel-vanhal-johann-baptist-vanhal","to_ping":"","pinged":"","post_modified":"2024-02-28 10:00:16","post_modified_gmt":"2024-02-28 09:00:16","post_content_filtered":"","post_parent":0,"guid":"https:\/\/www.museoglaucolombardi.it\/?post_type=autore&#038;p=113265","menu_order":0,"post_type":"autore","post_mime_type":"","comment_count":"0","comments":false,"id":113265}],"dediche":"","valore":"","misure":"cm 29,5x22","peso":"","valore_assicurativo":"","vecchio_inventario":"","_links":{"self":[{"href":"https:\/\/www.museoglaucolombardi.it\/en\/wp-json\/wp\/v2\/opera\/113264","targetHints":{"allow":["GET"]}}],"collection":[{"href":"https:\/\/www.museoglaucolombardi.it\/en\/wp-json\/wp\/v2\/opera"}],"about":[{"href":"https:\/\/www.museoglaucolombardi.it\/en\/wp-json\/wp\/v2\/types\/opera"}],"author":[{"embeddable":true,"href":"https:\/\/www.museoglaucolombardi.it\/en\/wp-json\/wp\/v2\/users\/9"}],"version-history":[{"count":1,"href":"https:\/\/www.museoglaucolombardi.it\/en\/wp-json\/wp\/v2\/opera\/113264\/revisions"}],"predecessor-version":[{"id":113268,"href":"https:\/\/www.museoglaucolombardi.it\/en\/wp-json\/wp\/v2\/opera\/113264\/revisions\/113268"}],"wp:featuredmedia":[{"embeddable":true,"href":"https:\/\/www.museoglaucolombardi.it\/en\/wp-json\/wp\/v2\/media\/113269"}],"wp:attachment":[{"href":"https:\/\/www.museoglaucolombardi.it\/en\/wp-json\/wp\/v2\/media?parent=113264"}],"wp:term":[{"taxonomy":"epoca","embeddable":true,"href":"https:\/\/www.museoglaucolombardi.it\/en\/wp-json\/wp\/v2\/epoca?post=113264"},{"taxonomy":"materiale","embeddable":true,"href":"https:\/\/www.museoglaucolombardi.it\/en\/wp-json\/wp\/v2\/materiale?post=113264"},{"taxonomy":"tecnica","embeddable":true,"href":"https:\/\/www.museoglaucolombardi.it\/en\/wp-json\/wp\/v2\/tecnica?post=113264"},{"taxonomy":"tipo","embeddable":true,"href":"https:\/\/www.museoglaucolombardi.it\/en\/wp-json\/wp\/v2\/tipo?post=113264"}],"curies":[{"name":"wp","href":"https:\/\/api.w.org\/{rel}","templated":true}]}}

Spartito musicale manoscritto &#8220;Die Bedrohung und Befreyung der Kaiserlich Königlich Haupt und Residenzstadt Wien&#8230;&#8221;

Spartito musicale manoscritto "Die Bedrohung und Befreyung der Kaiserlich Königlich Haupt und Residenzstadt Wien..."

Il titolo completo dell'opera è: "Die Bedrohung u[nd] Befreyung der Kai[serlich] Kön[iglich] Haupt- und Residenzstadt Wien durch die Französischen Truppen unter den Befehlen des Generals Buonaparte, und durch das merkwürdig österreichische Aufgebot den 4en Arill [1]797. Ein militærisch heroisches Musick- und Gegenstück zur Schlacht bei Würzburg, gesetzt furs Clavier oder Piano Forte", Wien, Joseph Eder, [1797].

["Minaccia e liberazione della real imperial capitale e residenza Vienna dalle truppe francesi sotto gli ordini del generale Buonaparte e della singolare rivolta austriaca del 4 aprile 1797. Musica eroica militar e pendant alla battaglia di Würzburg, per cembalo e pianoforte.]

La musica fu composta per ricordare la chiamata alle armi fatta ai viennesi i l4 aprile 1797 di fronte alla possibile (ma mai avvenuta) invasione di Vienna da parte delle truppe francesi guidate dal generale Bonaparte, durante l'ultima fase della campgana d' Italia e prima del trattato (o preliminari) di Loeben del 17 aprile 1797.

Si tratta di una musica di propaganda che celebra la compattezza del popolo viennese e del suo sovrano nell'opporsi al pericolo rappresentato dall'avvicinarsi delle truppe della Francia rivoluzionaria in guerrra contro la prima coalizione.

La partitura, tipico esempio di musica a programma, è divisa in sezioni che descrivono i vari momenti; porta la dedica al conte Saurau, all'epoca governatore di Vienna, che era stato uno dei protagonisti del fatto.

cc. 9. Le prime due carte presentano un timbro circolare recante il monogramma "GB".
Il manoscritto, redatto in lingua italiana, risulta suddiviso in sezioni, ognuna introdotta da frasi esplicative. Sul primo foglio, inserite entro una cornice a filetto nero a inchiostro, si leggono l'introduzione e la dedica: "Le minaccie di Libertà fatte dalle Truppe Francesi, sotto il comando del General Bonaparte, all'Imperiale, e Reale Corte dell'Austria residente in Vienna, e per la memorabile insurrezione dell'Austria li 4. Aprile 1797. Un'eroica Musica Militare, e contrapunto per la Battaglia vicino a Virzburg composta per il Cembalo, Piano-Forte, dal Sig.<span style="font-family: Times New Roman, serif;"><span style="font-size: small;"><sup>r </sup></span></span>Giovanni Wanhal dedicata per intima riconoscenza dal Negozio de' Compositori, e Commercianti di Musica di Gius.<span style="font-family: Times New Roman, serif;"><span style="font-size: small;"><sup>e </sup></span></span>Ender, e Compagni in Vienna. A. Sua Eccellenza il Sig.<span style="font-family: Times New Roman, serif;"><span style="font-size: small;"><sup>r </sup></span></span>Francesco Conte De-Suarau [sic!], di S. Maestà R.<span style="font-family: Times New Roman, serif;"><span style="font-size: small;"><sup>a </sup></span></span>Imperiale Apostolica, attuale Consigliere di Stato, ciambellano, e Pres.<span style="font-family: Times New Roman, serif;"><span style="font-size: small;"><sup>e</sup></span></span> della Reggenza dell'Austria inferiore".

Jan Křtitel Vaňhal/Johann Baptist Vanhal
